000
CXUS54 KBRO 010900
CF6MFE
PRELIMINARY LOCAL CLIMATOLOGICAL DATA (WS FORM: F-6)
STATION: MCALLEN
MONTH: FEBRUARY
YEAR: 2024
LATITUDE: 26 10 N
LONGITUDE: 98 14 W
TEMPERATURE IN F: :PCPN: SNOW: WIND :SUNSHINE: SKY :PK WND
================================================================================
1 2 3 4 5 6A 6B 7 8 9 10 11 12 13 14 15 16 17 18
12Z AVG MX 2MIN
DY MAX MIN AVG DEP HDD CDD WTR SNW DPTH SPD SPD DIR MIN PSBL S-S WX SPD DR
================================================================================
1 82 60 71 6 0 6 T 0.0 0 12.0 22 130 M M 3 30 130
2 85 62 74 9 0 9 0.01 0.0 0 15.2 30 140 M M 5 38 180
3 82 58 70 5 0 5 0.01 0.0 0 9.5 22 350 M M 4 138 30 30
4 84 50 67 2 0 2 0.00 0.0 0 10.1 28 310 M M 0 40 300
5 76 52 64 -1 1 0 0.00 0.0 0 11.8 24 350 M M 0 37 340
6 76 47 62 -4 3 0 0.00 0.0 0 4.3 18 110 M M 0 8 22 110
7 81 49 65 -1 0 0 0.00 0.0 0 16.7 33 140 M M 0 18 44 130
8 84 60 72 6 0 7 0.00 0.0 0 7.2 21 150 M M 1 28 150
9 86 65 76 10 0 11 0.00 0.0 0 10.7 22 150 M M 8 1 32 160
10 79 70 75 9 0 10 0.00 0.0 0 11.9 23 160 M M 5 34 150
11 85 65 75 9 0 10 0.00 0.0 0 10.3 18 350 M M 2 18 31 10
12 72 51 62 -5 3 0 0.00 0.0 0 11.8 26 330 M M 1 41 340
13 76 51 64 -3 1 0 0.00 0.0 0 9.0 20 100 M M 1 27 110
14 75 60 68 1 0 3 0.00 0.0 0 9.6 16 140 M M 7 23 100
15 78 65 72 5 0 7 1.37 0.0 0 4.9 17 130 M M 9 1 20 120
16 68 64 66 -1 0 1 1.06 0.0 0 4.4 9 40 M M 10 1 15 50
17 65 43 54 -14 11 0 0.18 0.0 0 12.4 28 360 M M 8 1 37 10
18 60 41 51 -17 14 0 0.00 0.0 0 8.1 16 360 M M 0 20 320
19 70 42 56 -12 9 0 0.00 0.0 0 7.8 20 160 M M 1 28 140
20 82 50 66 -2 0 1 0.00 0.0 0 9.2 20 130 M M 2 12 25 150
21 82 62 72 4 0 7 0.00 0.0 0 17.0 31 130 M M 4 1 39 130
22 89 66 78 9 0 13 0.00 0.0 0 9.2 24 160 M M 2 1 35 150
23 84 61 73 4 0 8 0.00 0.0 0 6.9 17 30 M M 1 1 26 50
24 82 53 68 -1 0 3 0.00 0.0 0 8.3 21 120 M M 1 32 130
25 88 60 74 5 0 9 0.00 0.0 0 11.7 22 130 M M 0 27 180
26 89 66 78 9 0 13 0.00 0.0 0 15.3 24 140 M M 1 18 33 140
27 94 70 82 12 0 17 0.00 0.0 0 15.5 23 150 M M 4 18 33 150
28 85 64 75 5 0 10 T 0.0 0 12.3 24 20 M M 5 1 36 40
29 64 54 59 -11 6 0 0.00 0.0 0 11.3 17 350 M M 10 25 350
================================================================================
SM 2303 1661 48 152 2.63 0.0 304.4 M 95
================================================================================
AV 79.4 57.3 10.5 FASTST M M 3 MAX(MPH)
MISC ----> 33 140 44 130
================================================================================
NOTES:
# LAST OF SEVERAL OCCURRENCES
COLUMN 17 PEAK WIND IN M.P.H.
PRELIMINARY LOCAL CLIMATOLOGICAL DATA (WS FORM: F-6) , PAGE 2
STATION: MCALLEN
MONTH: FEBRUARY
YEAR: 2024
LATITUDE: 26 10 N
LONGITUDE: 98 14 W
[TEMPERATURE DATA] [PRECIPITATION DATA] SYMBOLS USED IN COLUMN 16
AVERAGE MONTHLY: 68.3 TOTAL FOR MONTH: 2.63 1 = FOG OR MIST
DPTR FM NORMAL: 1.1 DPTR FM NORMAL: 1.91 2 = FOG REDUCING VISIBILITY
HIGHEST: 94 ON 27 GRTST 24HR 2.43 ON 15-16 TO 1/4 MILE OR LESS
LOWEST: 41 ON 18 3 = THUNDER
SNOW, ICE PELLETS, HAIL 4 = ICE PELLETS
TOTAL MONTH: 0.0 INCH 5 = HAIL
GRTST 24HR 0.0 6 = FREEZING RAIN OR DRIZZLE
GRTST DEPTH: 0 7 = DUSTSTORM OR SANDSTORM:
VSBY 1/2 MILE OR LESS
8 = SMOKE OR HAZE
[NO. OF DAYS WITH] [WEATHER - DAYS WITH] 9 = BLOWING SNOW
X = TORNADO
MAX 32 OR BELOW: 0 0.01 INCH OR MORE: 5
MAX 90 OR ABOVE: 1 0.10 INCH OR MORE: 3
MIN 32 OR BELOW: 0 0.50 INCH OR MORE: 2
MIN 0 OR BELOW: 0 1.00 INCH OR MORE: 2
[HDD (BASE 65) ]
TOTAL THIS MO. 48 CLEAR (SCALE 0-3) 17
DPTR FM NORMAL -31 PTCLDY (SCALE 4-7) 9
TOTAL FM JUL 1 383 CLOUDY (SCALE 8-10) 3
DPTR FM NORMAL -41
[CDD (BASE 65) ]
TOTAL THIS MO. 152
DPTR FM NORMAL 13 [PRESSURE DATA]
TOTAL FM JAN 1 196 HIGHEST SLP 30.38 ON 18
DPTR FM NORMAL -24 LOWEST SLP 29.56 ON 3
[REMARKS]
#FINAL-02-24#