000
CXUS53 KGRB 120024
CF6MFI
PRELIMINARY LOCAL CLIMATOLOGICAL DATA (WS FORM: F-6)
STATION: MARSHFIELD WI
MONTH: APRIL
YEAR: 2023
LATITUDE: 44 37 N
LONGITUDE: 90 11 W
TEMPERATURE IN F: :PCPN: SNOW: WIND :SUNSHINE: SKY :PK WND
================================================================================
1 2 3 4 5 6A 6B 7 8 9 10 11 12 13 14 15 16 17 18
12Z AVG MX 2MIN
DY MAX MIN AVG DEP HDD CDD WTR SNW DPTH SPD SPD DIR MIN PSBL S-S WX SPD DR
================================================================================
1 37 24 31 -7 34 0 0.18 2.8 3 11.2 23 350 M M 4 1 37 50
2 51 23 37 -1 28 0 0.00 0.0 2 11.6 25 170 M M 3 32 170
3 53 32 43 5 22 0 0.00 0.0 T 7.6 16 280 M M 1 24 280
4 39 30 35 -4 30 0 0.30 0.0 0 18.4 32 110 M M 8 13 43 100
5 42 27 35 -4 30 0 T 0.0 0 17.1 29 260 M M 10 12 48 250
6 41 24 33 -7 32 0 0.00 0.0 0 15.7 28 260 M M 2 41 260
7 47 22 35 -5 30 0 0.00 0.0 0 9.0 16 110 M M 5 24 80
8 58 33 46 6 19 0 0.00 0.0 0 10.3 16 110 M M 6 21 80
9 69 31 50 9 15 0 0.00 0.0 0 10.5 24 220 M M 0 36 210
10 73 47 60 19 5 0 T 0.0 0 9.4 18 230 M M 1 26 220
11 77 48 63 21 2 0 0.00 0.0 0 10.0 18 250 M M 0 24 250
12 86 53 70 28 0 5 0.00 0.0 0 14.6 25 240 M M 0 8 36 250
13 83 55 69 26 0 4 0.00 0.0 0 11.4 22 230 M M 0 32 210
14 81 47 64 21 1 0 0.00 0.0 0 9.0 24 180 M M 0 32 180
15 80 46 63 20 2 0 0.13 0.0 0 9.9 24 240 M M 3 13 34 230
16 46 27 37 -7 28 0 0.89 5.0 5 15.8 26 320 M M 10 13 37 320
17 33 26 30 -14 35 0 0.14 2.0 6 19.4 30 330 M M 10 12 44 330
18 45 25 35 -10 30 0 0.00 0.0 T 8.1 18 340 M M 1 27 340
19 37 32 35 -10 30 0 0.62 0.0 0 17.1 31 90 M M 7 16 46 110
20 53 37 45 -1 20 0 0.35 0.0 0 14.1 25 260 M M 10 13 37 260
21 45 32 39 -7 26 0 0.04 0.3 0 11.8 23 220 M M 7 1 35 260
22 42 30 36 -10 29 0 0.03 T 0 10.0 24 340 M M 10 1 29 340
23 43 31 37 -10 28 0 T T 0 9.2 20 330 M M 8 25 320
24 45 26 36 -11 29 0 0.02 T 0 4.2 17 10 M M 5 18 22 10
25 48 28 38 -10 27 0 0.00 0.0 0 6.9 14 70 M M 4 18 60
26 54 28 41 -7 24 0 0.00 0.0 0 5.8 13 190 M M 1 19 180
27 65 40 53 5 12 0 T 0.0 0 9.8 18 180 M M 7 26 210
28 69 45 57 8 8 0 T 0.0 0 7.9 18 330 M M 5 1 24 310
29 47 35 41 -8 24 0 0.28 0.0 0 15.2 25 340 M M 10 1 35 330
30 40 33 37 -13 28 0 0.04 T 0 18.6 29 350 M M 10 1 43 350
================================================================================
SM 1629 1017 628 9 3.02 10.1 349.6 M 148
================================================================================
AV 54.3 33.9 11.7 FASTST M M 5 MAX(MPH)
MISC ----> 32 110 48 250
================================================================================
NOTES:
# LAST OF SEVERAL OCCURRENCES
COLUMN 17 PEAK WIND IN M.P.H.
PRELIMINARY LOCAL CLIMATOLOGICAL DATA (WS FORM: F-6) , PAGE 2
STATION: MARSHFIELD WI
MONTH: APRIL
YEAR: 2023
LATITUDE: 44 37 N
LONGITUDE: 90 11 W
[TEMPERATURE DATA] [PRECIPITATION DATA] SYMBOLS USED IN COLUMN 16
AVERAGE MONTHLY: 44.1 TOTAL FOR MONTH: 3.02 1 = FOG OR MIST
DPTR FM NORMAL: 0.5 DPTR FM NORMAL: 0.78 2 = FOG REDUCING VISIBILITY
HIGHEST: 86 ON 12 GRTST 24HR 1.29 ON 31- 1 TO 1/4 MILE OR LESS
LOWEST: 22 ON 7 3 = THUNDER
SNOW, ICE PELLETS, HAIL 4 = ICE PELLETS
TOTAL MONTH: 10.1 INCHES 5 = HAIL
GRTST 24HR 5.0 ON 16-16 6 = FREEZING RAIN OR DRIZZLE
GRTST DEPTH: 6 ON 17 7 = DUSTSTORM OR SANDSTORM:
VSBY 1/2 MILE OR LESS
8 = SMOKE OR HAZE
[NO. OF DAYS WITH] [WEATHER - DAYS WITH] 9 = BLOWING SNOW
X = TORNADO
MAX 32 OR BELOW: 0 0.01 INCH OR MORE: 12
MAX 90 OR ABOVE: 0 0.10 INCH OR MORE: 8
MIN 32 OR BELOW: 18 0.50 INCH OR MORE: 2
MIN 0 OR BELOW: 0 1.00 INCH OR MORE: 0
[HDD (BASE 65) ]
TOTAL THIS MO. 628 CLEAR (SCALE 0-3) 10
DPTR FM NORMAL -13 PTCLDY (SCALE 4-7) 12
TOTAL FM JUL 1 7331 CLOUDY (SCALE 8-10) 8
DPTR FM NORMAL -417
[CDD (BASE 65) ]
TOTAL THIS MO. 9
DPTR FM NORMAL 9 [PRESSURE DATA]
TOTAL FM JAN 1 9 HIGHEST SLP 30.59 ON 7
DPTR FM NORMAL 9 LOWEST SLP 29.31 ON 1
[REMARKS]
#FINAL-04-23#