000
CXUS53 KGRB 021004
CF6MFI
PRELIMINARY LOCAL CLIMATOLOGICAL DATA (WS FORM: F-6)
STATION: MARSHFIELD WI
MONTH: SEPTEMBER
YEAR: 2023
LATITUDE: 44 37 N
LONGITUDE: 90 11 W
TEMPERATURE IN F: :PCPN: SNOW: WIND :SUNSHINE: SKY :PK WND
================================================================================
1 2 3 4 5 6A 6B 7 8 9 10 11 12 13 14 15 16 17 18
12Z AVG MX 2MIN
DY MAX MIN AVG DEP HDD CDD WTR SNW DPTH SPD SPD DIR MIN PSBL S-S WX SPD DR
================================================================================
1 83 50 67 3 0 2 0.00 0.0 0 9.6 20 200 M M 0 28 200
2 92 62 77 13 0 12 T 0.0 0 7.3 21 210 M M 1 3 30 200
3 98 68 83 19 0 18 0.00 0.0 0 9.4 21 230 M M 0 27 230
4 94 62 78 14 0 13 0.00 0.0 0 8.5 21 190 M M 0 27 210
5 90 69 80 17 0 15 0.00 0.0 0 11.4 22 190 M M 1 1 31 180
6 74 59 67 4 0 2 T 0.0 0 8.9 20 330 M M 9 1 29 330
7 63 53 58 -5 7 0 0.00 0.0 0 7.5 15 360 M M 10 24 40
8 72 51 62 0 3 0 0.00 0.0 0 2.4 9 50 M M 7 1 13 330
9 77 46 62 0 3 0 0.00 0.0 0 2.3 10 240 M M 2 12 15 250
10 71 57 64 2 1 0 0.06 0.0 0 7.1 13 60 M M 9 1 17 60
11 67 47 57 -4 8 0 T 0.0 0 6.2 16 60 M M 8 1 23 60
12 66 44 55 -6 10 0 0.17 0.0 0 5.9 25 330 M M 7 13 31 330
13 58 42 50 -10 15 0 0.00 0.0 0 3.6 12 50 M M 7 16 40
14 74 38 56 -4 9 0 0.00 0.0 0 5.5 14 230 M M 0 1 20 190
15 70 48 59 -1 6 0 T 0.0 0 5.8 17 240 M M 3 12 24 190
16 75 49 62 3 3 0 0.00 0.0 0 5.3 12 30 M M 5 12 17 30
17 71 44 58 -1 7 0 0.00 0.0 0 6.9 14 360 M M 2 1 20 350
18 72 45 59 0 6 0 T 0.0 0 4.8 10 130 M M 5 1 16 120
19 72 51 62 4 3 0 T 0.0 0 8.4 17 130 M M 5 8 23 150
20 82 50 66 8 0 1 0.00 0.0 0 5.9 16 180 M M 2 128 23 170
21 83 54 69 12 0 4 T 0.0 0 3.7 15 170 M M 2 13 21 150
22 74 56 65 8 0 0 0.08 0.0 0 8.1 16 120 M M 8 1 22 120
23 65 59 62 6 3 0 2.30 0.0 0 12.3 20 90 M M 9 13 29 130
24 65 58 62 6 3 0 0.13 0.0 0 11.8 20 120 M M 9 13 28 120
25 67 57 62 6 3 0 0.49 0.0 0 9.9 20 120 M M 10 1 26 130
26 66 59 63 8 2 0 0.07 0.0 0 10.4 17 90 M M 10 1 24 60
27 63 57 60 5 5 0 0.01 0.0 0 9.0 15 90 M M 10 1 20 90
28 65 55 60 6 5 0 0.00 0.0 0 5.8 12 100 M M 9 1 15 110
29 72 53 63 9 2 0 0.00 0.0 0 8.6 18 150 M M 4 12 24 150
30 75 59 67 13 0 2 1.20 0.0 0 8.1 20 130 M M 2 13 28 40
================================================================================
SM 2216 1602 104 69 4.51 0.0 220.4 M 156
================================================================================
AV 73.9 53.4 7.3 FASTST M M 5 MAX(MPH)
MISC ----> 25 330 # 31 180
================================================================================
NOTES:
# LAST OF SEVERAL OCCURRENCES
COLUMN 17 PEAK WIND IN M.P.H.
PRELIMINARY LOCAL CLIMATOLOGICAL DATA (WS FORM: F-6) , PAGE 2
STATION: MARSHFIELD WI
MONTH: SEPTEMBER
YEAR: 2023
LATITUDE: 44 37 N
LONGITUDE: 90 11 W
[TEMPERATURE DATA] [PRECIPITATION DATA] SYMBOLS USED IN COLUMN 16
AVERAGE MONTHLY: 63.6 TOTAL FOR MONTH: 4.51 1 = FOG OR MIST
DPTR FM NORMAL: 4.3 DPTR FM NORMAL: 1.48 2 = FOG REDUCING VISIBILITY
HIGHEST: 98 ON 3 GRTST 24HR 2.38 ON 22-23 TO 1/4 MILE OR LESS
LOWEST: 38 ON 14 3 = THUNDER
SNOW, ICE PELLETS, HAIL 4 = ICE PELLETS
TOTAL MONTH: 0.0 INCH 5 = HAIL
GRTST 24HR 0.0 6 = FREEZING RAIN OR DRIZZLE
GRTST DEPTH: 0 7 = DUSTSTORM OR SANDSTORM:
VSBY 1/2 MILE OR LESS
8 = SMOKE OR HAZE
[NO. OF DAYS WITH] [WEATHER - DAYS WITH] 9 = BLOWING SNOW
X = TORNADO
MAX 32 OR BELOW: 0 0.01 INCH OR MORE: 9
MAX 90 OR ABOVE: 4 0.10 INCH OR MORE: 5
MIN 32 OR BELOW: 0 0.50 INCH OR MORE: 2
MIN 0 OR BELOW: 0 1.00 INCH OR MORE: 2
[HDD (BASE 65) ]
TOTAL THIS MO. 104 CLEAR (SCALE 0-3) 11
DPTR FM NORMAL -101 PTCLDY (SCALE 4-7) 9
TOTAL FM JUL 1 152 CLOUDY (SCALE 8-10) 10
DPTR FM NORMAL -114
[CDD (BASE 65) ]
TOTAL THIS MO. 69
DPTR FM NORMAL 34 [PRESSURE DATA]
TOTAL FM JAN 1 503 HIGHEST SLP 30.24 ON 9
DPTR FM NORMAL 115 LOWEST SLP 29.65 ON 6
[REMARKS]
#FINAL-09-23#