000
CXUS56 KMFR 011000
CF6MFR
PRELIMINARY LOCAL CLIMATOLOGICAL DATA (WS FORM: F-6)
STATION: MEDFORD OR
MONTH: JUNE
YEAR: 2020
LATITUDE: 42 22 N
LONGITUDE: 122 52 W
TEMPERATURE IN F: :PCPN: SNOW: WIND :SUNSHINE: SKY :PK WND
================================================================================
1 2 3 4 5 6A 6B 7 8 9 10 11 12 13 14 15 16 17 18
12Z AVG MX 2MIN
DY MAX MIN AVG DEP HDD CDD WTR SNW DPTH SPD SPD DIR MIN PSBL S-S WX SPD DR
================================================================================
1 81 56 69 6 0 4 0.00 0.0 0 4.6 14 350 M M 4 18 360
2 89 50 70 6 0 5 0.00 0.0 0 4.6 17 360 M M 0 20 360
3 87 53 70 6 0 5 0.00 0.0 0 5.6 17 360 M M 0 20 360
4 85 55 70 6 0 5 0.00 0.0 0 5.7 15 10 M M 0 20 360
5 76 50 63 -1 2 0 0.00 0.0 0 6.6 17 300 M M 4 25 290
6 64 46 55 -9 10 0 0.08 0.0 0 8.6 29 280 M M 8 36 270
7 58 45 52 -13 13 0 0.18 0.0 0 5.7 18 340 M M 9 8 26 330
8 69 43 56 -9 9 0 0.00 0.0 0 4.1 10 350 M M 5 14 350
9 80 54 67 2 0 2 0.00 0.0 0 3.9 15 330 M M 3 20 330
10 84 53 69 4 0 4 0.00 0.0 0 5.3 16 300 M M 1 21 310
11 82 61 72 6 0 7 0.50 0.0 0 4.8 31 180 M M 4 3 46 200
12 64 53 59 -7 6 0 0.25 0.0 0 6.5 14 270 M M 10 18 17 280
13 63 50 57 -9 8 0 0.02 0.0 0 4.6 12 310 M M 10 1 14 310
14 76 53 65 -1 0 0 T 0.0 0 4.6 16 300 M M 6 8 21 290
15 65 50 58 -9 7 0 0.04 0.0 0 5.0 16 290 M M 9 1 21 280
16 66 49 58 -9 7 0 0.13 0.0 0 4.6 23 20 M M 8 8 28 10
17 78 48 63 -4 2 0 0.00 0.0 0 3.9 15 360 M M 3 18 360
18 89 51 70 3 0 5 0.00 0.0 0 3.9 15 350 M M 0 19 360
19 94 56 75 7 0 10 0.00 0.0 0 4.2 15 300 M M 0 19 310
20 87 61 74 6 0 9 0.00 0.0 0 6.7 16 310 M M 3 21 320
21 87 65 76 8 0 11 0.00 0.0 0 6.5 18 360 M M 3 23 360
22 97 56 77 9 0 12 0.00 0.0 0 3.5 13 330 M M 0 15 300
23 101 62 82 13 0 17 0.00 0.0 0 3.7 18 270 M M 0 22 350
24 88 64 76 7 0 11 0.00 0.0 0 4.9 17 350 M M 0 21 350
25 94 58 76 7 0 11 0.00 0.0 0 4.4 14 330 M M 0 18 300
26 98 60 79 9 0 14 0.00 0.0 0 4.1 15 320 M M 0 20 300
27 87 61 74 4 0 9 0.00 0.0 0 7.0 20 360 M M 0 25 350
28 68 56 62 -8 3 0 0.00 0.0 0 8.8 21 310 M M 8 27 320
29 80 54 67 -3 0 2 0.00 0.0 0 6.4 18 330 M M 4 29 360
30 80 51 66 -5 0 1 0.00 0.0 0 5.9 20 360 M M 1 26 20
================================================================================
SM 2417 1624 67 144 1.20 0.0 158.7 M 103
================================================================================
AV 80.6 54.1 5.3 FASTST M M 3 MAX(MPH)
MISC ----> # 31 180 # 46 200
================================================================================
NOTES:
# LAST OF SEVERAL OCCURRENCES
COLUMN 17 PEAK WIND IN M.P.H.
PRELIMINARY LOCAL CLIMATOLOGICAL DATA (WS FORM: F-6) , PAGE 2
STATION: MEDFORD OR
MONTH: JUNE
YEAR: 2020
LATITUDE: 42 22 N
LONGITUDE: 122 52 W
[TEMPERATURE DATA] [PRECIPITATION DATA] SYMBOLS USED IN COLUMN 16
AVERAGE MONTHLY: 67.4 TOTAL FOR MONTH: 1.20 1 = FOG OR MIST
DPTR FM NORMAL: 0.5 DPTR FM NORMAL: 0.58 2 = FOG REDUCING VISIBILITY
HIGHEST: 101 ON 23 GRTST 24HR 0.50 ON 11-11 TO 1/4 MILE OR LESS
LOWEST: 43 ON 8 3 = THUNDER
SNOW, ICE PELLETS, HAIL 4 = ICE PELLETS
TOTAL MONTH: 0.0 INCH 5 = HAIL
GRTST 24HR 0.0 6 = FREEZING RAIN OR DRIZZLE
GRTST DEPTH: 0 7 = DUSTSTORM OR SANDSTORM:
VSBY 1/2 MILE OR LESS
8 = SMOKE OR HAZE
[NO. OF DAYS WITH] [WEATHER - DAYS WITH] 9 = BLOWING SNOW
X = TORNADO
MAX 32 OR BELOW: 0 0.01 INCH OR MORE: 7
MAX 90 OR ABOVE: 5 0.10 INCH OR MORE: 4
MIN 32 OR BELOW: 0 0.50 INCH OR MORE: 1
MIN 0 OR BELOW: 0 1.00 INCH OR MORE: 0
[HDD (BASE 65) ]
TOTAL THIS MO. 67 CLEAR (SCALE 0-3) 15
DPTR FM NORMAL 13 PTCLDY (SCALE 4-7) 10
TOTAL FM JUL 1 4155 CLOUDY (SCALE 8-10) 5
DPTR FM NORMAL -96
[CDD (BASE 65) ]
TOTAL THIS MO. 144
DPTR FM NORMAL 36 [PRESSURE DATA]
TOTAL FM JAN 1 217 HIGHEST SLP M ON M
DPTR FM NORMAL 71 LOWEST SLP 29.60 ON 5
[REMARKS]
#FINAL-06-20#