000
CXUS54 KBMX 011110
CF6MGM
PRELIMINARY LOCAL CLIMATOLOGICAL DATA (WS FORM: F-6)
STATION: MONTGOMERY
MONTH: FEBRUARY
YEAR: 2024
LATITUDE: 32 17 N
LONGITUDE: 86 24 W
TEMPERATURE IN F: :PCPN: SNOW: WIND :SUNSHINE: SKY :PK WND
================================================================================
1 2 3 4 5 6A 6B 7 8 9 10 11 12 13 14 15 16 17 18
12Z AVG MX 2MIN
DY MAX MIN AVG DEP HDD CDD WTR SNW DPTH SPD SPD DIR MIN PSBL S-S WX SPD DR
================================================================================
1 61 30 46 -4 19 0 0.00 0.0 0 2.0 7 220 M M 0 1 9 200
2 71 35 53 3 12 0 0.00 0.0 0 2.1 10 310 M M 0 1 15 290
3 69 37 53 3 12 0 0.00 0.0 0 9.5 21 90 M M 0 28 70
4 58 45 52 2 13 0 2.07 0.0 0 12.7 24 80 M M 9 1 35 80
5 57 45 51 1 14 0 0.07 0.0 0 9.9 18 60 M M 9 1 24 60
6 68 36 52 1 13 0 0.00 0.0 0 3.8 13 320 M M 0 17 350
7 65 34 50 -1 15 0 0.00 0.0 0 6.1 16 110 M M 0 21 110
8 63 35 49 -2 16 0 0.00 0.0 0 4.6 12 100 M M 0 15 140
9 75 46 61 10 4 0 T 0.0 0 6.6 22 190 M M 4 29 180
10 69 57 63 12 2 0 0.01 0.0 0 8.1 18 160 M M 9 1 24 180
11 71 62 67 15 0 2 2.94 0.0 0 5.2 23 120 M M 9 13 37 110
12 67 49 58 6 7 0 1.32 0.0 0 13.7 31 280 M M 8 13 40 290
13 59 37 48 -4 17 0 0.00 0.0 0 9.1 25 290 M M 4 36 280
14 67 32 50 -2 15 0 0.00 0.0 M 1.5 10 150 M M 0 1 13 140
15 70 37 54 1 11 0 0.00 0.0 M 1.1 10 260 M M 0 16 250
16 68 43 56 3 9 0 0.00 0.0 0 4.8 15 200 M M 0 20 200
17 58 39 49 -4 16 0 0.00 0.0 0 11.9 21 360 M M 5 29 360
18 55 34 45 -8 20 0 0.00 0.0 0 5.8 13 320 M M 1 20 340
19 63 26 45 -9 20 0 0.00 0.0 0 3.0 9 290 M M 0 14 30
20 66 28 47 -7 18 0 0.00 0.0 0 1.8 13 310 M M 0 17 300
21 72 35 54 0 11 0 0.00 0.0 0 3.5 12 200 M M 0 17 180
22 76 40 58 4 7 0 0.00 0.0 0 9.5 22 220 M M 3 33 220
23 71 54 63 9 2 0 0.10 0.0 M 10.4 22 320 M M 4 1 31 310
24 71 41 56 1 9 0 0.00 0.0 M 10.6 26 310 M M 0 39 280
25 72 33 53 -2 12 0 0.00 0.0 0 4.8 10 150 M M 0 16 110
26 78 40 59 4 6 0 0.00 0.0 0 6.9 16 180 M M 0 26 180
27 78 62 70 14 0 5 0.00 0.0 0 12.7 24 200 M M 6 35 200
28 79 49 64 8 1 0 0.02 0.0 0 13.2 30 310 M M 8 1 39 230
29 57 44 51 -5 14 0 T 0.0 0 9.7 17 80 M M 2 22 80
================================================================================
SM 1954 1185 315 7 6.53 0.0 204.6 M 81
================================================================================
AV 67.4 40.9 7.1 FASTST M M 3 MAX(MPH)
MISC ----> 31 280 40 290
================================================================================
NOTES:
# LAST OF SEVERAL OCCURRENCES
COLUMN 17 PEAK WIND IN M.P.H.
PRELIMINARY LOCAL CLIMATOLOGICAL DATA (WS FORM: F-6) , PAGE 2
STATION: MONTGOMERY
MONTH: FEBRUARY
YEAR: 2024
LATITUDE: 32 17 N
LONGITUDE: 86 24 W
[TEMPERATURE DATA] [PRECIPITATION DATA] SYMBOLS USED IN COLUMN 16
AVERAGE MONTHLY: 54.1 TOTAL FOR MONTH: 6.53 1 = FOG OR MIST
DPTR FM NORMAL: 1.5 DPTR FM NORMAL: 1.65 2 = FOG REDUCING VISIBILITY
HIGHEST: 79 ON 28 GRTST 24HR 4.24 ON 11-12 TO 1/4 MILE OR LESS
LOWEST: 26 ON 19 3 = THUNDER
SNOW, ICE PELLETS, HAIL 4 = ICE PELLETS
TOTAL MONTH: 0.0 INCH 5 = HAIL
GRTST 24HR 0.0 6 = FREEZING RAIN OR DRIZZLE
GRTST DEPTH: 0 7 = DUSTSTORM OR SANDSTORM:
VSBY 1/2 MILE OR LESS
8 = SMOKE OR HAZE
[NO. OF DAYS WITH] [WEATHER - DAYS WITH] 9 = BLOWING SNOW
X = TORNADO
MAX 32 OR BELOW: 0 0.01 INCH OR MORE: 7
MAX 90 OR ABOVE: 0 0.10 INCH OR MORE: 4
MIN 32 OR BELOW: 4 0.50 INCH OR MORE: 3
MIN 0 OR BELOW: 0 1.00 INCH OR MORE: 3
[HDD (BASE 65) ]
TOTAL THIS MO. 315 CLEAR (SCALE 0-3) 18
DPTR FM NORMAL -44 PTCLDY (SCALE 4-7) 6
TOTAL FM JUL 1 1612 CLOUDY (SCALE 8-10) 5
DPTR FM NORMAL -104
[CDD (BASE 65) ]
TOTAL THIS MO. 7
DPTR FM NORMAL -3 [PRESSURE DATA]
TOTAL FM JAN 1 10 HIGHEST SLP 30.42 ON 29
DPTR FM NORMAL -4 LOWEST SLP 29.54 ON 5
[REMARKS]
#FINAL-02-24#