000
CXUS51 KPBZ 010730
CF6MGW
PRELIMINARY LOCAL CLIMATOLOGICAL DATA (WS FORM: F-6)
STATION: MORGANTOWN WV
MONTH: JUNE
YEAR: 2023
LATITUDE: 39 39 N
LONGITUDE: 79 55 W
TEMPERATURE IN F: :PCPN: SNOW: WIND :SUNSHINE: SKY :PK WND
================================================================================
1 2 3 4 5 6A 6B 7 8 9 10 11 12 13 14 15 16 17 18
12Z AVG MX 2MIN
DY MAX MIN AVG DEP HDD CDD WTR SNW DPTH SPD SPD DIR MIN PSBL S-S WX SPD DR
================================================================================
1 87 53 70 4 0 5 0.00 M M 3.8 12 100 M M 0 15 100
2 90 53 72 5 0 7 0.00 M M 3.7 14 30 M M 1 19 350
3 89 56 73 6 0 8 0.39 M M 2.9 14 350 M M 1 3 20 350
4 79 57 68 1 0 3 0.00 M M 4.9 13 20 M M 3 17 70
5 76 48 62 -6 3 0 0.00 M M 3.7 13 350 M M 0 1 18 350
6 77 48 63 -5 2 0 0.00 M M 3.9 13 280 M M 2 8 18 210
7 74 48 61 -7 4 0 0.00 M M 3.1 10 360 M M 1 18 14 350
8 73 44 59 -9 6 0 0.00 M M 3.2 20 360 M M 4 18 27 350
9 74 53 64 -5 1 0 0.00 M M 3.8 13 270 M M 5 19 270
10 81 47 64 -5 1 0 0.00 M M 4.2 12 290 M M 1 16 290
11 84 54 69 0 0 4 0.00 M M 3.5 13 170 M M 4 21 150
12 73 55 64 -6 1 0 0.23 M M 4.4 13 270 M M 8 1 17 320
13 73 52 63 -7 2 0 0.56 M M 5.9 15 190 M M 6 1 25 180
14 73 54 64 -6 1 0 0.37 M M 7.0 17 210 M M 6 1 26 210
15 75 48 62 -8 3 0 0.00 M M 3.3 10 230 M M 1 8 15 220
16 74 59 67 -4 0 2 1.22 M M 5.2 13 330 M M 8 138 22 330
17 77 58 68 -3 0 3 0.00 M M 4.3 12 330 M M 7 18 16 330
18 78 52 65 -6 0 0 0.00 M M 3.2 6 220 M M 1 18 6 220
19 83 M M M M M 0.08 M M 5.2 12 230 M M 3 18 12 230
20 79 66 73 1 0 8 M M M 6.4 10 100 M M 4 17 100
21 73 99 86 14 0 21 0.00 M M 7.8112 110 M M 2 20 100
22 72 57 65 -7 0 0 0.36 M M 5.7 13 100 M M 6 1 20 110
23 82 61 72 0 0 7 0.01 M M 2.9 10 160 M M 8 1 12 300
24 81 65 73 1 0 8 0.02 M M 4.4 12 350 M M 8 1 17 330
25 86 67 77 4 0 12 T M M 4.6 13 160 M M 6 138 20 150
26 84 67 76 3 0 11 0.09 M M 5.7 16 190 M M 5 138 24 200
27 70 64 67 -6 0 2 0.16 M M 4.0 10 290 M M 9 18 17 200
28 80 62 71 -2 0 6 T M M 3.6 9 310 M M 9 18 14 330
29 84 56 70 -3 0 5 0.00 M M 2.1 9 100 M M 8 128 12 110
30 82 63 73 -1 0 8 0.01 M M 3.5 10 210 M M 6 18 16 190
================================================================================
SM 2363 1666 24 120 3.50 M 129.9 M 133
================================================================================
AV 78.8 57.4 4.3 FASTST M M 4 MAX(MPH)
MISC ----> 112 110 27 350
================================================================================
NOTES:
# LAST OF SEVERAL OCCURRENCES
COLUMN 17 PEAK WIND IN M.P.H.
PRELIMINARY LOCAL CLIMATOLOGICAL DATA (WS FORM: F-6) , PAGE 2
STATION: MORGANTOWN WV
MONTH: JUNE
YEAR: 2023
LATITUDE: 39 39 N
LONGITUDE: 79 55 W
[TEMPERATURE DATA] [PRECIPITATION DATA] SYMBOLS USED IN COLUMN 16
AVERAGE MONTHLY: 68.1 TOTAL FOR MONTH: 3.50 1 = FOG OR MIST
DPTR FM NORMAL: -2.2 DPTR FM NORMAL: -0.57 2 = FOG REDUCING VISIBILITY
HIGHEST: 90 ON 2 GRTST 24HR 1.22 ON 16-16 TO 1/4 MILE OR LESS
LOWEST: 44 ON 8 3 = THUNDER
SNOW, ICE PELLETS, HAIL 4 = ICE PELLETS
TOTAL MONTH: M 5 = HAIL
GRTST 24HR M ON M 6 = FREEZING RAIN OR DRIZZLE
GRTST DEPTH: M ON M 7 = DUSTSTORM OR SANDSTORM:
VSBY 1/2 MILE OR LESS
8 = SMOKE OR HAZE
[NO. OF DAYS WITH] [WEATHER - DAYS WITH] 9 = BLOWING SNOW
X = TORNADO
MAX 32 OR BELOW: 0 0.01 INCH OR MORE: 12
MAX 90 OR ABOVE: 1 0.10 INCH OR MORE: 7
MIN 32 OR BELOW: 0 0.50 INCH OR MORE: 2
MIN 0 OR BELOW: 0 1.00 INCH OR MORE: 1
[HDD (BASE 65) ]
TOTAL THIS MO. 24 CLEAR (SCALE 0-3) 11
DPTR FM NORMAL 1 PTCLDY (SCALE 4-7) 14
TOTAL FM JUL 1 4361 CLOUDY (SCALE 8-10) 5
DPTR FM NORMAL -600
[CDD (BASE 65) ]
TOTAL THIS MO. 120
DPTR FM NORMAL -62 [PRESSURE DATA]
TOTAL FM JAN 1 174 HIGHEST SLP 30.15 ON 1
DPTR FM NORMAL -97 LOWEST SLP 29.52 ON 14
[REMARKS]
#FINAL-06-23#