000
CXUS51 KPBZ 312013
CF6MGW
PRELIMINARY LOCAL CLIMATOLOGICAL DATA (WS FORM: F-6)
STATION: MORGANTOWN WV
MONTH: APRIL
YEAR: 2022
LATITUDE: 39 39 N
LONGITUDE: 79 55 W
TEMPERATURE IN F: :PCPN: SNOW: WIND :SUNSHINE: SKY :PK WND
================================================================================
1 2 3 4 5 6A 6B 7 8 9 10 11 12 13 14 15 16 17 18
12Z AVG MX 2MIN
DY MAX MIN AVG DEP HDD CDD WTR SNW DPTH SPD SPD DIR MIN PSBL S-S WX SPD DR
================================================================================
1 47 34 41 -7 24 0 0.06 M M 8.6 20 290 M M 10 18 34 290
2 55 28 42 -7 23 0 0.00 M M 2.6 9 270 M M 3 12 280
3 51 37 44 -5 21 0 0.05 M M 6.0 15 270 M M 10 25 290
4 48 28 38 -11 27 0 0.00 M M 1.7 9 210 M M 6 14 210
5 62 41 52 2 13 0 0.40 M M 2.7 12 30 M M 9 1 19 40
6 65 49 57 7 8 0 0.52 M M 5.4 16 120 M M 9 1 22 120
7 58 42 50 -1 15 0 0.40 M M 3.9 17 290 M M 10 1 24 310
8 49 34 42 -9 23 0 0.21 M M 5.2 22 270 M M 6 123 38 270
9 46 36 41 -10 24 0 0.19 M M 7.2 16 250 M M 9 18 25 250
10 55 36 46 -6 19 0 T M M 6.3 15 270 M M 6 20 280
11 70 35 53 1 12 0 T M M 5.5 15 280 M M 4 22 210
12 70 51 61 8 4 0 0.06 M M 3.7 17 210 M M 7 1 26 250
13 82 57 70 17 0 5 T M M 7.2 22 210 M M 4 35 200
14 71 46 59 6 6 0 0.06 M M 8.0 20 300 M M 4 18 30 290
15 71 40 56 2 9 0 0.00 M M 8.0 18 210 M M 0 30 200
16 66 45 56 2 9 0 0.07 M M 6.9 25 220 M M 9 1 37 190
17 50 35 43 -11 22 0 0.00 M M 6.1 14 100 M M 3 22 110
18 44 37 41 -14 24 0 0.75 M M 9.2 18 170 M M 7 18 27 90
19 42 31 37 -18 28 0 0.05 M M 6.0 12 230 M M 9 12 M 260
20 60 29 45 -11 20 0 0.00 M M 3.4 14 160 M M 0 1 17 150
21 63 50 57 1 8 0 0.06 M M 5.2 14 200 M M 7 22 200
22 72 46 59 3 6 0 0.00 M M 2.6 12 20 M M 2 1 16 40
23 86 58 72 15 0 7 0.00 M M 5.6 10 190 M M 2 18 270
24 87 57 72 15 0 7 0.00 M M 4.6 13 220 M M 0 8 21 190
25 87 57 72 15 0 7 0.02 M M 5.5 17 210 M M 3 26 230
26 66 45 56 -2 9 0 0.66 M M 5.5 13 230 M M 8 1 19 280
27 55 34 45 -13 20 0 0.00 M M 7.8 16 280 M M 5 25 280
28 56 32 44 -14 21 0 0.00 M M 4.7 13 350 M M 4 17 340
29 65 31 48 -10 17 0 0.00 M M 4.1 10 360 M M 0 13 330
30 73 43 58 -1 7 0 0.00 M M 4.1 10 110 M M 0 13 90
================================================================================
SM 1872 1224 419 26 3.56 M 163.3 M 156
================================================================================
AV 62.4 40.8 5.4 FASTST M M 5 MAX(MPH)
MISC ----> 25 220 38 270
================================================================================
NOTES:
# LAST OF SEVERAL OCCURRENCES
COLUMN 17 PEAK WIND IN M.P.H.
PRELIMINARY LOCAL CLIMATOLOGICAL DATA (WS FORM: F-6) , PAGE 2
STATION: MORGANTOWN WV
MONTH: APRIL
YEAR: 2022
LATITUDE: 39 39 N
LONGITUDE: 79 55 W
[TEMPERATURE DATA] [PRECIPITATION DATA] SYMBOLS USED IN COLUMN 16
AVERAGE MONTHLY: 51.6 TOTAL FOR MONTH: 3.56 1 = FOG OR MIST
DPTR FM NORMAL: -2.2 DPTR FM NORMAL: -0.31 2 = FOG REDUCING VISIBILITY
HIGHEST: 87 ON 25,24 GRTST 24HR 0.75 ON 18-18 TO 1/4 MILE OR LESS
LOWEST: 28 ON 4, 2 3 = THUNDER
SNOW, ICE PELLETS, HAIL 4 = ICE PELLETS
TOTAL MONTH: M 5 = HAIL
GRTST 24HR M ON M 6 = FREEZING RAIN OR DRIZZLE
GRTST DEPTH: M ON M 7 = DUSTSTORM OR SANDSTORM:
VSBY 1/2 MILE OR LESS
8 = SMOKE OR HAZE
[NO. OF DAYS WITH] [WEATHER - DAYS WITH] 9 = BLOWING SNOW
X = TORNADO
MAX 32 OR BELOW: 0 0.01 INCH OR MORE: 15
MAX 90 OR ABOVE: 0 0.10 INCH OR MORE: 7
MIN 32 OR BELOW: 6 0.50 INCH OR MORE: 3
MIN 0 OR BELOW: 0 1.00 INCH OR MORE: 0
[HDD (BASE 65) ]
TOTAL THIS MO. 419 CLEAR (SCALE 0-3) 9
DPTR FM NORMAL 65 PTCLDY (SCALE 4-7) 12
TOTAL FM JUL 1 4364 CLOUDY (SCALE 8-10) 9
DPTR FM NORMAL -432
[CDD (BASE 65) ]
TOTAL THIS MO. 26
DPTR FM NORMAL 9 [PRESSURE DATA]
TOTAL FM JAN 1 26 HIGHEST SLP 30.50 ON 22
DPTR FM NORMAL 7 LOWEST SLP 29.58 ON 6
[REMARKS]
#FINAL-04-22#