000
CXUS56 KMFR 290930
CF6MHS
PRELIMINARY LOCAL CLIMATOLOGICAL DATA (WS FORM: F-6)
STATION: MT SHASTA CITY CA
MONTH: MARCH
YEAR: 2024
LATITUDE: 41 19 N
LONGITUDE: 122 19 W
TEMPERATURE IN F: :PCPN: SNOW: WIND :SUNSHINE: SKY :PK WND
================================================================================
1 2 3 4 5 6A 6B 7 8 9 10 11 12 13 14 15 16 17 18
12Z AVG MX 2MIN
DY MAX MIN AVG DEP HDD CDD WTR SNW DPTH SPD SPD DIR MIN PSBL S-S WX SPD DR
================================================================================
1 40 32 36 -4 29 0 0.50 M M 4.7 9 130 M M 9 128 23 120
2 34 26 30 -10 35 0 0.03 M M 3.7 9 130 M M 8 128 18 120
3 35 24 30 -10 35 0 0.03 M M 2.5 8 130 M M 8 128 16 130
4 36 20 28 -12 37 0 0.08 M M 4.0 10 90 M M 10 18 20 90
5 39 34 37 -4 28 0 0.30 M M 3.7 10 90 M M 10 1 20 100
6 48 34 41 0 24 0 0.02 M M 2.5 9 290 M M 8 1 18 280
7 48 28 38 -3 27 0 0.00 M M 3.8 10 320 M M 1 18 23 280
8 59 24 42 1 23 0 0.00 M M 1.0 10 140 M M 0 1 23 140
9 47 37 42 1 23 0 0.18 M M 5.9 10 130 M M 9 1 28 150
10 42 34 38 -3 27 0 0.09 M M 5.2 13 130 M M 10 1 30 110
11 42 32 37 -5 28 0 0.19 M M 4.2 13 90 M M 9 12 23 140
12 48 33 41 -1 24 0 0.04 M M 2.3 9 90 M M 7 12 23 130
13 50 33 42 0 23 0 0.00 M M 7.7 14 320 M M 1 30 360
14 57 30 44 2 21 0 0.00 M M 4.8 12 290 M M 0 22 270
15 62 27 45 3 20 0 0.00 M M 1.2 5 99 M M 0 M M
16 67 28 48 6 17 0 0.00 M M 1.9 9 290 M M 0 16 290
17 69 31 50 8 15 0 0.00 M M 2.2 9 280 M M 0 19 310
18 74 32 53 10 12 0 0.00 M M 0.6 6 300 M M 0 12 220
19 72 33 53 10 12 0 0.00 M M 1.0 9 130 M M 0 20 140
20 62 36 49 6 16 0 0.00 M M 2.2 10 130 M M 5 1 23 130
21 59 41 50 7 15 0 0.00 M M 2.3 8 100 M M 4 20 110
22 49 34 42 -1 23 0 0.80 M M 3.7 12 90 M M 9 1 21 80
23 43 33 38 -5 27 0 0.37 M M 4.1 10 130 M M 9 1 22 120
24 51 35 43 0 22 0 0.03 M M 2.0 10 280 M M 8 1 21 350
25 58 34 46 3 19 0 0.00 M M 2.5 9 320 M M 3 16 340
26 58 29 44 0 21 0 0.00 M M 2.0 7 140 M M 2 14 150
27 45 32 39 -5 26 0 0.52 M M 3.0 12 130 M M 9 1 25 140
28 46 32 39 -5 26 0 0.05 M M 3.1 10 130 M M 8 1 22 140
================================================================================
SM 1440 878 655 0 3.23 M 87.8 M 147
================================================================================
AV 51.4 31.4 3.1 FASTST M M 5 MAX(MPH)
MISC ----> 14 320 # 30 360
================================================================================
NOTES:
# LAST OF SEVERAL OCCURRENCES
COLUMN 17 PEAK WIND IN M.P.H.
PRELIMINARY LOCAL CLIMATOLOGICAL DATA (WS FORM: F-6) , PAGE 2
STATION: MT SHASTA CITY CA
MONTH: MARCH
YEAR: 2024
LATITUDE: 41 19 N
LONGITUDE: 122 19 W
[TEMPERATURE DATA] [PRECIPITATION DATA] SYMBOLS USED IN COLUMN 16
AVERAGE MONTHLY: 41.4 TOTAL FOR MONTH: 3.23 1 = FOG OR MIST
DPTR FM NORMAL: -0.6 DPTR FM NORMAL: -1.88 2 = FOG REDUCING VISIBILITY
HIGHEST: 74 ON 18 GRTST 24HR 1.06 ON 22-23 TO 1/4 MILE OR LESS
LOWEST: 20 ON 4 3 = THUNDER
SNOW, ICE PELLETS, HAIL 4 = ICE PELLETS
TOTAL MONTH: M 5 = HAIL
GRTST 24HR M ON M 6 = FREEZING RAIN OR DRIZZLE
GRTST DEPTH: M ON M 7 = DUSTSTORM OR SANDSTORM:
VSBY 1/2 MILE OR LESS
8 = SMOKE OR HAZE
[NO. OF DAYS WITH] [WEATHER - DAYS WITH] 9 = BLOWING SNOW
X = TORNADO
MAX 32 OR BELOW: 0 0.01 INCH OR MORE: 15
MAX 90 OR ABOVE: 0 0.10 INCH OR MORE: 7
MIN 32 OR BELOW: 15 0.50 INCH OR MORE: 3
MIN 0 OR BELOW: 0 1.00 INCH OR MORE: 0
[HDD (BASE 65) ]
TOTAL THIS MO. 655 CLEAR (SCALE 0-3) 10
DPTR FM NORMAL 11 PTCLDY (SCALE 4-7) 7
TOTAL FM JUL 1 4096 CLOUDY (SCALE 8-10) 11
DPTR FM NORMAL -465
[CDD (BASE 65) ]
TOTAL THIS MO. 0
DPTR FM NORMAL 0 [PRESSURE DATA]
TOTAL FM JAN 1 0 HIGHEST SLP M ON M
DPTR FM NORMAL 0 LOWEST SLP 29.44 ON 1
[REMARKS]