000
CXUS52 KMFL 011130
CF6MIA
PRELIMINARY LOCAL CLIMATOLOGICAL DATA (WS FORM: F-6)
STATION: MIAMI
MONTH: DECEMBER
YEAR: 2022
LATITUDE: 25 49 N
LONGITUDE: 80 17 W
TEMPERATURE IN F: :PCPN: SNOW: WIND :SUNSHINE: SKY :PK WND
================================================================================
1 2 3 4 5 6A 6B 7 8 9 10 11 12 13 14 15 16 17 18
12Z AVG MX 2MIN
DY MAX MIN AVG DEP HDD CDD WTR SNW DPTH SPD SPD DIR MIN PSBL S-S WX SPD DR
================================================================================
1 83 74 79 6 0 14 0.07 0.0 0 8.1 18 40 M M 5 18 26 30
2 82 74 78 5 0 13 0.00 0.0 0 11.3 22 80 M M 4 27 80
3 83 73 78 5 0 13 0.00 0.0 0 9.9 20 90 M M 4 26 90
4 82 69 76 3 0 11 0.00 0.0 0 5.7 15 100 M M 3 21 70
5 83 69 76 3 0 11 T 0.0 0 5.0 13 50 M M 4 16 100
6 83 72 78 6 0 13 0.02 0.0 0 5.2 16 90 M M 4 20 90
7 84 71 78 6 0 13 0.02 M M 6.4 18 90 M M 4 22 80
8 82 69 76 4 0 11 0.00 0.0 0 5.6 15 80 M M 2 19 70
9 82 67 75 3 0 10 0.00 0.0 0 3.8 12 100 M M 4 15 340
10 82 68 75 3 0 10 0.00 0.0 0 3.7 9 260 M M 1 13 320
11 82 64 73 1 0 8 0.00 0.0 0 3.6 9 340 M M 0 13 330
12 80 64 72 0 0 7 0.00 0.0 0 3.3 10 250 M M 3 12 14 250
13 82 64 73 1 0 8 0.01 0.0 0 3.6 10 120 M M 2 1 17 140
14 82 66 74 2 0 9 0.00 0.0 0 7.0 16 120 M M 3 25 150
15 85 74 80 8 0 15 0.00 0.0 0 9.2 18 160 M M 6 28 190
16 81 69 75 4 0 10 0.17 0.0 0 4.5 12 260 M M 9 1 17 240
17 80 68 74 3 0 9 0.16 0.0 0 4.4 12 80 M M 9 13 15 30
18 81 67 74 3 0 9 0.07 0.0 0 5.7 15 40 M M 7 13 20 40
19 79 63 71 0 0 6 0.00 0.0 0 8.1 16 100 M M 3 21 100
20 81 69 75 4 0 10 0.38 0.0 0 7.8 18 60 M M 8 3 24 90
21 82 68 75 4 0 10 0.01 0.0 0 4.5 13 100 M M 8 15 110
22 85 68 77 7 0 12 0.00 0.0 0 4.8 14 240 M M 5 21 220
23 82 59 71 1 0 6 0.27 0.0 0 8.4 16 240 M M 8 13 22 310
24 59 48 54 -16 11 0 T 0.0 0 10.2 17 330 M M 8 26 320
25 50 45 48 -22 17 0 0.03 0.0 0 8.4 15 340 M M 10 20 320
26 56 48 52 -18 13 0 0.38 0.0 0 6.2 12 330 M M 10 1 19 320
27 73 56 65 -5 0 0 0.14 0.0 0 5.0 10 340 M M 7 1 16 340
28 79 58 69 -1 0 4 0.00 0.0 0 6.9 17 80 M M 3 24 70
29 80 69 75 5 0 10 0.00 0.0 0 9.8 18 70 M M 6 25 60
30 82 72 77 7 0 12 0.00 0.0 0 5.7 14 120 M M 6 20 150
31 83 70 77 8 0 12 0.00 0.0 0 5.8 15 140 M M 3 1 24 130
================================================================================
SM 2450 2035 41 276 1.73 0.0 197.6 M 159
================================================================================
AV 79.0 65.6 6.4 FASTST M M 5 MAX(MPH)
MISC ----> 22 80 28 190
================================================================================
NOTES:
# LAST OF SEVERAL OCCURRENCES
COLUMN 17 PEAK WIND IN M.P.H.
PRELIMINARY LOCAL CLIMATOLOGICAL DATA (WS FORM: F-6) , PAGE 2
STATION: MIAMI
MONTH: DECEMBER
YEAR: 2022
LATITUDE: 25 49 N
LONGITUDE: 80 17 W
[TEMPERATURE DATA] [PRECIPITATION DATA] SYMBOLS USED IN COLUMN 16
AVERAGE MONTHLY: 72.3 TOTAL FOR MONTH: 1.73 1 = FOG OR MIST
DPTR FM NORMAL: 1.1 DPTR FM NORMAL: -0.71 2 = FOG REDUCING VISIBILITY
HIGHEST: 85 ON 22,15 GRTST 24HR 0.51 ON 26-27 TO 1/4 MILE OR LESS
LOWEST: 45 ON 25 3 = THUNDER
SNOW, ICE PELLETS, HAIL 4 = ICE PELLETS
TOTAL MONTH: 0.0 INCH 5 = HAIL
GRTST 24HR 0.0 6 = FREEZING RAIN OR DRIZZLE
GRTST DEPTH: 0 7 = DUSTSTORM OR SANDSTORM:
VSBY 1/2 MILE OR LESS
8 = SMOKE OR HAZE
[NO. OF DAYS WITH] [WEATHER - DAYS WITH] 9 = BLOWING SNOW
X = TORNADO
MAX 32 OR BELOW: 0 0.01 INCH OR MORE: 13
MAX 90 OR ABOVE: 0 0.10 INCH OR MORE: 6
MIN 32 OR BELOW: 0 0.50 INCH OR MORE: 0
MIN 0 OR BELOW: 0 1.00 INCH OR MORE: 0
[HDD (BASE 65) ]
TOTAL THIS MO. 41 CLEAR (SCALE 0-3) 8
DPTR FM NORMAL 15 PTCLDY (SCALE 4-7) 19
TOTAL FM JUL 1 41 CLOUDY (SCALE 8-10) 4
DPTR FM NORMAL 13
[CDD (BASE 65) ]
TOTAL THIS MO. 276
DPTR FM NORMAL 57 [PRESSURE DATA]
TOTAL FM JAN 1 5281 HIGHEST SLP 30.30 ON 25
DPTR FM NORMAL 625 LOWEST SLP 29.92 ON 17
[REMARKS]
#FINAL-12-22#