000
CXUS53 KMKX 011903
CLSMKE
CLIMATE REPORT
NATIONAL WEATHER SERVICE MILWAUKEE/SULLIVAN WI
203 PM CDT WED JUN 01 2022
...................................
...THE MILWAUKEE WI CLIMATE SUMMARY FOR THE SEASON, FROM
3/1/2022 TO 5/31/2022...
CLIMATE NORMAL PERIOD 1991 TO 2020
CLIMATE RECORD PERIOD 1871 TO 2022
WEATHER OBSERVED NORMAL DEPART LAST YEAR`S
VALUE DATE(S) VALUE FROM VALUE DATE(S)
NORMAL
................................................................
TEMPERATURE (F)
RECORD
HIGH 95 05/27/2018
LOW -10 03/01/1962
HIGHEST 87 05/12 85 2 89 05/22
05/30
LOWEST 8 03/12 7 1 16 03/02
AVG. MAXIMUM 55.3 55.2 0.1 58.3
AVG. MINIMUM 39.4 38.1 1.3 41.0
MEAN 47.4 46.6 0.8 49.7
DAYS MAX >= 90 0 0.3 -0.3 0
DAYS MAX <= 32 4 4.9 -0.9 0
DAYS MIN <= 32 24 27.4 -3.4 18
DAYS MIN <= 0 0 0.2 -0.2 0
PRECIPITATION (INCHES)
RECORD
MAXIMUM 16.66 1876
MINIMUM 2.94 1885
TOTALS 11.06 9.60 1.46 4.63
DAILY AVG. 0.12 0.10 0.02 0.05
DAYS >= .01 37 34.6 2.4 26
DAYS >= .10 25 19.8 5.2 13
DAYS >= .50 8 6.8 1.2 3
DAYS >= 1.00 3 1.8 1.2 0
GREATEST
24 HR. TOTAL MM 0.65
SNOWFALL (INCHES)
RECORDS
TOTAL 53.5 1881
TOTALS 6.8 8.8 -2.0 1.6
SINCE 7/1 28.7 48.7 -20.0 MM
SNOWDEPTH AVG. T 0
DAYS >= 1.0 3 2.4 0.6 0
GREATEST
SNOW DEPTH 1 03/07 7 03/01
03/08
03/02
24 HR TOTAL 2.0 03/07 TO 03/07 0.8
04/02 TO 04/02
DEGREE DAYS
HEATING TOTAL 1667 1730 -63 1456
SINCE 7/1 5994 6385 -391 MM
COOLING TOTAL 71 39 32 69
SINCE 1/1 71 39 32 MM
FREEZE DATES
RECORD
EARLIEST 09/20/1956
LATEST 05/27/1961
EARLIEST 11/02
LATEST 04/22
................................................................
WIND (MPH)
AVERAGE WIND SPEED 10.6
RESULTANT WIND SPEED/DIRECTION 1/220
HIGHEST WIND SPEED/DIRECTION 41/250 DATE 03/06
HIGHEST GUST SPEED/DIRECTION 58/240 DATE 03/06
SKY COVER
POSSIBLE SUNSHINE (PERCENT) MM
AVERAGE SKY COVER 0.72
NUMBER OF DAYS FAIR 10
NUMBER OF DAYS PC 31
NUMBER OF DAYS CLOUDY 51
AVERAGE RH (PERCENT) 64
WEATHER CONDITIONS. NUMBER OF DAYS WITH
THUNDERSTORM 10 MIXED PRECIP 0
HEAVY RAIN 6 RAIN 15
LIGHT RAIN 40 FREEZING RAIN 0
LT FREEZING RAIN 1 HAIL 0
HEAVY SNOW 1 SNOW 2
LIGHT SNOW 16 SLEET 1
FOG 34 FOG W/VIS <= 1/4 MILE 4
HAZE 25
- INDICATES NEGATIVE NUMBERS.
R INDICATES RECORD WAS SET OR TIED.
MM INDICATES DATA IS MISSING.
T INDICATES TRACE AMOUNT.
$$