000
CXUS53 KMKX 011832
CLSMKE
CLIMATE REPORT
NATIONAL WEATHER SERVICE MILWAUKEE/SULLIVAN WI
132 PM CDT FRI SEP 01 2023
...................................
...THE MILWAUKEE WI CLIMATE SUMMARY FOR THE SEASON, FROM
6/1/2023 TO 8/31/2023...
CLIMATE NORMAL PERIOD 1991 TO 2020
CLIMATE RECORD PERIOD 1871 TO 2023
WEATHER OBSERVED NORMAL DEPART LAST YEAR`S
VALUE DATE(S) VALUE FROM VALUE DATE(S)
NORMAL
................................................................
TEMPERATURE (F)
RECORD
HIGH 105 07/24/1934
LOW 33 06/04/1945
HIGHEST 101 08/23 95 6 100 06/21
LOWEST 46 06/12 44 2 49 06/09
AVG. MAXIMUM 79.7 79.7 -0.0 80.7
AVG. MINIMUM 63.2 62.4 0.8 63.9
MEAN 71.4 71.1 0.3 72.3
DAYS MAX >= 90 7 8.2 -1.2 12
DAYS MAX <= 32 0 0.0 0.0 0
DAYS MIN <= 32 0 0.0 0.0 0
DAYS MIN <= 0 0 0.0 0.0 0
PRECIPITATION (INCHES)
RECORD
MAXIMUM 19.48 1986
MINIMUM 3.27 1918
TOTALS 8.75 11.43 -2.68 10.97
DAILY AVG. 0.09 0.12 -0.03 0.12
DAYS >= .01 25 30.1 -5.1 31
DAYS >= .10 11 19.2 -8.2 17
DAYS >= .50 6 7.4 -1.4 7
DAYS >= 1.00 3 2.7 0.3 3
GREATEST
24 HR. TOTAL 2.09 08/14 TO 08/15 1.86 07/05 TO 07/06
DEGREE DAYS
HEATING TOTAL 50 78 -28 34
SINCE 7/1 6 8 -2 0
COOLING TOTAL 667 637 30 733
SINCE 1/1 703 676 27 804
FREEZE DATES
RECORD
EARLIEST 09/20/1956
LATEST 05/27/1961
EARLIEST MM
LATEST 04/17
................................................................
WIND (MPH)
AVERAGE WIND SPEED 8.4
RESULTANT WIND SPEED/DIRECTION 1/030
HIGHEST WIND SPEED/DIRECTION 38/120 DATE 06/25
HIGHEST GUST SPEED/DIRECTION 55/300 DATE 08/11
SKY COVER
AVERAGE SKY COVER 0.49
NUMBER OF DAYS FAIR 27
NUMBER OF DAYS PC 51
NUMBER OF DAYS CLOUDY 14
AVERAGE RH (PERCENT) 66
WEATHER CONDITIONS. NUMBER OF DAYS WITH
THUNDERSTORM 14 MIXED PRECIP 0
HEAVY RAIN 6 RAIN 11
LIGHT RAIN 26 FREEZING RAIN 0
LT FREEZING RAIN 0 HAIL 0
HEAVY SNOW 0 SNOW 0
LIGHT SNOW 0 SLEET 0
FOG 25 FOG W/VIS <= 1/4 MILE 1
HAZE 28
- INDICATES NEGATIVE NUMBERS.
R INDICATES RECORD WAS SET OR TIED.
MM INDICATES DATA IS MISSING.
T INDICATES TRACE AMOUNT.
$$