000
CXUS54 KMEG 010636
CF6MKL
PRELIMINARY LOCAL CLIMATOLOGICAL DATA (WS FORM: F-6)
STATION: JACKSON
MONTH: JUNE
YEAR: 2020
LATITUDE: 35 35 N
LONGITUDE: 88 55 W
TEMPERATURE IN F: :PCPN: SNOW: WIND :SUNSHINE: SKY :PK WND
================================================================================
1 2 3 4 5 6A 6B 7 8 9 10 11 12 13 14 15 16 17 18
12Z AVG MX 2MIN
DY MAX MIN AVG DEP HDD CDD WTR SNW DPTH SPD SPD DIR MIN PSBL S-S WX SPD DR
================================================================================
1 84 54 69 -4 0 4 0.00 0.0 0 3.5 13 70 M M 0 16 70
2 88 56 72 -1 0 7 0.00 0.0 0 3.0 12 250 M M 0 1 15 250
3 89 65 77 4 0 12 0.27 0.0 0 5.8 16 230 M M 3 13 23 230
4 81 69 75 1 0 10 0.31 0.0 0 8.1 18 240 M M 4 1 26 180
5 90 67 79 5 0 14 0.16 0.0 0 3.5 23 350 M M 3 13 23 350
6 91 63 77 3 0 12 0.00 0.0 0 3.1 12 90 M M 0 1 13 110
7 94 70 82 8 0 17 0.00 0.0 0 6.7 17 60 M M 0 1 23 90
8 84 74 79 4 0 14 0.17 0.0 0 11.3 22 100 M M 6 1 31 100
9 87 73 80 5 0 15 0.61 0.0 0 12.1 23 190 M M 8 13 33 180
10 80 66 73 -2 0 8 0.00 0.0 0 12.5 22 250 M M 4 32 250
11 83 57 70 -5 0 5 0.00 0.0 0 5.6 17 20 M M 0 22 20
12 88 56 72 -4 0 7 0.00 0.0 0 5.3 16 30 M M 0 22 30
13 88 62 75 -1 0 10 0.00 0.0 0 1.8 8 100 M M 4 14 40
14 89 59 74 -2 0 9 0.00 0.0 0 3.1 16 60 M M 0 1 22 70
15 84 59 72 -4 0 7 0.00 0.0 0 5.0 16 40 M M 1 20 20
16 84 56 70 -7 0 5 0.00 0.0 0 2.5 13 10 M M 1 17 40
17 85 59 72 -5 0 7 0.00 0.0 0 2.8 14 60 M M 2 17 60
18 87 59 73 -4 0 8 0.00 0.0 0 2.2 9 40 M M 1 1 11 30
19 90 62 76 -1 0 11 0.00 0.0 0 2.7 9 190 M M 0 13 180
20 91 64 78 1 0 13 0.00 0.0 0 4.3 13 250 M M 1 1 16 180
21 83 68 76 -2 0 11 0.27 0.0 0 6.6 18 270 M M 6 13 27 270
22 82 66 74 -4 0 9 0.14 0.0 0 6.9 21 250 M M 4 13 29 240
23 86 70 78 0 0 13 0.00 0.0 0 8.1 15 240 M M 4 20 230
24 86 66 76 -2 0 11 0.00 0.0 0 2.7 12 360 M M 5 1 13 360
25 88 62 75 -3 0 10 0.00 0.0 0 3.3 10 200 M M 1 12 14 200
26 80 68 74 -4 0 9 0.04 0.0 0 7.8 14 230 M M 6 1 20 230
27 89 71 80 1 0 15 0.18 0.0 0 10.4 20 230 M M 4 1 27 240
28 92 75 84 5 0 19 0.00 0.0 0 10.0 17 240 M M 3 23 250
29 91 71 81 2 0 16 0.06 0.0 0 5.0 14 230 M M 1 38 17 230
30 90 69 80 1 0 15 2.11 0.0 0 7.1 30 240 M M 4 138 39 230
================================================================================
SM 2604 1936 0 323 4.32 0.0 172.8 M 76
================================================================================
AV 86.8 64.5 5.8 FASTST M M 3 MAX(MPH)
MISC ----> # 30 240 # 39 230
================================================================================
NOTES:
# LAST OF SEVERAL OCCURRENCES
COLUMN 17 PEAK WIND IN M.P.H.
PRELIMINARY LOCAL CLIMATOLOGICAL DATA (WS FORM: F-6) , PAGE 2
STATION: JACKSON
MONTH: JUNE
YEAR: 2020
LATITUDE: 35 35 N
LONGITUDE: 88 55 W
[TEMPERATURE DATA] [PRECIPITATION DATA] SYMBOLS USED IN COLUMN 16
AVERAGE MONTHLY: 75.7 TOTAL FOR MONTH: 4.32 1 = FOG OR MIST
DPTR FM NORMAL: -0.5 DPTR FM NORMAL: -0.52 2 = FOG REDUCING VISIBILITY
HIGHEST: 94 ON 7 GRTST 24HR 2.11 ON 30-30 TO 1/4 MILE OR LESS
LOWEST: 54 ON 1 3 = THUNDER
SNOW, ICE PELLETS, HAIL 4 = ICE PELLETS
TOTAL MONTH: 0.0 INCH 5 = HAIL
GRTST 24HR 0.0 6 = FREEZING RAIN OR DRIZZLE
GRTST DEPTH: 0 7 = DUSTSTORM OR SANDSTORM:
VSBY 1/2 MILE OR LESS
8 = SMOKE OR HAZE
[NO. OF DAYS WITH] [WEATHER - DAYS WITH] 9 = BLOWING SNOW
X = TORNADO
MAX 32 OR BELOW: 0 0.01 INCH OR MORE: 11
MAX 90 OR ABOVE: 8 0.10 INCH OR MORE: 9
MIN 32 OR BELOW: 0 0.50 INCH OR MORE: 2
MIN 0 OR BELOW: 0 1.00 INCH OR MORE: 1
[HDD (BASE 65) ]
TOTAL THIS MO. 0 CLEAR (SCALE 0-3) 17
DPTR FM NORMAL -2 PTCLDY (SCALE 4-7) 13
TOTAL FM JUL 1 3295 CLOUDY (SCALE 8-10) 0
DPTR FM NORMAL -279
[CDD (BASE 65) ]
TOTAL THIS MO. 323
DPTR FM NORMAL -16 [PRESSURE DATA]
TOTAL FM JAN 1 503 HIGHEST SLP M ON M
DPTR FM NORMAL -51 LOWEST SLP 29.49 ON 8
[REMARKS]
#FINAL-06-20#