000
CXUS54 KFWD 072133
CF6MKN
PRELIMINARY LOCAL CLIMATOLOGICAL DATA (WS FORM: F-6)
STATION: COMANCHE
MONTH: MARCH
YEAR: 2022
LATITUDE: 31 55 N
LONGITUDE: 98 36 W
TEMPERATURE IN F: :PCPN: SNOW: WIND :SUNSHINE: SKY :PK WND
================================================================================
1 2 3 4 5 6A 6B 7 8 9 10 11 12 13 14 15 16 17 18
12Z AVG MX 2MIN
DY MAX MIN AVG DEP HDD CDD WTR SNW DPTH SPD SPD DIR MIN PSBL S-S WX SPD DR
================================================================================
1 77 41 59 M 6 0 0.00 M M 4.9 13 200 M M 0 16 200
2 78 44 61 M 4 0 0.00 M M 4.0 12 200 M M 0 M M
3 83 44 64 M 1 0 0.00 M M 4.7 10 230 M M 0 16 160
4 76 50 63 M 2 0 0.00 M M 13.7 21 190 M M 5 28 190
5 80 60 70 M 0 5 0.00 M M 12.0 17 180 M M 5 28 190
6 80 37 59 M 6 0 0.08 M M 14.5 22 330 M M 9 31 200
7 52 31 42 M 23 0 0.00 M M 12.6 22 350 M M 6 28 340
8 55 30 43 M 22 0 0.00 M M 4.7 8 10 M M 5 M M
9 66 27 47 M 18 0 0.00 M M 6.1 13 100 M M 0 M M
10 79 36 58 M 7 0 0.00 M M 8.2 16 340 M M 0 23 340
11 39 27 33 M 32 0 0.00 M M 17.3 23 10 M M 8 32 360
12 61 25 43 M 22 0 0.00 M M 6.4 10 190 M M 0 M M
13 68 32 50 M 15 0 0.00 M M 13.4 21 180 M M 0 28 210
14 82 50 66 M 0 1 0.00 M M 15.6 22 220 M M 3 30 270
15 73 47 60 M 5 0 0.00 M M 10.1 18 330 M M 0 29 340
16 84 43 64 M 1 0 0.00 M M 10.5 18 180 M M 0 24 180
17 88 49 69 M 0 4 0.00 M M 15.5 28 260 M M 0 37 270
18 67 42 55 M 10 0 0.00 M M 13.8 25 320 M M 0 33 320
19 82 38 60 M 5 0 0.00 M M 4.8 12 220 M M 0 17 210
20 82 52 67 M 0 2 0.00 M M 15.9 24 150 M M 0 36 160
21 79 56 68 M 0 3 0.37 M M 13.9 28 250 M M 6 13 46 180
22 63 44 54 M 11 0 0.00 M M 15.1 24 320 M M 5 33 340
23 65 41 53 M 12 0 0.00 M M 12.9 23 340 M M 2 33 340
24 71 37 54 M 11 0 0.00 M M 9.6 21 330 M M 0 32 320
25 90 40 65 M 0 0 0.00 M M 4.3 10 170 M M 0 M M
26 95 54 75 M 0 10 0.00 M M 7.9 17 200 M M 0 22 200
27 95 64 80 M 0 15 0.00 M M 14.2 22 220 M M 0 29 220
28 90 57 74 M 0 9 0.00 M M 14.5 20 190 M M 0 28 190
29 80 63 72 M 0 7 0.10 M M 17.3 25 180 M M 2 37 170
30 64 46 55 M 10 0 0.41 M M 12.1 25 320 M M 3 41 300
31 73 44 59 M 6 0 0.00 M M 5.2 10 330 M M 2 17 330
================================================================================
SM 2317 1351 229 56 0.96 M 335.5 M 61
================================================================================
AV 74.7 43.6 10.8 FASTST M M 2 MAX(MPH)
MISC ----> # 28 260 46 180
================================================================================
NOTES:
# LAST OF SEVERAL OCCURRENCES
COLUMN 17 PEAK WIND IN M.P.H.
PRELIMINARY LOCAL CLIMATOLOGICAL DATA (WS FORM: F-6) , PAGE 2
STATION: COMANCHE
MONTH: MARCH
YEAR: 2022
LATITUDE: 31 55 N
LONGITUDE: 98 36 W
[TEMPERATURE DATA] [PRECIPITATION DATA] SYMBOLS USED IN COLUMN 16
AVERAGE MONTHLY: 59.2 TOTAL FOR MONTH: 0.96 1 = FOG OR MIST
DPTR FM NORMAL: 0.0 DPTR FM NORMAL: -1.94 2 = FOG REDUCING VISIBILITY
HIGHEST: 95 ON 27,26 GRTST 24HR 0.41 ON 30-30 TO 1/4 MILE OR LESS
LOWEST: 25 ON 12 3 = THUNDER
SNOW, ICE PELLETS, HAIL 4 = ICE PELLETS
TOTAL MONTH: M 5 = HAIL
GRTST 24HR M ON M 6 = FREEZING RAIN OR DRIZZLE
GRTST DEPTH: M ON M 7 = DUSTSTORM OR SANDSTORM:
VSBY 1/2 MILE OR LESS
8 = SMOKE OR HAZE
[NO. OF DAYS WITH] [WEATHER - DAYS WITH] 9 = BLOWING SNOW
X = TORNADO
MAX 32 OR BELOW: 0 0.01 INCH OR MORE: 4
MAX 90 OR ABOVE: 4 0.10 INCH OR MORE: 3
MIN 32 OR BELOW: 6 0.50 INCH OR MORE: 0
MIN 0 OR BELOW: 0 1.00 INCH OR MORE: 0
[HDD (BASE 65) ]
TOTAL THIS MO. 229 CLEAR (SCALE 0-3) 22
DPTR FM NORMAL M PTCLDY (SCALE 4-7) 8
TOTAL FM JUL 1 1725 CLOUDY (SCALE 8-10) 1
DPTR FM NORMAL M
[CDD (BASE 65) ]
TOTAL THIS MO. 56
DPTR FM NORMAL M [PRESSURE DATA]
TOTAL FM JAN 1 65 HIGHEST SLP M ON M
DPTR FM NORMAL M LOWEST SLP M ON M
[REMARKS]
#FINAL-03-22#