000
CXUS54 KFWD 010833
CF6MKN
PRELIMINARY LOCAL CLIMATOLOGICAL DATA (WS FORM: F-6)
STATION: COMANCHE
MONTH: FEBRUARY
YEAR: 2024
LATITUDE: 31 55 N
LONGITUDE: 98 36 W
TEMPERATURE IN F: :PCPN: SNOW: WIND :SUNSHINE: SKY :PK WND
================================================================================
1 2 3 4 5 6A 6B 7 8 9 10 11 12 13 14 15 16 17 18
12Z AVG MX 2MIN
DY MAX MIN AVG DEP HDD CDD WTR SNW DPTH SPD SPD DIR MIN PSBL S-S WX SPD DR
================================================================================
1 73 52 63 M 2 0 0.00 M M 10.8 18 190 M M 1 22 200
2 66 51 59 M 6 0 0.38 M M 12.7 18 180 M M 8 3 24 160
3 65 49 57 M 8 0 0.00 M M 10.2 20 250 M M 3 1 25 250
4 65 49 57 M 8 0 0.00 M M 16.6 24 340 M M 6 18 33 340
5 61 46 54 M 11 0 0.00 M M 12.8 21 350 M M 5 18 27 330
6 71 39 55 M 10 0 0.00 M M 3.2 7 170 M M 1 18 M M
7 64 45 55 M 10 0 0.00 M M 10.6 20 180 M M 1 8 24 170
8 64 53 59 M 6 0 0.00 M M 8.1 13 220 M M 2 18 M M
9 71 51 61 M 4 0 0.00 M M 5.6 14 250 M M 1 8 18 220
10 62 51 57 M 8 0 0.25 M M 6.7 14 140 M M 10 18 17 110
11 53 36 45 M 20 0 0.31 M M 13.7 20 320 M M 10 1 29 320
12 38 37 38 M 27 0 0.00 M M 15.6 21 330 M M 3 26 330
13 M M M M M M 0.00 M M M M M M M 0 M M
14 M M M M M M 0.00 M M M M M M M 0 M M
15 M M M M M M 0.00 M M M M M M M 0 M M
16 M M M M M M 0.00 M M M M M M M 0 M M
17 M M M M M M 0.00 M M M M M M M 0 M M
18 M M M M M M 0.00 M M M M M M M 0 M M
19 M M M M M M 0.00 M M M M M M M 0 M M
20 83 62 73 M 0 8 0.00 M M 10.9 17 200 M M 0 25 200
21 83 55 69 M 0 4 0.00 M M 12.5 21 180 M M 0 28 190
22 81 56 69 M 0 4 0.00 M M 11.1 20 340 M M 0 28 340
23 71 48 60 M 5 0 0.00 M M 6.8 10 340 M M 0 16 20
24 78 43 61 M 4 0 0.00 M M 7.1 14 200 M M 0 21 210
25 85 56 71 M 0 6 0.00 M M 14.0 21 220 M M 0 29 210
26 93 65 79 M 0 14 0.00 M M 11.2 18 210 M M 0 24 210
27 82 59 71 M 0 6 0.00 M M 7.1 15 220 M M 0 8 21 200
28 78 39 59 M 6 0 0.00 M M 12.7 24 330 M M 2 8 32 340
29 41 38 40 M 25 0 0.01 M M 3.8 7 50 M M 3 8 M M
================================================================================
SM 1528 1080 160 42 0.95 M 223.7 M 56
================================================================================
AV 69.5 49.1 10.2 FASTST M M 2 MAX(MPH)
MISC ----> # 24 340 33 340
================================================================================
NOTES:
# LAST OF SEVERAL OCCURRENCES
COLUMN 17 PEAK WIND IN M.P.H.
PRELIMINARY LOCAL CLIMATOLOGICAL DATA (WS FORM: F-6) , PAGE 2
STATION: COMANCHE
MONTH: FEBRUARY
YEAR: 2024
LATITUDE: 31 55 N
LONGITUDE: 98 36 W
[TEMPERATURE DATA] [PRECIPITATION DATA] SYMBOLS USED IN COLUMN 16
AVERAGE MONTHLY: 59.3 TOTAL FOR MONTH: 0.95 1 = FOG OR MIST
DPTR FM NORMAL: 0.0 DPTR FM NORMAL: -1.21 2 = FOG REDUCING VISIBILITY
HIGHEST: 93 ON 26 GRTST 24HR 0.38 ON 2- 2 TO 1/4 MILE OR LESS
LOWEST: 36 ON 11 3 = THUNDER
SNOW, ICE PELLETS, HAIL 4 = ICE PELLETS
TOTAL MONTH: M 5 = HAIL
GRTST 24HR M ON M 6 = FREEZING RAIN OR DRIZZLE
GRTST DEPTH: M ON M 7 = DUSTSTORM OR SANDSTORM:
VSBY 1/2 MILE OR LESS
8 = SMOKE OR HAZE
[NO. OF DAYS WITH] [WEATHER - DAYS WITH] 9 = BLOWING SNOW
X = TORNADO
MAX 32 OR BELOW: 0 0.01 INCH OR MORE: 4
MAX 90 OR ABOVE: 1 0.10 INCH OR MORE: 3
MIN 32 OR BELOW: 0 0.50 INCH OR MORE: 0
MIN 0 OR BELOW: 0 1.00 INCH OR MORE: 0
[HDD (BASE 65) ]
TOTAL THIS MO. 160 CLEAR (SCALE 0-3) 24
DPTR FM NORMAL M PTCLDY (SCALE 4-7) 3
TOTAL FM JUL 1 504 CLOUDY (SCALE 8-10) 2
DPTR FM NORMAL M
[CDD (BASE 65) ]
TOTAL THIS MO. 42
DPTR FM NORMAL M [PRESSURE DATA]
TOTAL FM JAN 1 42 HIGHEST SLP M ON M
DPTR FM NORMAL M LOWEST SLP M ON M
[REMARKS]
#FINAL-02-24#