343
CXUS54 KFWD 010731
CF6MKN
PRELIMINARY LOCAL CLIMATOLOGICAL DATA (WS FORM: F-6)
STATION: COMANCHE
MONTH: MAY
YEAR: 2020
LATITUDE: 31 55 N
LONGITUDE: 98 36 W
TEMPERATURE IN F: :PCPN: SNOW: WIND :SUNSHINE: SKY :PK WND
================================================================================
1 2 3 4 5 6A 6B 7 8 9 10 11 12 13 14 15 16 17 18
12Z AVG MX 2MIN
DY MAX MIN AVG DEP HDD CDD WTR SNW DPTH SPD SPD DIR MIN PSBL S-S WX SPD DR
================================================================================
1 91 61 76 M 0 11 0.00 0.0 0 13.8 27 190 M M 0 33 190
2 93 64 79 M 0 14 0.00 0.0 0 14.4 24 200 M M 0 28 200
3 99 68 84 M 0 19 0.00 0.0 0 10.5 15 190 M M 0 22 180
4 99 70 85 M 0 20 0.00 0.0 0 13.5 17 170 M M 0 25 210
5 81 59 70 M 0 5 0.00 0.0 0 11.2 29 20 M M 4 35 20
6 82 52 67 M 0 2 0.00 0.0 0 5.8 12 130 M M 0 18 130
7 84 52 68 M 0 3 0.00 0.0 0 14.6 24 190 M M 3 36 190
8 75 54 65 M 0 0 0.00 0.0 0 15.0 25 350 M M 3 32 350
9 75 46 61 M 4 0 0.00 0.0 0 5.6 12 120 M M 2 M M
10 81 48 65 M 0 0 0.00 0.0 0 5.2 13 140 M M 0 13 130
11 82 52 67 M 0 2 0.00 0.0 0 10.1 16 150 M M 2 23 160
12 81 64 73 M 0 8 M 0.0 0 8.7 16 170 M M 4 22 200
13 90 63 77 M 0 12 0.00 0.0 0 12.6 17 150 M M 7 24 150
14 93 66 80 M 0 15 0.00 0.0 0 12.4 17 140 M M 3 23 160
15 91 61 76 M 0 11 0.44 0.0 0 12.8 24 360 M M 5 3 31 360
16 70 61 66 M 0 1 0.00 0.0 0 7.8 18 330 M M 7 3 25 340
17 86 63 75 M 0 10 0.00 0.0 0 6.2 10 320 M M 0 16 30
18 95 63 79 M 0 14 0.00 0.0 0 8.1 14 200 M M 0 16 210
19 99 72 86 M 0 21 0.00 0.0 0 6.3 15 210 M M 0 22 200
20 93 70 82 M 0 17 0.00 0.0 0 6.5 14 130 M M 3 123 18 130
21 90 66 78 M 0 13 M 0.0 0 10.9 23 160 M M 3 3 33 160
22 91 64 78 M 0 13 0.00 0.0 0 12.0 18 210 M M 1 30 140
23 91 70 81 M 0 16 0.00 0.0 0 12.9 21 180 M M 6 29 180
24 93 63 78 M 0 13 0.02 0.0 0 12.8 21 120 M M 4 3 30 190
25 79 63 71 M 0 6 0.03 0.0 0 4.8 12 320 M M 6 3 M M
26 81 61 71 M 0 6 0.01 0.0 0 6.9 15 320 M M 3 3 22 340
27 86 59 73 M 0 8 0.00 0.0 0 4.8 10 120 M M 2 3 20 90
28 84 63 74 M 0 9 0.00 0.0 0 3.8 13 140 M M 4 3 17 180
29 84 63 74 M 0 9 0.00 0.0 0 6.4 14 40 M M 0 18 50
30 84 64 74 M 0 9 0.00 0.0 0 3.9 8 30 M M 0 M M
31 88 63 76 M 0 11 0.00 0.0 0 4.9 12 120 M M 4 M M
================================================================================
SM 2691 1908 4 298 0.50 0.0 285.2 M 76
================================================================================
AV 86.8 61.6 9.2 FASTST M M 2 MAX(MPH)
MISC ----> # 29 20 # 36 190
================================================================================
NOTES:
# LAST OF SEVERAL OCCURRENCES
COLUMN 17 PEAK WIND IN M.P.H.
PRELIMINARY LOCAL CLIMATOLOGICAL DATA (WS FORM: F-6) , PAGE 2
STATION: COMANCHE
MONTH: MAY
YEAR: 2020
LATITUDE: 31 55 N
LONGITUDE: 98 36 W
[TEMPERATURE DATA] [PRECIPITATION DATA] SYMBOLS USED IN COLUMN 16
AVERAGE MONTHLY: 74.2 TOTAL FOR MONTH: 0.50 1 = FOG OR MIST
DPTR FM NORMAL: M DPTR FM NORMAL: -3.55 2 = FOG REDUCING VISIBILITY
HIGHEST: 99 ON 19, 4 GRTST 24HR 0.44 ON 15-15 TO 1/4 MILE OR LESS
LOWEST: 46 ON 9 3 = THUNDER
SNOW, ICE PELLETS, HAIL 4 = ICE PELLETS
TOTAL MONTH: 0.0 INCH 5 = HAIL
GRTST 24HR 0.0 6 = FREEZING RAIN OR DRIZZLE
GRTST DEPTH: 0 7 = DUSTSTORM OR SANDSTORM:
VSBY 1/2 MILE OR LESS
8 = SMOKE OR HAZE
[NO. OF DAYS WITH] [WEATHER - DAYS WITH] 9 = BLOWING SNOW
X = TORNADO
MAX 32 OR BELOW: 0 0.01 INCH OR MORE: 4
MAX 90 OR ABOVE: 14 0.10 INCH OR MORE: 1
MIN 32 OR BELOW: 0 0.50 INCH OR MORE: 0
MIN 0 OR BELOW: 0 1.00 INCH OR MORE: 0
[HDD (BASE 65) ]
TOTAL THIS MO. 4 CLEAR (SCALE 0-3) 18
DPTR FM NORMAL M PTCLDY (SCALE 4-7) 13
TOTAL FM JUL 1 1778 CLOUDY (SCALE 8-10) 0
DPTR FM NORMAL M
[CDD (BASE 65) ]
TOTAL THIS MO. 298
DPTR FM NORMAL M [PRESSURE DATA]
TOTAL FM JAN 1 400 HIGHEST SLP M ON M
DPTR FM NORMAL M LOWEST SLP M ON M
[REMARKS]
#FINAL-05-20#