000
CXUS52 KMLB 010628
CF6MLB
PRELIMINARY LOCAL CLIMATOLOGICAL DATA (WS FORM: F-6)
STATION: MELBOURNE
MONTH: JULY
YEAR: 2021
LATITUDE: 28 6 N
LONGITUDE: 80 39 W
TEMPERATURE IN F: :PCPN: SNOW: WIND :SUNSHINE: SKY :PK WND
================================================================================
1 2 3 4 5 6A 6B 7 8 9 10 11 12 13 14 15 16 17 18
12Z AVG MX 2MIN
DY MAX MIN AVG DEP HDD CDD WTR SNW DPTH SPD SPD DIR MIN PSBL S-S WX SPD DR
================================================================================
1 84 75 80 -3 0 15 0.03 0.0 0 7.9 17 100 M M 3 21 100
2 92 73 83 0 0 18 0.00 0.0 0 8.8 25 260 M M 2 3 34 260
3 88 75 82 -1 0 17 0.21 0.0 0 11.0 20 290 M M 3 13 26 250
4 93 73 83 0 0 18 0.36 0.0 0 7.2 24 10 M M 2 13 29 10
5 88 74 81 -2 0 16 0.70 0.0 0 7.6 25 170 M M 3 1 37 180
6 85 75 80 -3 0 15 T 0.0 0 10.7 17 100 M M 2 22 120
7 88 79 84 1 0 19 0.06 0.0 0 10.3 18 180 M M 3 8 27 180
8 92 77 85 2 0 20 0.00 0.0 0 6.8 24 360 M M 2 38 29 360
9 90 73 82 -1 0 17 0.14 0.0 0 5.6 23 290 M M 2 138 29 300
10 89 73 81 -2 0 16 0.01 0.0 0 4.9 18 310 M M 2 3 24 310
11 87 74 81 -2 0 16 T 0.0 0 6.2 14 110 M M 1 3 19 120
12 88 76 82 -1 0 17 T 0.0 0 6.8 20 100 M M 2 3 24 100
13 86 77 82 -1 0 17 0.06 0.0 0 11.7 22 120 M M 4 13 27 120
14 85 78 82 -1 0 17 0.19 0.0 0 9.3 20 120 M M 2 1 25 120
15 87 80 84 1 0 19 0.01 0.0 0 10.4 16 80 M M 3 20 60
16 87 79 83 0 0 18 0.09 0.0 0 9.7 17 110 M M 2 8 25 110
17 88 76 82 -1 0 17 0.00 0.0 0 7.9 14 100 M M 1 19 80
18 90 77 84 1 0 19 0.00 0.0 0 8.2 17 110 M M 1 22 110
19 90 77 84 1 0 19 0.00 0.0 0 8.0 20 140 M M 2 24 120
20 93 77 85 2 0 20 T 0.0 0 7.5 23 220 M M 3 3 30 210
21 95 76 86 3 0 21 0.00 0.0 0 7.8 18 130 M M 2 3 23 110
22 92 76 84 1 0 19 T 0.0 0 7.1 21 40 M M 2 38 26 40
23 95 77 86 3 0 21 0.08 0.0 0 6.7 17 290 M M 3 138 22 290
24 90 74 82 -1 0 17 0.00 0.0 0 8.8 18 40 M M 1 1 23 30
25 92 75 84 1 0 19 0.10 0.0 0 8.4 20 30 M M 4 1 24 40
26 91 77 84 1 0 19 T 0.0 0 6.2 24 300 M M 2 3 27 140
27 91 76 84 1 0 19 0.47 0.0 0 6.0 17 110 M M 2 138 21 110
28 92 76 84 1 0 19 0.89 0.0 0 6.4 26 280 M M 2 13 34 280
29 92 75 84 1 0 19 1.73 0.0 0 5.3 29 250 M M 2 1238 34 250
30 92 73 83 0 0 18 0.00 0.0 0 6.1 14 110 M M 2 12 17 130
31 95 77 86 3 0 21 T 0.0 0 7.0 15 190 M M 2 20 190
================================================================================
SM 2787 2350 0 562 5.13 0.0 242.3 M 69
================================================================================
AV 89.9 75.8 7.8 FASTST M M 2 MAX(MPH)
MISC ----> 29 250 37 180
================================================================================
NOTES:
# LAST OF SEVERAL OCCURRENCES
COLUMN 17 PEAK WIND IN M.P.H.
PRELIMINARY LOCAL CLIMATOLOGICAL DATA (WS FORM: F-6) , PAGE 2
STATION: MELBOURNE
MONTH: JULY
YEAR: 2021
LATITUDE: 28 6 N
LONGITUDE: 80 39 W
[TEMPERATURE DATA] [PRECIPITATION DATA] SYMBOLS USED IN COLUMN 16
AVERAGE MONTHLY: 82.9 TOTAL FOR MONTH: 5.13 1 = FOG OR MIST
DPTR FM NORMAL: -0.2 DPTR FM NORMAL: -1.37 2 = FOG REDUCING VISIBILITY
HIGHEST: 95 ON 31,23 GRTST 24HR 1.74 ON 28-29 TO 1/4 MILE OR LESS
LOWEST: 73 ON 30,10 3 = THUNDER
SNOW, ICE PELLETS, HAIL 4 = ICE PELLETS
TOTAL MONTH: 0.0 INCH 5 = HAIL
GRTST 24HR 0.0 6 = FREEZING RAIN OR DRIZZLE
GRTST DEPTH: 0 7 = DUSTSTORM OR SANDSTORM:
VSBY 1/2 MILE OR LESS
8 = SMOKE OR HAZE
[NO. OF DAYS WITH] [WEATHER - DAYS WITH] 9 = BLOWING SNOW
X = TORNADO
MAX 32 OR BELOW: 0 0.01 INCH OR MORE: 16
MAX 90 OR ABOVE: 18 0.10 INCH OR MORE: 9
MIN 32 OR BELOW: 0 0.50 INCH OR MORE: 3
MIN 0 OR BELOW: 0 1.00 INCH OR MORE: 1
[HDD (BASE 65) ]
TOTAL THIS MO. 0 CLEAR (SCALE 0-3) 28
DPTR FM NORMAL 0 PTCLDY (SCALE 4-7) 3
TOTAL FM JUL 1 0 CLOUDY (SCALE 8-10) 0
DPTR FM NORMAL 0
[CDD (BASE 65) ]
TOTAL THIS MO. 562
DPTR FM NORMAL 1 [PRESSURE DATA]
TOTAL FM JAN 1 2104 HIGHEST SLP M ON M
DPTR FM NORMAL 43 LOWEST SLP 29.87 ON 25
[REMARKS]
#FINAL-07-21#