000
CXUS54 KTSA 010850
CF6MLC
PRELIMINARY LOCAL CLIMATOLOGICAL DATA (WS FORM: F-6)
STATION: MCALESTER OKLAHOMA
MONTH: SEPTEMBER
YEAR: 2023
LATITUDE: 34 52 N
LONGITUDE: 95 47 W
TEMPERATURE IN F: :PCPN: SNOW: WIND :SUNSHINE: SKY :PK WND
================================================================================
1 2 3 4 5 6A 6B 7 8 9 10 11 12 13 14 15 16 17 18
12Z AVG MX 2MIN
DY MAX MIN AVG DEP HDD CDD WTR SNW DPTH SPD SPD DIR MIN PSBL S-S WX SPD DR
================================================================================
1 96 61 79 0 0 14 0.00 0.0 M 3.7 10 220 M M 2 22 50
2 94 59 77 -2 0 12 0.00 0.0 M 3.3 10 150 M M 1 19 110
3 100 71 86 8 0 21 0.00 0.0 M 4.4 15 190 M M 1 30 200
4 96 74 85 7 0 20 T 0.0 M 7.3 16 200 M M 2 38 30 140
5 102 77 90 12 0 25 0.00 0.0 M 8.1 20 220 M M 1 30 220
6 96 71 84 6 0 19 T 0.0 M 6.5 16 20 M M 1 27 20
7 104 67 86 9 0 21 0.00 0.0 M 4.1 10 20 M M 2 16 80
8 93 70 82 5 0 17 0.06 0.0 M 5.3 17 100 M M 2 3 33 90
9 93 65 79 2 0 14 0.00 0.0 M 4.3 14 10 M M 3 1 20 10
10 91 57 74 -2 0 9 0.00 0.0 M 2.7 9 50 M M 1 16 60
11 87 62 75 -1 0 10 0.10 0.0 M 3.3 13 20 M M 3 17 20
12 73 65 69 -7 0 4 0.34 0.0 M 4.4 12 20 M M 9 1 16 360
13 81 65 73 -2 0 8 0.00 0.0 M 2.5 9 60 M M 7 1 16 110
14 78 61 70 -5 0 5 0.02 0.0 M 3.2 8 80 M M 8 16 270
15 86 62 74 -1 0 9 0.00 0.0 M 2.8 12 10 M M 7 17 20
16 85 60 73 -1 0 8 0.00 0.0 M 2.9 14 10 M M 6 19 10
17 91 55 73 -1 0 8 0.00 0.0 M 2.6 13 330 M M 2 18 320
18 93 54 74 0 0 9 0.00 0.0 M 4.4 14 240 M M 1 19 260
19 86 66 76 3 0 11 0.22 0.0 M 5.0 18 280 M M 3 13 28 280
20 82 66 74 1 0 9 0.09 0.0 M 6.0 14 170 M M 6 3 24 150
21 90 67 79 6 0 14 0.10 0.0 M 6.4 21 270 M M 4 3 28 270
22 81 67 74 2 0 9 1.02 0.0 M 7.1 20 360 M M 7 13 29 130
23 94 69 82 10 0 17 0.95 0.0 M 9.1 28 350 M M 2 13 42 30
24 82 69 76 4 0 11 0.99 0.0 M 4.0 25 330 M M 5 13 38 290
25 88 63 76 5 0 11 0.00 0.0 M 3.2 13 360 M M 4 12 19 10
26 91 60 76 5 0 11 0.00 0.0 M 1.1 7 60 M M 1 11 70
27 91 60 76 6 0 11 0.00 0.0 M 2.6 10 220 M M 1 15 230
28 92 62 77 7 0 12 0.00 0.0 M 3.2 12 220 M M 2 17 210
29 92 69 81 11 0 16 0.00 0.0 M 5.1 10 210 M M 2 18 90
30 91 65 78 9 0 13 0.00 0.0 M 3.9 12 210 M M 1 16 110
================================================================================
SM 2699 1939 0 378 3.89 0.0 132.5 M 97
================================================================================
AV 90.0 64.6 4.4 FASTST M M 3 MAX(MPH)
MISC ----> 28 350 42 30
================================================================================
NOTES:
# LAST OF SEVERAL OCCURRENCES
COLUMN 17 PEAK WIND IN M.P.H.
PRELIMINARY LOCAL CLIMATOLOGICAL DATA (WS FORM: F-6) , PAGE 2
STATION: MCALESTER OKLAHOMA
MONTH: SEPTEMBER
YEAR: 2023
LATITUDE: 34 52 N
LONGITUDE: 95 47 W
[TEMPERATURE DATA] [PRECIPITATION DATA] SYMBOLS USED IN COLUMN 16
AVERAGE MONTHLY: 77.3 TOTAL FOR MONTH: 3.89 1 = FOG OR MIST
DPTR FM NORMAL: 3.0 DPTR FM NORMAL: 0.23 2 = FOG REDUCING VISIBILITY
HIGHEST: 104 ON 7 GRTST 24HR 1.94 ON 23-24 TO 1/4 MILE OR LESS
LOWEST: 54 ON 18 3 = THUNDER
SNOW, ICE PELLETS, HAIL 4 = ICE PELLETS
TOTAL MONTH: 0.0 INCH 5 = HAIL
GRTST 24HR 0.0 6 = FREEZING RAIN OR DRIZZLE
GRTST DEPTH: M ON M 7 = DUSTSTORM OR SANDSTORM:
VSBY 1/2 MILE OR LESS
8 = SMOKE OR HAZE
[NO. OF DAYS WITH] [WEATHER - DAYS WITH] 9 = BLOWING SNOW
X = TORNADO
MAX 32 OR BELOW: 0 0.01 INCH OR MORE: 10
MAX 90 OR ABOVE: 19 0.10 INCH OR MORE: 7
MIN 32 OR BELOW: 0 0.50 INCH OR MORE: 3
MIN 0 OR BELOW: 0 1.00 INCH OR MORE: 1
[HDD (BASE 65) ]
TOTAL THIS MO. 0 CLEAR (SCALE 0-3) 18
DPTR FM NORMAL -14 PTCLDY (SCALE 4-7) 11
TOTAL FM JUL 1 0 CLOUDY (SCALE 8-10) 1
DPTR FM NORMAL -13
[CDD (BASE 65) ]
TOTAL THIS MO. 378
DPTR FM NORMAL 83 [PRESSURE DATA]
TOTAL FM JAN 1 2216 HIGHEST SLP 30.16 ON 10
DPTR FM NORMAL 186 LOWEST SLP 29.68 ON 23
[REMARKS]
#FINAL-09-23#