000
CDUS43 KDVN 262121
CLIMLI


CLIMATE REPORT
NATIONAL WEATHER SERVICE QUAD CITIES IA IL
420 PM CDT THU APR 26 2018


...................................

...THE MOLINE IL CLIMATE SUMMARY FOR APRIL 26 2018...
VALID TODAY AS OF 0400 PM LOCAL TIME.

CLIMATE NORMAL PERIOD 1981 TO 2010
CLIMATE RECORD PERIOD 1872 TO 2018


WEATHER ITEM   OBSERVED TIME   RECORD YEAR NORMAL DEPARTURE LAST
                VALUE   (LST)  VALUE       VALUE  FROM      YEAR
                                                  NORMAL
..................................................................
TEMPERATURE (F)
 TODAY
  MAXIMUM         72    248 PM  89    1986  66      6       72
  MINIMUM         32    445 AM  29    2006  44    -12       44
  AVERAGE         52                        55     -3       58

PRECIPITATION (IN)
  TODAY            0.00          2.47 1943   0.13  -0.13     0.40
  MONTH TO DATE    0.95                      3.05  -2.10     3.60
  SINCE MAR 1      4.23                      5.91  -1.68     7.09
  SINCE JAN 1      8.06                      9.00  -0.94     9.50

SNOWFALL (IN)
  TODAY            0.0          MM      MM   0.0    0.0      0.0
  MONTH TO DATE    3.2                       0.9    2.3      0.0
  SINCE MAR 1     13.6                       4.9    8.7      5.9
  SINCE JUL 1     41.7                      31.6   10.1     22.4
  SNOW DEPTH       0

DEGREE DAYS
 HEATING
  TODAY           13                        10      3        7
  MONTH TO DATE  609                       383    226      236
  SINCE MAR 1   1456                      1187    269      982
  SINCE JUL 1   6083                      5985     98     4785

 COOLING
  TODAY            0                         1     -1        0
  MONTH TO DATE    0                        10    -10       14
  SINCE MAR 1      0                        11    -11       14
  SINCE JAN 1      0                        11    -11       14
..................................................................


WIND (MPH)
  HIGHEST WIND SPEED    14   HIGHEST WIND DIRECTION     W (280)
  HIGHEST GUST SPEED    18   HIGHEST GUST DIRECTION     W (270)
  AVERAGE WIND SPEED     5.9


SKY COVER
  POSSIBLE SUNSHINE  MM
  AVERAGE SKY COVER 0.0


WEATHER CONDITIONS
 THE FOLLOWING WEATHER WAS RECORDED TODAY.
  NO SIGNIFICANT WEATHER WAS OBSERVED.


RELATIVE HUMIDITY (PERCENT)
 HIGHEST    82           300 AM
 LOWEST     20           300 PM
 AVERAGE    51

..........................................................


THE MOLINE IL CLIMATE NORMALS FOR TOMORROW
                         NORMAL    RECORD    YEAR
 MAXIMUM TEMPERATURE (F)   67        86      1981
                                             1977
 MINIMUM TEMPERATURE (F)   45        27      1933


SUNRISE AND SUNSET
APRIL 26 2018.........SUNRISE   606 AM CDT   SUNSET   754 PM CDT
APRIL 27 2018.........SUNRISE   605 AM CDT   SUNSET   756 PM CDT


-  INDICATES NEGATIVE NUMBERS.
R  INDICATES RECORD WAS SET OR TIED.
MM INDICATES DATA IS MISSING.
T  INDICATES TRACE AMOUNT.




$$
