000
CXUS53 KDVN 011425
CLMMLI
CLIMATE REPORT
NATIONAL WEATHER SERVICE QUAD CITIES IA IL
825 AM CST FRI MAR 01 2024
...................................
...THE MOLINE IL CLIMATE SUMMARY FOR THE MONTH OF FEBRUARY 2024...
CLIMATE NORMAL PERIOD 1991 TO 2020
CLIMATE RECORD PERIOD 1872 TO 2024
WEATHER OBSERVED NORMAL DEPART LAST YEAR`S
VALUE DATE(S) VALUE FROM VALUE
NORMAL
..............................................................
TEMPERATURE (F)
RECORD
HIGH 79 02/27/2024
LOW -28 02/03/1996
HIGHEST 79R 02/27 41 38
LOWEST 10 02/17 15 -5
AVG. MAXIMUM 52.4 36.6 15.8
AVG. MINIMUM 26.6 18.8 7.8
MEAN 39.5 27.7 11.8
DAYS MAX >= 90 0 0.0 0.0
DAYS MAX <= 32 2 10.5 -8.5
DAYS MIN <= 32 21 24.8 -3.8
DAYS MIN <= 0 0 2.6 -2.6
PRECIPITATION (INCHES)
RECORD
MAXIMUM 4.87 1887
MINIMUM 0.07 1877
TOTALS 0.26 1.83 -1.57
DAILY AVG. 0.01
DAYS >= .01 4 8.7 -4.7
DAYS >= .10 1
DAYS >= .50 0
DAYS >= 1.00 0 0.4 -0.4
GREATEST
24 HR. TOTAL 0.12 02/27 TO 02/27
SNOWFALL (INCHES)
RECORDS
TOTAL 22.3 2014
TOTALS 0.6 8.6 -8.0
SINCE 7/1 33.3 30.6 2.7
SNOWDEPTH AVG. T
DAYS >= TRACE 2 6.0 -4.0
DAYS >= 1.0 0 2.4 -2.4
GREATEST
SNOW DEPTH T
24 HR TOTAL 0.6 02/16 TO 02/16
DEGREE DAYS
HEATING TOTAL 732 1044 -312
SINCE 7/1 3863 4715 -852
COOLING TOTAL 0 0 0
SINCE 1/1 0 0 0
..............................................................
WIND (MPH)
AVERAGE WIND SPEED 9.0
HIGHEST WIND SPEED/DIRECTION 36/310 DATE 02/27
36/300 02/28
HIGHEST GUST SPEED/DIRECTION 49/300 DATE 02/27
SKY COVER
AVERAGE SKY COVER 0.17
NUMBER OF DAYS FAIR 24
NUMBER OF DAYS PC 4
NUMBER OF DAYS CLOUDY 1
AVERAGE RH (PERCENT) 61
WEATHER CONDITIONS. NUMBER OF DAYS WITH
THUNDERSTORM 1 HAIL 0
SLEET 0 FOG 7
FOG W/VIS <= 1/4 MILE 1 HAZE 4
- INDICATES NEGATIVE NUMBERS.
R INDICATES RECORD WAS SET OR TIED.
MM INDICATES DATA IS MISSING.
T INDICATES TRACE AMOUNT.
$$
===================================================================
NOTE: SUPPLEMENTAL CLIMATE DATA WAS USED FROM A NEARBY
CLIMATOLOGICALLY REPRESENTATIVE STATION.
===================================================================
PARAMETER DATE
--------- ----
SNW 2/16