000
CXUS53 KDVN 011016
CLSMLI
CLIMATE REPORT
NATIONAL WEATHER SERVICE QUAD CITIES IA IL
516 AM CDT THU SEP 01 2022
...................................
...THE MOLINE IL CLIMATE SUMMARY FOR THE SEASON, FROM
6/1/2022 TO 8/31/2022...
CLIMATE NORMAL PERIOD 1991 TO 2020
CLIMATE RECORD PERIOD 1872 TO 2022
WEATHER OBSERVED NORMAL DEPART LAST YEAR`S
VALUE DATE(S) VALUE FROM VALUE
NORMAL
..............................................................
TEMPERATURE (F)
RECORD
HIGH 111 07/14/1936
LOW 39 06/01/1993
06/11/1972
06/04/1945
HIGHEST 98 06/21 86 12
LOWEST 49 06/19 56 -7
AVG. MAXIMUM 85.1 84.5 0.6
AVG. MINIMUM 63.2 62.9 0.3
MEAN 74.2 73.7 0.5
DAYS MAX >= 90 13 18.5 -5.5
DAYS MAX <= 32 0 0.0 0.0
DAYS MIN <= 32 0 0.0 0.0
DAYS MIN <= 0 0 0.0 0.0
PRECIPITATION (INCHES)
RECORD
MAXIMUM 26.79 1993
MINIMUM 0.76 2013
TOTALS 11.45 13.21 -1.76
DAILY AVG. 0.13 0.14 -0.01
DAYS >= .01 27 29.3 -2.3
DAYS >= .10 18
DAYS >= .50 9
DAYS >= 1.00 2 4.0 -2.0
GREATEST
24 HR. TOTAL 2.08 06/25 TO 06/25
SNOWFALL (INCHES)
RECORDS
TOTAL MM MM
24 HR TOTAL MM
TOTALS 0.0 0.0 0.0
SINCE 7/1 0.0 0.0 0.0
SNOWDEPTH AVG. 0
DAYS >= TRACE 0 0.0 0.0
DAYS >= 1.0 0 0.0 0.0
GREATEST
SNOW DEPTH 0
24 HR TOTAL 0.0
DEGREE DAYS
HEATING TOTAL 1 22 -21
SINCE 7/1 1 2 -1
COOLING TOTAL 866 819 47
SINCE 1/1 1025 908 117
..............................................................
WIND (MPH)
AVERAGE WIND SPEED 6.7
HIGHEST WIND SPEED/DIRECTION 33/310 DATE 07/05
HIGHEST GUST SPEED/DIRECTION 49/340 DATE 07/05
49/310 08/20
SKY COVER
POSSIBLE SUNSHINE (PERCENT) MM
AVERAGE SKY COVER 0.24
NUMBER OF DAYS FAIR 67
NUMBER OF DAYS PC 18
NUMBER OF DAYS CLOUDY 6
AVERAGE RH (PERCENT) 71
WEATHER CONDITIONS. NUMBER OF DAYS WITH
THUNDERSTORM 24 HAIL 0
SLEET 0 FOG 39
FOG W/VIS <= 1/4 MILE 5 HAZE 6
- INDICATES NEGATIVE NUMBERS.
R INDICATES RECORD WAS SET OR TIED.
MM INDICATES DATA IS MISSING.
T INDICATES TRACE AMOUNT.
$$