000
CXUS51 KCAR 010600
CF6MLT
PRELIMINARY LOCAL CLIMATOLOGICAL DATA (WS FORM: F-6)
STATION: MILLINOCKET ME
MONTH: APRIL
YEAR: 2020
LATITUDE: 45 39 N
LONGITUDE: 68 41 W
TEMPERATURE IN F: :PCPN: SNOW: WIND :SUNSHINE: SKY :PK WND
================================================================================
1 2 3 4 5 6A 6B 7 8 9 10 11 12 13 14 15 16 17 18
12Z AVG MX 2MIN
DY MAX MIN AVG DEP HDD CDD WTR SNW DPTH SPD SPD DIR MIN PSBL S-S WX SPD DR
================================================================================
1 38 32 35 1 30 0 0.05 M M 8.0 14 20 M M 10 18 20 50
2 44 35 40 6 25 0 1.32 M M 11.2 21 50 M M 10 1 32 60
3 48 36 42 7 23 0 0.19 M M 15.7 24 50 M M 10 1 38 60
4 50 34 42 7 23 0 0.00 M M 5.3 14 80 M M 8 18 40
5 54 33 44 8 21 0 T M M 3.1 14 290 M M 9 23 290
6 50 33 42 6 23 0 0.00 M M 10.1 24 310 M M 3 34 320
7 43 25 34 -3 31 0 0.00 M M 5.9 17 310 M M 3 23 320
8 47 22 35 -2 30 0 0.00 M M 3.0 13 40 M M 1 18 320
9 M M M M M M M M M M M M 0 0 0 0 0
10 M M M M M M M M M M M M 0 0 0 0 0
11 M M M M M M M M M M M M M M 6 1 M M
12 52 22 37 -2 28 0 0.00 M M 4.0 14 250 M M 1 19 230
13 53 35 44 4 21 0 1.43 M M 6.1 18 160 M M 10 12 30 170
14 53 33 43 3 22 0 0.00 M M 9.8 22 290 M M 1 37 300
15 47 28 38 -3 27 0 0.00 M M 5.9 18 290 M M 5 27 260
16 42 24 33 -8 32 0 T M M 8.0 21 310 M M 7 28 320
17 42 24 33 -9 32 0 T M M 6.7 21 290 M M 4 34 290
18 49 21 35 -7 30 0 0.00 M M 2.3 12 320 M M 1 8 15 350
19 59 22 41 -2 24 0 0.00 M M 2.7 12 180 M M 3 19 190
20 46 28 37 -6 28 0 T M M 9.0 24 290 M M 2 37 300
21 51 20 36 -8 29 0 0.62 M M 5.2 20 170 M M 4 1 30 170
22 33 26 30 -14 35 0 T M M 10.6 21 290 M M 7 18 33 300
23 44 24 34 -11 31 0 0.00 M M 10.4 21 300 M M 2 32 300
24 56 25 41 -4 24 0 0.00 M M 4.1 14 360 M M 0 16 340
25 58 27 43 -3 22 0 0.00 M M 4.3 17 320 M M 1 27 320
26 59 27 43 -3 22 0 T M M 6.3 14 40 M M 4 21 50
27 50 38 44 -3 21 0 0.00 M M 16.3 26 70 M M 10 35 80
28 56 37 47 0 18 0 0.00 M M 9.7 20 40 M M 9 30 30
29 62 35 49 1 16 0 0.00 M M 6.1 15 80 M M 0 21 60
30 54 35 45 -3 20 0 0.00 M M 5.8 16 140 M M 7 24 160
================================================================================
SM 1340 781 688 0 3.61 M 195.6 0 138
================================================================================
AV 49.6 28.9 7.2 FASTST 0 0 5 MAX(MPH)
MISC ----> # 26 70 # 38 60
================================================================================
NOTES:
# LAST OF SEVERAL OCCURRENCES
COLUMN 17 PEAK WIND IN M.P.H.
PRELIMINARY LOCAL CLIMATOLOGICAL DATA (WS FORM: F-6) , PAGE 2
STATION: MILLINOCKET ME
MONTH: APRIL
YEAR: 2020
LATITUDE: 45 39 N
LONGITUDE: 68 41 W
[TEMPERATURE DATA] [PRECIPITATION DATA] SYMBOLS USED IN COLUMN 16
AVERAGE MONTHLY: 39.3 TOTAL FOR MONTH: 3.61 1 = FOG OR MIST
DPTR FM NORMAL: -1.6 DPTR FM NORMAL: 0.05 2 = FOG REDUCING VISIBILITY
HIGHEST: 62 ON 29 GRTST 24HR 1.43 ON 13-13 TO 1/4 MILE OR LESS
LOWEST: 20 ON 21 3 = THUNDER
SNOW, ICE PELLETS, HAIL 4 = ICE PELLETS
TOTAL MONTH: M 5 = HAIL
GRTST 24HR M ON M 6 = FREEZING RAIN OR DRIZZLE
GRTST DEPTH: M ON M 7 = DUSTSTORM OR SANDSTORM:
VSBY 1/2 MILE OR LESS
8 = SMOKE OR HAZE
[NO. OF DAYS WITH] [WEATHER - DAYS WITH] 9 = BLOWING SNOW
X = TORNADO
MAX 32 OR BELOW: 0 0.01 INCH OR MORE: 5
MAX 90 OR ABOVE: 0 0.10 INCH OR MORE: 4
MIN 32 OR BELOW: 16 0.50 INCH OR MORE: 3
MIN 0 OR BELOW: 0 1.00 INCH OR MORE: 2
[HDD (BASE 65) ]
TOTAL THIS MO. 688 CLEAR (SCALE 0-3) 13
DPTR FM NORMAL -34 PTCLDY (SCALE 4-7) 10
TOTAL FM JUL 1 7498 CLOUDY (SCALE 8-10) 7
DPTR FM NORMAL -423
[CDD (BASE 65) ]
TOTAL THIS MO. 0
DPTR FM NORMAL 0 [PRESSURE DATA]
TOTAL FM JAN 1 0 HIGHEST SLP 30.41 ON 29
DPTR FM NORMAL 0 LOWEST SLP 28.91 ON 10
[REMARKS]
#FINAL-04-20#