000
CXUS53 KBIS 280830
CF6MOT
PRELIMINARY LOCAL CLIMATOLOGICAL DATA (WS FORM: F-6)
STATION: MINOT ND
MONTH: MARCH
YEAR: 2024
LATITUDE: 48 15 N
LONGITUDE: 101 16 W
TEMPERATURE IN F: :PCPN: SNOW: WIND :SUNSHINE: SKY :PK WND
================================================================================
1 2 3 4 5 6A 6B 7 8 9 10 11 12 13 14 15 16 17 18
12Z AVG MX 2MIN
DY MAX MIN AVG DEP HDD CDD WTR SNW DPTH SPD SPD DIR MIN PSBL S-S WX SPD DR
================================================================================
1 49 24 37 15 28 0 0.00 M M 13.6 26 290 M M 4 31 290
2 27 20 24 2 41 0 M M M 12.5 25 60 M M 6 1 35 60
3 27 10 19 -4 46 0 M M M 18.1 35 270 M M 10 1238 46 270
4 14 -1 7 -16 58 0 0.00 M M 14.2 31 260 M M 0 8 54 270
5 13 -6 4 -20 61 0 0.00 M M 5.9 13 70 M M 7 17 70
6 16 5 11 -13 54 0 M M M 13.9 22 270 M M 9 1 27 270
7 21 1 11 -14 54 0 T M M 12.2 20 250 M M 4 28 260
8 30 0 15 -10 50 0 0.00 M M 6.2 18 280 M M 2 22 280
9 44 9 27 1 38 0 0.00 M M 6.1 14 160 M M 0 16 160
10 51 28 40 14 25 0 0.00 M M 9.1 18 210 M M 0 28 190
11 52 33 43 16 22 0 0.00 M M 11.1 24 250 M M 0 31 260
12 52 31 42 15 23 0 0.00 M M 5.6 12 60 M M 4 16 70
13 54 26 40 12 25 0 0.00 M M 4.9 13 310 M M 2 12 17 310
14 37 25 31 3 34 0 T M M 8.8 16 330 M M 10 12 23 330
15 56 26 41 12 24 0 0.00 M M 19.7 36 240 M M 1 52 230
16 40 22 31 2 34 0 T M M 20.7 32 300 M M 5 44 310
17 27 15 21 -9 44 0 T M M 12.1 22 320 M M 7 1 31 330
18 61 15 38 8 27 0 0.00 M M 16.6 29 290 M M 0 40 290
19 40 17 29 -2 36 0 0.00 M M 16.1 26 330 M M 3 33 340
20 28 10 19 -12 46 0 M M M 4.5 12 350 M M 5 17 350
21 25 16 21 -11 44 0 T M M 7.1 13 360 M M 10 18 15 350
22 27 7 17 -15 48 0 0.00 M M 8.2 15 280 M M 4 21 260
23 30 8 19 -14 46 0 M M M 8.2 16 110 M M 6 1 24 100
24 24 15 20 -13 45 0 M M M 12.8 23 60 M M 10 1 31 60
25 27 6 17 -17 48 0 0.00 M M 11.7 22 350 M M 2 27 350
26 21 0 11 -23 54 0 T M M 14.0 23 300 M M 1 29 310
27 25 2 14 -21 51 0 0.00 M M 8.4 12 240 M M 0 16 260
================================================================================
SM 918 364 1106 0 T M 302.3 M 112
================================================================================
AV 34.0 13.5 11.2 FASTST M M 4 MAX(MPH)
MISC ----> 36 240 54 270
================================================================================
NOTES:
# LAST OF SEVERAL OCCURRENCES
COLUMN 17 PEAK WIND IN M.P.H.
PRELIMINARY LOCAL CLIMATOLOGICAL DATA (WS FORM: F-6) , PAGE 2
STATION: MINOT ND
MONTH: MARCH
YEAR: 2024
LATITUDE: 48 15 N
LONGITUDE: 101 16 W
[TEMPERATURE DATA] [PRECIPITATION DATA] SYMBOLS USED IN COLUMN 16
AVERAGE MONTHLY: 23.7 TOTAL FOR MONTH: T 1 = FOG OR MIST
DPTR FM NORMAL: -4.5 DPTR FM NORMAL: -0.41 2 = FOG REDUCING VISIBILITY
HIGHEST: 61 ON 18 GRTST 24HR 0.25 ON 3- 3 TO 1/4 MILE OR LESS
LOWEST: -6 ON 5 3 = THUNDER
SNOW, ICE PELLETS, HAIL 4 = ICE PELLETS
TOTAL MONTH: M 5 = HAIL
GRTST 24HR M ON M 6 = FREEZING RAIN OR DRIZZLE
GRTST DEPTH: M ON M 7 = DUSTSTORM OR SANDSTORM:
VSBY 1/2 MILE OR LESS
8 = SMOKE OR HAZE
[NO. OF DAYS WITH] [WEATHER - DAYS WITH] 9 = BLOWING SNOW
X = TORNADO
MAX 32 OR BELOW: 16 0.01 INCH OR MORE: 0
MAX 90 OR ABOVE: 0 0.10 INCH OR MORE: 0
MIN 32 OR BELOW: 26 0.50 INCH OR MORE: 0
MIN 0 OR BELOW: 4 1.00 INCH OR MORE: 0
[HDD (BASE 65) ]
TOTAL THIS MO. 1106 CLEAR (SCALE 0-3) 12
DPTR FM NORMAL 115 PTCLDY (SCALE 4-7) 10
TOTAL FM JUL 1 6779 CLOUDY (SCALE 8-10) 5
DPTR FM NORMAL -469
[CDD (BASE 65) ]
TOTAL THIS MO. 0
DPTR FM NORMAL 0 [PRESSURE DATA]
TOTAL FM JAN 1 0 HIGHEST SLP M ON M
DPTR FM NORMAL 0 LOWEST SLP 29.41 ON 3
[REMARKS]