000
CXUS51 KPHI 010815
CF6MPO
PRELIMINARY LOCAL CLIMATOLOGICAL DATA (WS FORM: F-6)
STATION: MOUNT POCONO PA
MONTH: MAY
YEAR: 2023
LATITUDE: 41 8 N
LONGITUDE: 75 24 W
TEMPERATURE IN F: :PCPN: SNOW: WIND :SUNSHINE: SKY :PK WND
================================================================================
1 2 3 4 5 6A 6B 7 8 9 10 11 12 13 14 15 16 17 18
12Z AVG MX 2MIN
DY MAX MIN AVG DEP HDD CDD WTR SNW DPTH SPD SPD DIR MIN PSBL S-S WX SPD DR
================================================================================
1 51 37 44 -7 21 0 0.24 M M 12.2 36 250 M M 8 1 48 250
2 48 35 42 -9 23 0 0.04 M M 11.8 21 240 M M 9 1 30 250
3 46 35 41 -10 24 0 0.14 M M 7.2 15 340 M M 9 1 19 280
4 54 38 46 -6 19 0 0.15 M M 6.8 16 320 M M 9 1 19 310
5 58 37 48 -4 17 0 T M M 6.8 17 360 M M 7 1 23 360
6 65 37 51 -1 14 0 0.00 M M 8.9 17 320 M M 1 22 320
7 71 36 54 2 11 0 0.03 M M 7.1 18 260 M M 4 24 270
8 67 51 59 6 6 0 0.04 M M 11.1 21 270 M M 4 1 28 290
9 65 44 55 2 10 0 0.00 M M 8.7 20 330 M M 2 26 330
10 66 40 53 0 12 0 0.00 M M 7.6 17 310 M M 0 22 340
11 73 38 56 2 9 0 0.00 M M 6.2 18 300 M M 0 24 310
12 78 45 62 8 3 0 0.00 M M 5.4 16 310 M M 1 22 300
13 73 54 64 10 1 0 0.00 M M 10.4 20 330 M M 0 28 330
14 64 39 52 -2 13 0 0.00 M M 12.1 24 320 M M 0 31 340
15 69 32 51 -4 14 0 0.00 M M 8.6 17 330 M M 0 22 330
16 72 41 57 2 8 0 0.00 M M 11.1 22 270 M M 0 31 210
17 54 34 44 -11 21 0 0.00 M M 14.5 26 300 M M 1 46 330
18 60 26 43 -13 22 0 0.00 M M 6.9 15 170 M M 0 21 170
19 66 41 54 -2 11 0 0.00 M M 9.0 17 200 M M 7 25 200
20 62 46 54 -2 11 0 0.05 M M 7.4 23 310 M M 8 12 30 310
21 68 44 56 0 9 0 0.00 M M 12.4 29 320 M M 4 38 320
22 72 43 58 1 7 0 0.00 M M 5.6 13 20 M M 3 16 320
23 70 45 58 1 7 0 0.00 M M 5.4 14 150 M M 0 1 20 150
24 74 44 59 2 6 0 0.06 M M 10.6 26 330 M M 4 1 35 330
25 63 37 50 -7 15 0 0.00 M M 10.6 21 320 M M 2 27 350
26 67 36 52 -6 13 0 0.00 M M 6.1 17 20 M M 0 22 20
27 75 39 57 -1 8 0 0.00 M M 3.4 10 140 M M 0 14 270
28 78 44 61 3 4 0 0.00 M M 4.8 12 150 M M 0 14 150
29 78 50 64 6 1 0 0.00 M M 9.0 16 70 M M 0 27 60
30 73 43 58 -1 7 0 0.00 M M 6.0 13 120 M M 0 18 100
31 78 40 59 0 6 0 0.00 M M 4.1 15 120 M M 0 19 120
================================================================================
SM 2058 1251 353 0 0.75 M 257.8 M 83
================================================================================
AV 66.4 40.4 8.3 FASTST M M 3 MAX(MPH)
MISC ----> 36 250 48 250
================================================================================
NOTES:
# LAST OF SEVERAL OCCURRENCES
COLUMN 17 PEAK WIND IN M.P.H.
PRELIMINARY LOCAL CLIMATOLOGICAL DATA (WS FORM: F-6) , PAGE 2
STATION: MOUNT POCONO PA
MONTH: MAY
YEAR: 2023
LATITUDE: 41 8 N
LONGITUDE: 75 24 W
[TEMPERATURE DATA] [PRECIPITATION DATA] SYMBOLS USED IN COLUMN 16
AVERAGE MONTHLY: 53.4 TOTAL FOR MONTH: 0.75 1 = FOG OR MIST
DPTR FM NORMAL: -1.6 DPTR FM NORMAL: -3.31 2 = FOG REDUCING VISIBILITY
HIGHEST: 78 ON 31,29 GRTST 24HR 2.46 ON 30- 1 TO 1/4 MILE OR LESS
LOWEST: 26 ON 18 3 = THUNDER
SNOW, ICE PELLETS, HAIL 4 = ICE PELLETS
TOTAL MONTH: M 5 = HAIL
GRTST 24HR M ON M 6 = FREEZING RAIN OR DRIZZLE
GRTST DEPTH: M ON M 7 = DUSTSTORM OR SANDSTORM:
VSBY 1/2 MILE OR LESS
8 = SMOKE OR HAZE
[NO. OF DAYS WITH] [WEATHER - DAYS WITH] 9 = BLOWING SNOW
X = TORNADO
MAX 32 OR BELOW: 0 0.01 INCH OR MORE: 8
MAX 90 OR ABOVE: 0 0.10 INCH OR MORE: 3
MIN 32 OR BELOW: 2 0.50 INCH OR MORE: 0
MIN 0 OR BELOW: 0 1.00 INCH OR MORE: 0
[HDD (BASE 65) ]
TOTAL THIS MO. 353 CLEAR (SCALE 0-3) 20
DPTR FM NORMAL 29 PTCLDY (SCALE 4-7) 7
TOTAL FM JUL 1 6283 CLOUDY (SCALE 8-10) 4
DPTR FM NORMAL -858
[CDD (BASE 65) ]
TOTAL THIS MO. 0
DPTR FM NORMAL -13 [PRESSURE DATA]
TOTAL FM JAN 1 1 HIGHEST SLP 30.36 ON 27
DPTR FM NORMAL -14 LOWEST SLP 29.08 ON 1
[REMARKS]
#FINAL-05-23#