000
CXUS51 KPHI 010915
CF6MPO
PRELIMINARY LOCAL CLIMATOLOGICAL DATA (WS FORM: F-6)
STATION: MOUNT POCONO PA
MONTH: FEBRUARY
YEAR: 2022
LATITUDE: 41 8 N
LONGITUDE: 75 24 W
TEMPERATURE IN F: :PCPN: SNOW: WIND :SUNSHINE: SKY :PK WND
================================================================================
1 2 3 4 5 6A 6B 7 8 9 10 11 12 13 14 15 16 17 18
12Z AVG MX 2MIN
DY MAX MIN AVG DEP HDD CDD WTR SNW DPTH SPD SPD DIR MIN PSBL S-S WX SPD DR
================================================================================
1 29 2 16 -7 49 0 0.00 M M 7.1 14 140 M M 1 19 110
2 37 23 30 7 35 0 0.00 M M 7.5 16 180 M M 8 12 21 190
3 45 33 39 16 26 0 1.32 M M 8.3 17 250 M M 10 1 23 240
4 33 14 24 1 41 0 1.12 M M 14.9 26 310 M M 10 16 32 310
5 15 4 10 -13 55 0 0.02 M M 15.8 29 310 M M 7 1 38 310
6 22 0 11 -13 54 0 0.00 M M 6.4 14 140 M M 0 19 140
7 34 17 26 2 39 0 T M M 3.3 10 210 M M 9 1 15 200
8 31 18 25 1 40 0 T M M 12.3 20 290 M M 5 25 300
9 41 15 28 4 37 0 0.00 M M 7.6 20 220 M M 0 23 210
10 40 26 33 9 32 0 0.02 M M 10.2 28 250 M M 5 1 36 220
11 48 19 34 10 31 0 0.00 M M 8.7 23 210 M M 0 30 210
12 45 28 37 13 28 0 T M M 14.9 28 260 M M 4 38 260
13 28 9 19 -6 46 0 0.05 M M 9.5 20 330 M M 9 1 24 330
14 16 3 10 -15 55 0 T M M 14.0 26 300 M M 2 1 33 280
15 23 1 12 -13 53 0 0.00 M M 6.6 16 270 M M 0 20 290
16 38 15 27 2 38 0 0.00 M M 10.2 21 180 M M 2 30 170
17 51 37 44 18 21 0 0.53 M M 13.2 25 190 M M 7 39 180
18 54 14 34 8 31 0 0.09 M M 20.1 39 290 M M 5 1 52 210
19 30 12 21 -5 44 0 0.02 M M 17.1 37 300 M M 5 12 52 300
20 30 6 18 -8 47 0 0.00 M M 10.2 25 310 M M 0 37 300
21 54 25 40 14 25 0 0.00 M M 8.0 15 260 M M 0 19 260
22 53 30 42 15 23 0 0.40 M M 9.7 26 210 M M 7 12 35 190
23 56 22 39 12 26 0 0.02 M M 17.5 32 310 M M 5 44 280
24 28 17 23 -4 42 0 0.00 M M 8.9 26 320 M M 8 36 320
25 34 17 26 -1 39 0 1.00 M M 14.1 30 310 M M 10 1246 41 310
26 26 16 21 -7 44 0 T M M 12.1 20 300 M M 7 1 27 290
27 38 18 28 0 37 0 T M M 18.5 30 270 M M 3 38 280
28 27 15 21 -7 44 0 T M M 10.5 30 310 M M 4 39 320
================================================================================
SM 1006 456 1082 0 4.59 M 317.2 M 133
================================================================================
AV 35.9 16.3 11.3 FASTST M M 5 MAX(MPH)
MISC ----> 39 290 # 52 210
================================================================================
NOTES:
# LAST OF SEVERAL OCCURRENCES
COLUMN 17 PEAK WIND IN M.P.H.
PRELIMINARY LOCAL CLIMATOLOGICAL DATA (WS FORM: F-6) , PAGE 2
STATION: MOUNT POCONO PA
MONTH: FEBRUARY
YEAR: 2022
LATITUDE: 41 8 N
LONGITUDE: 75 24 W
[TEMPERATURE DATA] [PRECIPITATION DATA] SYMBOLS USED IN COLUMN 16
AVERAGE MONTHLY: 26.1 TOTAL FOR MONTH: 4.59 1 = FOG OR MIST
DPTR FM NORMAL: 0.9 DPTR FM NORMAL: 2.14 2 = FOG REDUCING VISIBILITY
HIGHEST: 56 ON 23 GRTST 24HR 2.09 ON 3- 4 TO 1/4 MILE OR LESS
LOWEST: 0 ON 6 3 = THUNDER
SNOW, ICE PELLETS, HAIL 4 = ICE PELLETS
TOTAL MONTH: M 5 = HAIL
GRTST 24HR M ON M 6 = FREEZING RAIN OR DRIZZLE
GRTST DEPTH: M ON M 7 = DUSTSTORM OR SANDSTORM:
VSBY 1/2 MILE OR LESS
8 = SMOKE OR HAZE
[NO. OF DAYS WITH] [WEATHER - DAYS WITH] 9 = BLOWING SNOW
X = TORNADO
MAX 32 OR BELOW: 12 0.01 INCH OR MORE: 11
MAX 90 OR ABOVE: 0 0.10 INCH OR MORE: 5
MIN 32 OR BELOW: 26 0.50 INCH OR MORE: 4
MIN 0 OR BELOW: 1 1.00 INCH OR MORE: 3
[HDD (BASE 65) ]
TOTAL THIS MO. 1082 CLEAR (SCALE 0-3) 10
DPTR FM NORMAL -34 PTCLDY (SCALE 4-7) 13
TOTAL FM JUL 1 4867 CLOUDY (SCALE 8-10) 5
DPTR FM NORMAL -329
[CDD (BASE 65) ]
TOTAL THIS MO. 0
DPTR FM NORMAL 0 [PRESSURE DATA]
TOTAL FM JAN 1 0 HIGHEST SLP 30.69 ON 15
DPTR FM NORMAL 0 LOWEST SLP 29.31 ON 18
[REMARKS]
#FINAL-02-22#