000
CXUS51 KPHI 011932
CF6MPO
PRELIMINARY LOCAL CLIMATOLOGICAL DATA (WS FORM: F-6)
STATION: MOUNT POCONO PA
MONTH: NOVEMBER
YEAR: 2021
LATITUDE: 41 8 N
LONGITUDE: 75 24 W
TEMPERATURE IN F: :PCPN: SNOW: WIND :SUNSHINE: SKY :PK WND
================================================================================
1 2 3 4 5 6A 6B 7 8 9 10 11 12 13 14 15 16 17 18
12Z AVG MX 2MIN
DY MAX MIN AVG DEP HDD CDD WTR SNW DPTH SPD SPD DIR MIN PSBL S-S WX SPD DR
================================================================================
1 50 34 42 0 23 0 0.00 M M 10.4 25 310 M M 3 37 300
2 44 28 36 -6 29 0 T M M 6.5 17 270 M M 8 20 250
3 44 24 34 -8 31 0 0.00 M M 7.6 20 300 M M 2 25 280
4 44 22 33 -9 32 0 0.00 M M 2.1 10 250 M M 3 13 250
5 45 22 34 -7 31 0 0.00 M M 3.8 14 320 M M 0 18 310
6 47 21 34 -7 31 0 0.00 M M 2.3 10 140 M M 0 13 160
7 54 22 38 -3 27 0 0.00 M M 6.0 16 320 M M 0 22 320
8 62 36 49 9 16 0 0.00 M M 9.5 17 340 M M 0 23 310
9 63 41 52 12 13 0 0.00 M M 6.9 14 280 M M 0 17 270
10 55 28 42 2 23 0 0.00 M M 10.3 24 320 M M 2 30 330
11 54 28 41 2 24 0 0.00 M M 7.9 17 110 M M 4 1 24 100
12 58 33 46 7 19 0 1.91 M M 11.1 32 140 M M 6 1 45 140
13 45 32 39 0 26 0 0.30 M M 11.5 26 270 M M 5 1 37 270
14 39 29 34 -4 31 0 0.03 M M 9.0 20 260 M M 6 1 25 260
15 39 30 35 -3 30 0 0.05 M M 13.6 24 250 M M 9 1 30 260
16 41 24 33 -5 32 0 0.00 M M 9.0 18 260 M M 3 23 270
17 47 23 35 -2 30 0 0.00 M M 4.7 12 160 M M 4 16 160
18 62 37 50 13 15 0 0.17 M M 11.8 26 290 M M 4 36 290
19 37 28 33 -4 32 0 T M M 13.8 26 300 M M 5 41 280
20 38 20 29 -7 36 0 0.00 M M 6.2 14 200 M M 0 19 200
21 47 32 40 4 25 0 0.08 M M 7.7 16 150 M M 7 24 160
22 41 24 33 -3 32 0 0.10 M M 12.5 20 330 M M 6 26 320
23 31 21 26 -9 39 0 T M M 14.7 25 310 M M 3 34 320
24 40 20 30 -5 35 0 0.00 M M 8.6 18 320 M M 0 22 320
25 47 30 39 4 26 0 T M M 8.1 16 270 M M 6 20 280
26 41 27 34 0 31 0 0.09 M M 17.4 31 300 M M 10 1 45 280
27 29 22 26 -8 39 0 T M M 15.4 30 300 M M 8 1 43 290
28 31 23 27 -7 38 0 0.06 M M 5.8 13 280 M M 10 1 17 240
29 30 21 26 -7 39 0 T M M 10.9 20 320 M M 6 26 320
30 32 21 27 -6 38 0 0.08 M M 7.9 21 250 M M 9 1 26 260
================================================================================
SM 1337 803 873 0 2.87 M 273.0 M 129
================================================================================
AV 44.6 26.8 9.1 FASTST M M 4 MAX(MPH)
MISC ----> 32 140 # 45 140
================================================================================
NOTES:
# LAST OF SEVERAL OCCURRENCES
COLUMN 17 PEAK WIND IN M.P.H.
PRELIMINARY LOCAL CLIMATOLOGICAL DATA (WS FORM: F-6) , PAGE 2
STATION: MOUNT POCONO PA
MONTH: NOVEMBER
YEAR: 2021
LATITUDE: 41 8 N
LONGITUDE: 75 24 W
[TEMPERATURE DATA] [PRECIPITATION DATA] SYMBOLS USED IN COLUMN 16
AVERAGE MONTHLY: 35.7 TOTAL FOR MONTH: 2.87 1 = FOG OR MIST
DPTR FM NORMAL: -2.1 DPTR FM NORMAL: -1.21 2 = FOG REDUCING VISIBILITY
HIGHEST: 63 ON 9 GRTST 24HR 1.91 ON 12-12 TO 1/4 MILE OR LESS
LOWEST: 20 ON 24,20 3 = THUNDER
SNOW, ICE PELLETS, HAIL 4 = ICE PELLETS
TOTAL MONTH: M 5 = HAIL
GRTST 24HR M ON M 6 = FREEZING RAIN OR DRIZZLE
GRTST DEPTH: M ON M 7 = DUSTSTORM OR SANDSTORM:
VSBY 1/2 MILE OR LESS
8 = SMOKE OR HAZE
[NO. OF DAYS WITH] [WEATHER - DAYS WITH] 9 = BLOWING SNOW
X = TORNADO
MAX 32 OR BELOW: 5 0.01 INCH OR MORE: 10
MAX 90 OR ABOVE: 0 0.10 INCH OR MORE: 4
MIN 32 OR BELOW: 25 0.50 INCH OR MORE: 1
MIN 0 OR BELOW: 0 1.00 INCH OR MORE: 1
[HDD (BASE 65) ]
TOTAL THIS MO. 873 CLEAR (SCALE 0-3) 11
DPTR FM NORMAL 55 PTCLDY (SCALE 4-7) 14
TOTAL FM JUL 1 1403 CLOUDY (SCALE 8-10) 5
DPTR FM NORMAL -217
[CDD (BASE 65) ]
TOTAL THIS MO. 0
DPTR FM NORMAL 0 [PRESSURE DATA]
TOTAL FM JAN 1 421 HIGHEST SLP 30.56 ON 20
DPTR FM NORMAL 133 LOWEST SLP 29.61 ON 26
[REMARKS]
#FINAL-11-21#
UPDATED LIQUID PRECIPITATION FOR 11/30.
STAARMANN