000
CXUS51 KPHI 031247
CF6MPO
PRELIMINARY LOCAL CLIMATOLOGICAL DATA (WS FORM: F-6)
STATION: MOUNT POCONO PA
MONTH: APRIL
YEAR: 2021
LATITUDE: 41 8 N
LONGITUDE: 75 24 W
TEMPERATURE IN F: :PCPN: SNOW: WIND :SUNSHINE: SKY :PK WND
================================================================================
1 2 3 4 5 6A 6B 7 8 9 10 11 12 13 14 15 16 17 18
12Z AVG MX 2MIN
DY MAX MIN AVG DEP HDD CDD WTR SNW DPTH SPD SPD DIR MIN PSBL S-S WX SPD DR
================================================================================
1 39 24 32 -7 33 0 0.01 M M 20.0 33 310 M M 9 1 47 310
2 32 17 25 -15 40 0 T M M 18.6 32 320 M M 4 42 320
3 46 20 33 -7 32 0 T M M 8.3 24 270 M M 1 31 270
4 57 32 45 4 20 0 0.00 M M 10.2 30 310 M M 4 37 310
5 59 37 48 7 17 0 0.00 M M 16.7 31 320 M M 0 38 300
6 61 35 48 6 17 0 0.00 M M 11.9 24 310 M M 0 31 310
7 68 39 54 12 11 0 0.02 M M 4.9 15 10 M M 5 19 10
8 65 37 51 9 14 0 0.00 M M 6.9 14 150 M M 0 18 180
9 53 45 49 6 16 0 T M M 7.3 14 140 M M 7 18 130
10 62 46 54 11 11 0 T M M 3.6 12 200 M M 7 12 14 200
11 55 45 50 6 15 0 1.07 M M 7.6 17 100 M M 8 12 25 100
12 45 37 41 -3 24 0 0.12 M M 6.3 14 80 M M 10 12 23 80
13 61 34 48 4 17 0 0.01 M M 4.3 13 320 M M 2 17 40
14 60 34 47 2 18 0 T M M 5.3 16 210 M M 4 23 210
15 50 33 42 -3 23 0 0.06 M M 9.4 23 310 M M 9 1 28 300
16 41 30 36 -10 29 0 0.08 M M 12.9 23 280 M M 9 1 32 290
17 45 35 40 -6 25 0 0.02 M M 9.7 21 310 M M 10 26 300
18 55 37 46 0 19 0 T M M 7.3 17 250 M M 9 20 300
19 58 32 45 -2 20 0 T M M 3.7 18 310 M M 5 23 300
20 66 36 51 4 14 0 0.00 M M 9.4 26 250 M M 4 35 250
21 60 27 44 -4 21 0 0.02 M M 13.9 31 300 M M 8 18 44 290
22 38 24 31 -17 34 0 T M M 18.3 29 270 M M 8 1 40 280
23 56 27 42 -6 23 0 0.00 M M 13.6 28 280 M M 1 34 270
24 62 32 47 -2 18 0 T M M 7.2 17 210 M M 2 23 220
25 57 39 48 -1 17 0 0.10 M M 11.4 28 300 M M 7 34 310
26 51 30 41 -8 24 0 0.00 M M 14.8 28 310 M M 1 40 280
27 70 33 52 2 13 0 T M M 5.3 15 240 M M 4 19 260
28 81 52 67 17 0 2 0.04 M M 11.3 26 320 M M 2 33 310
29 66 54 60 10 5 0 0.14 M M 11.3 25 210 M M 9 33 210
30 59 33 46 -5 19 0 0.05 M M 23.6 40 280 M M 9 1 51 310
================================================================================
SM 1678 1036 589 2 1.74 M 315.0 M 158
================================================================================
AV 55.9 34.5 10.5 FASTST M M 5 MAX(MPH)
MISC ----> 40 280 51 310
================================================================================
NOTES:
# LAST OF SEVERAL OCCURRENCES
COLUMN 17 PEAK WIND IN M.P.H.
PRELIMINARY LOCAL CLIMATOLOGICAL DATA (WS FORM: F-6) , PAGE 2
STATION: MOUNT POCONO PA
MONTH: APRIL
YEAR: 2021
LATITUDE: 41 8 N
LONGITUDE: 75 24 W
[TEMPERATURE DATA] [PRECIPITATION DATA] SYMBOLS USED IN COLUMN 16
AVERAGE MONTHLY: 45.2 TOTAL FOR MONTH: 1.74 1 = FOG OR MIST
DPTR FM NORMAL: -0.1 DPTR FM NORMAL: -2.28 2 = FOG REDUCING VISIBILITY
HIGHEST: 81 ON 28 GRTST 24HR 1.07 ON 11-11 TO 1/4 MILE OR LESS
LOWEST: 17 ON 2 3 = THUNDER
SNOW, ICE PELLETS, HAIL 4 = ICE PELLETS
TOTAL MONTH: M 5 = HAIL
GRTST 24HR M ON M 6 = FREEZING RAIN OR DRIZZLE
GRTST DEPTH: M ON M 7 = DUSTSTORM OR SANDSTORM:
VSBY 1/2 MILE OR LESS
8 = SMOKE OR HAZE
[NO. OF DAYS WITH] [WEATHER - DAYS WITH] 9 = BLOWING SNOW
X = TORNADO
MAX 32 OR BELOW: 1 0.01 INCH OR MORE: 13
MAX 90 OR ABOVE: 0 0.10 INCH OR MORE: 4
MIN 32 OR BELOW: 11 0.50 INCH OR MORE: 1
MIN 0 OR BELOW: 0 1.00 INCH OR MORE: 1
[HDD (BASE 65) ]
TOTAL THIS MO. 589 CLEAR (SCALE 0-3) 9
DPTR FM NORMAL -7 PTCLDY (SCALE 4-7) 11
TOTAL FM JUL 1 6355 CLOUDY (SCALE 8-10) 10
DPTR FM NORMAL -339
[CDD (BASE 65) ]
TOTAL THIS MO. 2
DPTR FM NORMAL -2 [PRESSURE DATA]
TOTAL FM JAN 1 2 HIGHEST SLP 30.37 ON 3
DPTR FM NORMAL -2 LOWEST SLP 29.44 ON 30
[REMARKS]
#FINAL-04-21#
CORRECTED FOR MISSING PRECIPITATION ON THE 11TH AND 12TH.