000
CXUS51 KPHI 010815
CF6MPO
PRELIMINARY LOCAL CLIMATOLOGICAL DATA (WS FORM: F-6)
STATION: MOUNT POCONO PA
MONTH: SEPTEMBER
YEAR: 2020
LATITUDE: 41 8 N
LONGITUDE: 75 24 W
TEMPERATURE IN F: :PCPN: SNOW: WIND :SUNSHINE: SKY :PK WND
================================================================================
1 2 3 4 5 6A 6B 7 8 9 10 11 12 13 14 15 16 17 18
12Z AVG MX 2MIN
DY MAX MIN AVG DEP HDD CDD WTR SNW DPTH SPD SPD DIR MIN PSBL S-S WX SPD DR
================================================================================
1 68 59 64 0 1 0 0.03 M M 6.7 15 130 M M 10 20 130
2 72 63 68 4 0 3 0.92 M M 8.2 17 180 M M 10 123 25 170
3 77 63 70 7 0 5 T M M 5.5 16 310 M M 6 1 21 310
4 75 55 65 2 0 0 0.00 M M 9.0 20 320 M M 5 1 23 320
5 70 46 58 -5 7 0 0.00 M M 6.6 18 270 M M 1 24 270
6 72 50 61 -1 4 0 0.00 M M 5.3 14 150 M M 4 19 150
7 73 58 66 4 0 1 0.00 M M 8.1 16 160 M M 1 23 170
8 78 55 67 5 0 2 0.00 M M 3.8 12 140 M M 0 1 16 150
9 76 57 67 6 0 2 0.00 M M 2.2 10 120 M M 2 12 12 130
10 77 66 72 11 0 7 0.27 M M 3.5 16 350 M M 9 12 19 360
11 71 52 62 1 3 0 0.00 M M 10.3 24 340 M M 5 28 340
12 64 51 58 -2 7 0 0.00 M M 7.0 13 130 M M 7 20 190
13 70 52 61 1 4 0 T M M 8.2 20 200 M M 9 25 210
14 67 46 57 -3 8 0 0.00 M M 15.0 25 320 M M 3 33 310
15 59 39 49 -10 16 0 0.00 M M 4.3 21 330 M M 0 26 330
16 63 39 51 -8 14 0 0.00 M M 5.7 15 200 M M 0 22 170
17 69 48 59 1 6 0 0.00 M M 5.8 13 360 M M 0 1 17 340
18 64 42 53 -5 12 0 0.00 M M 13.7 24 330 M M 4 37 340
19 57 33 45 -13 20 0 0.00 M M 8.3 20 10 M M 0 25 340
20 55 32 44 -13 21 0 0.00 M M 5.8 14 20 M M 1 20 30
21 59 31 45 -12 20 0 0.00 M M 3.7 12 70 M M 0 25 100
22 65 30 48 -8 17 0 0.00 M M 12.9 24 310 M M 0 31 320
23 74 46 60 4 5 0 0.00 M M 12.3 23 280 M M 0 32 290
24 70 46 58 2 7 0 0.00 M M 5.6 13 320 M M 0 17 320
25 73 47 60 5 5 0 0.00 M M 2.9 9 150 M M 0 1 13 150
26 63 45 54 -1 11 0 0.03 M M 4.6 12 160 M M 8 1 17 120
27 68 61 65 11 0 0 0.06 M M 4.5 12 150 M M 10 12 16 160
28 70 62 66 12 0 1 0.19 M M 7.7 16 160 M M 8 1 24 160
29 70 53 62 8 3 0 1.03 M M 8.0 16 300 M M 10 12 20 280
30 61 49 55 2 10 0 0.40 M M 13.1 24 270 M M 7 1 32 280
================================================================================
SM 2050 1476 201 21 2.93 M 218.3 M 120
================================================================================
AV 68.3 49.2 7.3 FASTST M M 4 MAX(MPH)
MISC ----> 25 320 37 340
================================================================================
NOTES:
# LAST OF SEVERAL OCCURRENCES
COLUMN 17 PEAK WIND IN M.P.H.
PRELIMINARY LOCAL CLIMATOLOGICAL DATA (WS FORM: F-6) , PAGE 2
STATION: MOUNT POCONO PA
MONTH: SEPTEMBER
YEAR: 2020
LATITUDE: 41 8 N
LONGITUDE: 75 24 W
[TEMPERATURE DATA] [PRECIPITATION DATA] SYMBOLS USED IN COLUMN 16
AVERAGE MONTHLY: 58.8 TOTAL FOR MONTH: 2.93 1 = FOG OR MIST
DPTR FM NORMAL: 0.1 DPTR FM NORMAL: -2.43 2 = FOG REDUCING VISIBILITY
HIGHEST: 78 ON 8 GRTST 24HR 1.43 ON 29-30 TO 1/4 MILE OR LESS
LOWEST: 30 ON 22 3 = THUNDER
SNOW, ICE PELLETS, HAIL 4 = ICE PELLETS
TOTAL MONTH: M 5 = HAIL
GRTST 24HR M ON M 6 = FREEZING RAIN OR DRIZZLE
GRTST DEPTH: M ON M 7 = DUSTSTORM OR SANDSTORM:
VSBY 1/2 MILE OR LESS
8 = SMOKE OR HAZE
[NO. OF DAYS WITH] [WEATHER - DAYS WITH] 9 = BLOWING SNOW
X = TORNADO
MAX 32 OR BELOW: 0 0.01 INCH OR MORE: 8
MAX 90 OR ABOVE: 0 0.10 INCH OR MORE: 5
MIN 32 OR BELOW: 3 0.50 INCH OR MORE: 2
MIN 0 OR BELOW: 0 1.00 INCH OR MORE: 1
[HDD (BASE 65) ]
TOTAL THIS MO. 201 CLEAR (SCALE 0-3) 14
DPTR FM NORMAL -4 PTCLDY (SCALE 4-7) 10
TOTAL FM JUL 1 226 CLOUDY (SCALE 8-10) 6
DPTR FM NORMAL -42
[CDD (BASE 65) ]
TOTAL THIS MO. 21
DPTR FM NORMAL 4 [PRESSURE DATA]
TOTAL FM JAN 1 424 HIGHEST SLP 30.62 ON 21
DPTR FM NORMAL 111 LOWEST SLP 29.49 ON 30
[REMARKS]
#FINAL-09-20#