000
CXUS53 KMPX 050531
CF6MPX
PRELIMINARY LOCAL CLIMATOLOGICAL DATA (WS FORM: F-6)
STATION: CHANHASSEN MN
MONTH: JULY
YEAR: 2022
LATITUDE: 44 50 N
LONGITUDE: 93 34 W
TEMPERATURE IN F: :PCPN: SNOW: WIND :SUNSHINE: SKY :PK WND
================================================================================
1 2 3 4 5 6A 6B 7 8 9 10 11 12 13 14 15 16 17 18
12Z AVG MX 2MIN
DY MAX MIN AVG DEP HDD CDD WTR SNW DPTH SPD SPD DIR MIN PSBL S-S WX SPD DR
================================================================================
1 81 59 70 -1 0 5 0.00 0.0 0 M M M M M M M M
2 76 59 68 -3 0 3 0.04 0.0 0 M M M M M M M M
3 82 61 72 1 0 7 T 0.0 0 M M M M M M M M
4 86 68 77 5 0 12 0.26 0.0 0 M M M M M M M M
5 87 69 78 6 0 13 0.01 0.0 0 M M M M M M M M
6 81 64 73 1 0 8 0.00 0.0 0 M M M M M M M M
7 86 66 76 4 0 11 0.73 0.0 0 M M M M M M M M
8 81 66 74 2 0 9 0.10 0.0 0 M M M M M M M M
9 81 64 73 1 0 8 T 0.0 0 M M M M M M M M
10 83 67 75 3 0 10 0.01 0.0 0 M M M M M M M M
11 82 65 74 2 0 9 T 0.0 0 M M M M M M M M
12 84 62 73 1 0 8 T 0.0 0 M M M M M M M M
13 77 60 69 -3 0 4 0.00 0.0 0 M M M M M M M M
14 85 58 72 0 0 7 T 0.0 0 M M M M M M M M
15 87 70 79 7 0 14 0.01 0.0 0 M M M M M M M M
16 83 67 75 3 0 10 0.00 0.0 0 M M M M M M M M
17 87 66 77 5 0 12 0.00 0.0 0 M M M M M M M M
18 92 68 80 8 0 15 0.00 0.0 0 M M M M M M M M
19 86 72 79 7 0 14 T 0.0 0 M M M M M M M M
20 86 70 78 6 0 13 0.00 0.0 0 M M M M M M M M
21 83 69 76 4 0 11 0.00 0.0 0 M M M M M M M M
22 89 69 79 7 0 14 T 0.0 0 M M M M M M M M
23 78 64 71 -1 0 6 0.10 0.0 0 M M M M M M M M
24 77 63 70 -2 0 5 0.00 0.0 0 M M M M M M M M
25 76 54 65 -7 0 0 0.00 0.0 0 M M M M M M M M
26 76 60 68 -4 0 3 0.14 0.0 0 M M M M M M M M
27 80 61 71 -1 0 6 0.00 0.0 0 M M M M M M M M
28 75 58 67 -5 0 2 0.00 0.0 0 M M M M M M M M
29 79 58 69 -2 0 4 0.00 0.0 0 M M M M M M M M
30 86 57 72 1 0 7 0.00 0.0 0 M M M M M M M M
31 84 62 73 2 0 8 0.00 0.0 0 M M M M M M M M
================================================================================
SM 2556 1976 0 258 1.40 0.0 M M M
================================================================================
AV 82.5 63.7 M FASTST M M M MAX(MPH)
MISC ----> M M M M
================================================================================
NOTES:
# LAST OF SEVERAL OCCURRENCES
COLUMN 17 PEAK WIND IN M.P.H.
PRELIMINARY LOCAL CLIMATOLOGICAL DATA (WS FORM: F-6) , PAGE 2
STATION: CHANHASSEN MN
MONTH: JULY
YEAR: 2022
LATITUDE: 44 50 N
LONGITUDE: 93 34 W
[TEMPERATURE DATA] [PRECIPITATION DATA] SYMBOLS USED IN COLUMN 16
AVERAGE MONTHLY: 73.1 TOTAL FOR MONTH: 1.40 1 = FOG OR MIST
DPTR FM NORMAL: 1.4 DPTR FM NORMAL: -2.47 2 = FOG REDUCING VISIBILITY
HIGHEST: 92 ON 18 GRTST 24HR 0.73 ON 7- 7 TO 1/4 MILE OR LESS
LOWEST: 54 ON 25 3 = THUNDER
SNOW, ICE PELLETS, HAIL 4 = ICE PELLETS
TOTAL MONTH: 0.0 INCH 5 = HAIL
GRTST 24HR 0.0 6 = FREEZING RAIN OR DRIZZLE
GRTST DEPTH: 0 7 = DUSTSTORM OR SANDSTORM:
VSBY 1/2 MILE OR LESS
8 = SMOKE OR HAZE
[NO. OF DAYS WITH] [WEATHER - DAYS WITH] 9 = BLOWING SNOW
X = TORNADO
MAX 32 OR BELOW: 0 0.01 INCH OR MORE: 9
MAX 90 OR ABOVE: 1 0.10 INCH OR MORE: 5
MIN 32 OR BELOW: 0 0.50 INCH OR MORE: 1
MIN 0 OR BELOW: 0 1.00 INCH OR MORE: 0
[HDD (BASE 65) ]
TOTAL THIS MO. 0 CLEAR (SCALE 0-3) 0
DPTR FM NORMAL -8 PTCLDY (SCALE 4-7) 0
TOTAL FM JUL 1 0 CLOUDY (SCALE 8-10) 31
DPTR FM NORMAL 0
[CDD (BASE 65) ]
TOTAL THIS MO. 258
DPTR FM NORMAL 40 [PRESSURE DATA]
TOTAL FM JAN 1 487 HIGHEST SLP M ON M
DPTR FM NORMAL 116 LOWEST SLP M ON M
[REMARKS]
#FINAL-07-22#