000
CXUS56 KMTR 011100
CF6MRY
PRELIMINARY LOCAL CLIMATOLOGICAL DATA (WS FORM: F-6)
STATION: MONTEREY AIRPORT
MONTH: DECEMBER
YEAR: 2021
LATITUDE: 36 34 N
LONGITUDE: 121 51 W
TEMPERATURE IN F: :PCPN: SNOW: WIND :SUNSHINE: SKY :PK WND
================================================================================
1 2 3 4 5 6A 6B 7 8 9 10 11 12 13 14 15 16 17 18
12Z AVG MX 2MIN
DY MAX MIN AVG DEP HDD CDD WTR SNW DPTH SPD SPD DIR MIN PSBL S-S WX SPD DR
================================================================================
1 81 49 65 12 0 0 0.00 M M 2.2 8 110 M M 0 9 110
2 63 45 54 1 11 0 0.00 M M 3.5 8 100 M M 3 128 10 80
3 60 52 56 3 9 0 0.00 M M 3.6 9 250 M M 9 1 12 250
4 57 46 52 -1 13 0 0.00 M M 3.5 8 300 M M 8 18 11 330
5 57 43 50 -3 15 0 0.00 M M 3.3 12 110 M M 4 128 13 110
6 57 43 50 -2 15 0 0.00 M M 4.7 13 250 M M 6 128 16 250
7 68 52 60 8 5 0 0.10 M M 3.4 12 270 M M 6 1 14 280
8 59 51 55 3 10 0 T M M 3.5 13 290 M M 8 18 16 280
9 56 50 53 1 12 0 0.21 M M 9.1 20 290 M M 7 1 29 290
10 57 40 49 -3 16 0 0.00 M M 5.4 10 100 M M 0 12 110
11 59 38 49 -3 16 0 0.00 M M 4.8 13 240 M M 0 15 230
12 60 41 51 -1 14 0 0.01 M M 4.1 15 150 M M 8 8 21 140
13 63 50 57 5 8 0 1.80 M M 9.7 24 140 M M 10 18 32 130
14 53 43 48 -4 17 0 0.82 M M 5.7 20 310 M M 8 18 25 280
15 58 44 51 -1 14 0 0.02 M M 8.0 22 180 M M 6 30 170
16 60 43 52 0 13 0 0.27 M M 8.1 23 210 M M 5 18 33 200
17 61 39 50 -2 15 0 0.00 M M 5.5 12 110 M M 0 14 100
18 60 35 48 -4 17 0 0.00 M M 3.7 12 110 M M 0 13 110
19 58 39 49 -3 16 0 0.00 M M 6.1 16 240 M M 4 21 240
20 60 41 51 -1 14 0 0.00 M M 5.8 15 180 M M 1 19 170
21 63 41 52 0 13 0 0.00 M M 3.7 10 110 M M 3 12 110
22 67 53 60 8 5 0 0.04 M M 4.3 16 170 M M 8 1 22 180
23 64 50 57 5 8 0 0.79 M M 6.6 25 240 M M 7 18 33 250
24 57 49 53 1 12 0 0.18 M M 7.0 22 290 M M 9 18 32 300
25 59 48 54 2 11 0 0.74 M M 9.1 21 270 M M 8 1 31 230
26 55 44 50 -2 15 0 0.01 M M 7.3 18 250 M M 6 25 250
27 55 45 50 -2 15 0 0.91 M M 8.8 21 230 M M 9 18 28 200
28 54 44 49 -3 16 0 0.07 M M 2.7 10 140 M M 10 18 11 140
29 58 45 52 0 13 0 0.19 M M 2.5 14 210 M M 8 1 19 210
30 60 41 51 -1 14 0 0.00 M M 4.8 13 290 M M 2 12 17 280
31 56 40 48 -4 17 0 0.00 M M 5.1 16 290 M M 4 23 290
================================================================================
SM 1855 1384 389 0 6.16 M 165.6 M 167
================================================================================
AV 59.8 44.6 5.3 FASTST M M 5 MAX(MPH)
MISC ----> 25 240 # 33 200
================================================================================
NOTES:
# LAST OF SEVERAL OCCURRENCES
COLUMN 17 PEAK WIND IN M.P.H.
PRELIMINARY LOCAL CLIMATOLOGICAL DATA (WS FORM: F-6) , PAGE 2
STATION: MONTEREY AIRPORT
MONTH: DECEMBER
YEAR: 2021
LATITUDE: 36 34 N
LONGITUDE: 121 51 W
[TEMPERATURE DATA] [PRECIPITATION DATA] SYMBOLS USED IN COLUMN 16
AVERAGE MONTHLY: 52.2 TOTAL FOR MONTH: 6.16 1 = FOG OR MIST
DPTR FM NORMAL: 0.1 DPTR FM NORMAL: 3.33 2 = FOG REDUCING VISIBILITY
HIGHEST: 81 ON 1 GRTST 24HR 2.48 ON 13-14 TO 1/4 MILE OR LESS
LOWEST: 35 ON 18 3 = THUNDER
SNOW, ICE PELLETS, HAIL 4 = ICE PELLETS
TOTAL MONTH: M 5 = HAIL
GRTST 24HR M ON M 6 = FREEZING RAIN OR DRIZZLE
GRTST DEPTH: M ON M 7 = DUSTSTORM OR SANDSTORM:
VSBY 1/2 MILE OR LESS
8 = SMOKE OR HAZE
[NO. OF DAYS WITH] [WEATHER - DAYS WITH] 9 = BLOWING SNOW
X = TORNADO
MAX 32 OR BELOW: 0 0.01 INCH OR MORE: 15
MAX 90 OR ABOVE: 0 0.10 INCH OR MORE: 10
MIN 32 OR BELOW: 0 0.50 INCH OR MORE: 5
MIN 0 OR BELOW: 0 1.00 INCH OR MORE: 1
[HDD (BASE 65) ]
TOTAL THIS MO. 389 CLEAR (SCALE 0-3) 8
DPTR FM NORMAL -9 PTCLDY (SCALE 4-7) 13
TOTAL FM JUL 1 764 CLOUDY (SCALE 8-10) 10
DPTR FM NORMAL -392
[CDD (BASE 65) ]
TOTAL THIS MO. 0
DPTR FM NORMAL 0 [PRESSURE DATA]
TOTAL FM JAN 1 116 HIGHEST SLP 30.33 ON 17
DPTR FM NORMAL 41 LOWEST SLP 29.72 ON 24
[REMARKS]
#FINAL-12-21#