000
CXUS56 KMTR 011100
CF6MRY
PRELIMINARY LOCAL CLIMATOLOGICAL DATA (WS FORM: F-6)
STATION: MONTEREY AIRPORT
MONTH: NOVEMBER
YEAR: 2021
LATITUDE: 36 34 N
LONGITUDE: 121 51 W
TEMPERATURE IN F: :PCPN: SNOW: WIND :SUNSHINE: SKY :PK WND
================================================================================
1 2 3 4 5 6A 6B 7 8 9 10 11 12 13 14 15 16 17 18
12Z AVG MX 2MIN
DY MAX MIN AVG DEP HDD CDD WTR SNW DPTH SPD SPD DIR MIN PSBL S-S WX SPD DR
================================================================================
1 66 55 61 3 4 0 0.05 M M 2.2 8 110 M M 7 1 10 280
2 67 57 62 4 3 0 T M M 2.3 8 330 M M 9 12 10 330
3 75 54 65 7 0 0 0.00 M M 2.8 14 320 M M 2 128 18 320
4 67 52 60 2 5 0 0.05 M M 4.6 10 290 M M 3 18 14 290
5 65 47 56 -1 9 0 0.00 M M 5.3 16 290 M M 1 1 21 290
6 66 49 58 1 7 0 0.00 M M 5.0 14 290 M M 0 8 17 290
7 63 46 55 -2 10 0 0.00 M M 4.7 13 310 M M 0 8 16 290
8 66 44 55 -2 10 0 0.03 M M 5.7 14 230 M M 2 17 230
9 70 55 63 6 2 0 0.34 M M 5.6 15 220 M M 7 1 20 230
10 67 53 60 4 5 0 0.00 M M 2.9 9 300 M M 3 128 11 270
11 75 52 64 8 1 0 0.00 M M 4.2 12 110 M M 0 14 100
12 78 52 65 9 0 0 0.00 M M 3.7 10 40 M M 0 13 50
13 78 51 65 9 0 0 0.00 M M 4.2 10 20 M M 0 14 90
14 81 50 66 10 0 1 0.00 M M 3.1 10 110 M M 0 11 100
15 68 52 60 4 5 0 0.00 M M 2.3 10 120 M M 1 12 11 120
16 63 53 58 3 7 0 0.00 M M 5.8 13 300 M M 6 12 18 290
17 67 47 57 2 8 0 0.00 M M 3.8 10 250 M M 0 12 250
18 62 46 54 -1 11 0 0.00 M M 4.1 13 260 M M 5 128 15 250
19 68 49 59 4 6 0 0.00 M M 4.8 9 310 M M 5 1 12 320
20 71 51 61 6 4 0 0.00 M M 5.9 12 110 M M 5 1 18 310
21 80 46 63 9 2 0 0.00 M M 5.3 12 110 M M 0 13 110
22 80 53 67 13 0 2 0.00 M M 5.4 14 100 M M 0 16 90
23 64 46 55 1 10 0 0.00 M M 5.5 15 290 M M 0 20 290
24 70 46 58 4 7 0 0.00 M M 6.3 14 50 M M 0 18 50
25 75 44 60 6 5 0 0.00 M M 3.4 9 100 M M 0 11 100
26 73 45 59 5 6 0 0.00 M M 3.2 12 110 M M 0 13 300
27 78 47 63 9 2 0 0.00 M M 3.1 12 330 M M 0 14 330
28 74 51 63 10 2 0 0.00 M M 4.4 10 100 M M 0 12 100
29 74 48 61 8 4 0 0.00 M M 3.5 12 280 M M 1 128 15 280
30 69 46 58 5 7 0 0.00 M M 3.6 9 290 M M 0 10 280
================================================================================
SM 2120 1487 142 3 0.47 M 126.7 M 57
================================================================================
AV 70.7 49.6 4.2 FASTST M M 2 MAX(MPH)
MISC ----> 16 290 21 290
================================================================================
NOTES:
# LAST OF SEVERAL OCCURRENCES
COLUMN 17 PEAK WIND IN M.P.H.
PRELIMINARY LOCAL CLIMATOLOGICAL DATA (WS FORM: F-6) , PAGE 2
STATION: MONTEREY AIRPORT
MONTH: NOVEMBER
YEAR: 2021
LATITUDE: 36 34 N
LONGITUDE: 121 51 W
[TEMPERATURE DATA] [PRECIPITATION DATA] SYMBOLS USED IN COLUMN 16
AVERAGE MONTHLY: 60.1 TOTAL FOR MONTH: 0.47 1 = FOG OR MIST
DPTR FM NORMAL: 4.6 DPTR FM NORMAL: -0.98 2 = FOG REDUCING VISIBILITY
HIGHEST: 81 ON 14 GRTST 24HR 0.37 ON 8- 9 TO 1/4 MILE OR LESS
LOWEST: 44 ON 25, 8 3 = THUNDER
SNOW, ICE PELLETS, HAIL 4 = ICE PELLETS
TOTAL MONTH: M 5 = HAIL
GRTST 24HR M ON M 6 = FREEZING RAIN OR DRIZZLE
GRTST DEPTH: M ON M 7 = DUSTSTORM OR SANDSTORM:
VSBY 1/2 MILE OR LESS
8 = SMOKE OR HAZE
[NO. OF DAYS WITH] [WEATHER - DAYS WITH] 9 = BLOWING SNOW
X = TORNADO
MAX 32 OR BELOW: 0 0.01 INCH OR MORE: 4
MAX 90 OR ABOVE: 0 0.10 INCH OR MORE: 1
MIN 32 OR BELOW: 0 0.50 INCH OR MORE: 0
MIN 0 OR BELOW: 0 1.00 INCH OR MORE: 0
[HDD (BASE 65) ]
TOTAL THIS MO. 142 CLEAR (SCALE 0-3) 21
DPTR FM NORMAL -145 PTCLDY (SCALE 4-7) 8
TOTAL FM JUL 1 375 CLOUDY (SCALE 8-10) 1
DPTR FM NORMAL -385
[CDD (BASE 65) ]
TOTAL THIS MO. 3
DPTR FM NORMAL 1 [PRESSURE DATA]
TOTAL FM JAN 1 116 HIGHEST SLP 30.38 ON 25
DPTR FM NORMAL 41 LOWEST SLP 30.04 ON 17
[REMARKS]
#FINAL-11-21#