716
CXUS56 KMTR 012142
CF6MRY
PRELIMINARY LOCAL CLIMATOLOGICAL DATA (WS FORM: F-6)
STATION: MONTEREY AIRPORT
MONTH: MARCH
YEAR: 2021
LATITUDE: 36 34 N
LONGITUDE: 121 51 W
TEMPERATURE IN F: :PCPN: SNOW: WIND :SUNSHINE: SKY :PK WND
================================================================================
1 2 3 4 5 6A 6B 7 8 9 10 11 12 13 14 15 16 17 18
12Z AVG MX 2MIN
DY MAX MIN AVG DEP HDD CDD WTR SNW DPTH SPD SPD DIR MIN PSBL S-S WX SPD DR
================================================================================
1 68 41 55 2 10 0 0.00 M M 4.4 10 120 M M 0 13 40
2 62 41 52 -1 13 0 0.00 M M 4.0 13 260 M M 0 16 260
3 63 44 54 1 11 0 0.00 M M 6.8 23 240 M M 1 32 230
4 62 42 52 -1 13 0 0.00 M M 5.6 14 260 M M 2 18 260
5 65 43 54 1 11 0 0.01 M M 6.9 16 230 M M 1 22 240
6 59 48 54 1 11 0 0.08 M M 6.1 18 270 M M 3 1 24 260
7 59 40 50 -3 15 0 0.00 M M 6.7 15 310 M M 1 20 310
8 60 46 53 0 12 0 0.00 M M 7.1 17 270 M M 4 21 270
9 61 46 54 1 11 0 0.52 M M 7.9 16 250 M M 4 23 190
10 56 44 50 -3 15 0 0.21 M M 6.1 20 250 M M 5 3 27 240
11 57 44 51 -2 14 0 0.22 M M 6.6 14 310 M M 6 1 18 310
12 63 47 55 2 10 0 0.00 M M 5.7 12 280 M M 6 17 320
13 58 51 55 2 10 0 0.00 M M 7.6 14 270 M M 10 18 310
14 62 48 55 2 10 0 0.14 M M 7.8 21 300 M M 9 1 30 260
15 55 47 51 -2 14 0 T M M 13.1 24 280 M M 6 1 33 300
16 57 46 52 -1 13 0 0.00 M M 5.8 16 300 M M 7 20 300
17 58 42 50 -3 15 0 0.00 M M 4.7 16 270 M M 7 20 250
18 59 48 54 1 11 0 0.25 M M 2.6 8 210 M M 9 18 11 220
19 59 50 55 2 10 0 0.04 M M 4.0 12 270 M M 8 1 15 270
20 58 43 51 -2 14 0 0.00 M M 7.7 17 290 M M 2 23 280
21 59 44 52 -1 13 0 0.00 M M 6.4 14 280 M M 2 19 280
22 59 51 55 2 10 0 0.00 M M 11.5 22 280 M M 8 31 270
23 61 47 54 1 11 0 0.00 M M 8.7 22 310 M M 1 30 290
24 66 43 55 2 10 0 0.00 M M 8.4 17 280 M M 2 23 260
25 58 51 55 2 10 0 T M M 11.1 22 270 M M 10 1 26 290
26 69 42 56 3 9 0 0.00 M M 5.2 12 300 M M 1 14 280
27 75 45 60 7 5 0 0.00 M M 3.7 10 30 M M 0 13 30
28 66 45 56 3 9 0 0.00 M M 2.8 10 330 M M 0 12 340
29 59 46 53 0 12 0 0.00 M M 6.7 14 300 M M 5 18 M M
30 75 42 59 6 6 0 0.00 M M 5.3 13 120 M M 0 15 50
31 84 51 68 15 0 3 0.00 M M 5.8 13 140 M M 0 16 300
================================================================================
SM 1932 1408 338 3 1.47 M 202.8 M 120
================================================================================
AV 62.3 45.4 6.5 FASTST M M 4 MAX(MPH)
MISC ----> 24 280 33 300
================================================================================
NOTES:
# LAST OF SEVERAL OCCURRENCES
COLUMN 17 PEAK WIND IN M.P.H.
PRELIMINARY LOCAL CLIMATOLOGICAL DATA (WS FORM: F-6) , PAGE 2
STATION: MONTEREY AIRPORT
MONTH: MARCH
YEAR: 2021
LATITUDE: 36 34 N
LONGITUDE: 121 51 W
[TEMPERATURE DATA] [PRECIPITATION DATA] SYMBOLS USED IN COLUMN 16
AVERAGE MONTHLY: 53.9 TOTAL FOR MONTH: 1.47 1 = FOG OR MIST
DPTR FM NORMAL: 0.7 DPTR FM NORMAL: -1.29 2 = FOG REDUCING VISIBILITY
HIGHEST: 84 ON 31 GRTST 24HR 0.66 ON 9-10 TO 1/4 MILE OR LESS
LOWEST: 40 ON 7 3 = THUNDER
SNOW, ICE PELLETS, HAIL 4 = ICE PELLETS
TOTAL MONTH: M 5 = HAIL
GRTST 24HR M ON M 6 = FREEZING RAIN OR DRIZZLE
GRTST DEPTH: M ON M 7 = DUSTSTORM OR SANDSTORM:
VSBY 1/2 MILE OR LESS
8 = SMOKE OR HAZE
[NO. OF DAYS WITH] [WEATHER - DAYS WITH] 9 = BLOWING SNOW
X = TORNADO
MAX 32 OR BELOW: 0 0.01 INCH OR MORE: 8
MAX 90 OR ABOVE: 0 0.10 INCH OR MORE: 5
MIN 32 OR BELOW: 0 0.50 INCH OR MORE: 1
MIN 0 OR BELOW: 0 1.00 INCH OR MORE: 0
[HDD (BASE 65) ]
TOTAL THIS MO. 338 CLEAR (SCALE 0-3) 15
DPTR FM NORMAL -30 PTCLDY (SCALE 4-7) 11
TOTAL FM JUL 1 1869 CLOUDY (SCALE 8-10) 5
DPTR FM NORMAL -602
[CDD (BASE 65) ]
TOTAL THIS MO. 3
DPTR FM NORMAL 3 [PRESSURE DATA]
TOTAL FM JAN 1 3 HIGHEST SLP 30.40 ON 13
DPTR FM NORMAL 3 LOWEST SLP 29.80 ON 3
[REMARKS]
#FINAL-03-21#