000
CXUS51 KBTV 010700
CF6MSS
PRELIMINARY LOCAL CLIMATOLOGICAL DATA (WS FORM: F-6)
STATION: MASSENA NY
MONTH: MAY
YEAR: 2021
LATITUDE: 44 55 N
LONGITUDE: 74 51 W
TEMPERATURE IN F: :PCPN: SNOW: WIND :SUNSHINE: SKY :PK WND
================================================================================
1 2 3 4 5 6A 6B 7 8 9 10 11 12 13 14 15 16 17 18
12Z AVG MX 2MIN
DY MAX MIN AVG DEP HDD CDD WTR SNW DPTH SPD SPD DIR MIN PSBL S-S WX SPD DR
================================================================================
1 50 33 42 -8 23 0 0.01 M M 11.0 22 240 M M 5 29 240
2 59 35 47 -4 18 0 0.00 M M 7.1 20 250 M M 3 1 32 270
3 49 41 45 -6 20 0 0.02 M M 9.4 16 60 M M 9 20 70
4 57 46 52 0 13 0 0.01 M M 10.8 18 70 M M 10 1 24 50
5 53 47 50 -2 15 0 0.06 M M 7.6 15 300 M M 10 18 20 300
6 57 41 49 -4 16 0 0.00 M M 9.5 21 310 M M 5 26 330
7 57 34 46 -7 19 0 0.00 M M 2.9 13 330 M M 5 15 320
8 57 44 51 -2 14 0 0.32 M M 5.2 16 260 M M 9 19 260
9 60 41 51 -3 14 0 0.00 M M 6.6 17 290 M M 7 21 280
10 61 42 52 -2 13 0 T M M 7.7 17 210 M M 8 24 260
11 54 38 46 -8 19 0 0.07 M M 11.2 23 250 M M 7 31 260
12 65 37 51 -4 14 0 T M M 8.1 20 300 M M 4 8 25 290
13 70 37 54 -1 11 0 0.00 M M 5.6 14 210 M M 2 20 300
14 74 43 59 3 6 0 0.00 M M 10.1 20 230 M M 2 30 130
15 73 48 61 5 4 0 0.00 M M 9.9 20 220 M M 1 31 220
16 76 45 61 5 4 0 0.00 M M 2.9 21 350 M M 1 8 29 360
17 77 41 59 3 6 0 0.00 M M 6.5 17 240 M M 1 24 250
18 79 51 65 8 0 0 0.00 M M 7.6 21 300 M M 3 27 290
19 85 45 65 8 0 0 0.00 M M 1.6 10 290 M M 0 18 12 230
20 87 53 70 13 0 5 0.00 M M 2.9 13 280 M M 1 8 16 260
21 88 59 74 16 0 9 0.00 M M 6.3 14 220 M M 1 17 220
22 81 67 74 16 0 9 T M M 8.9 16 230 M M 3 M M
23 68 44 56 -2 9 0 0.03 M M 9.5 22 310 M M 1 1 29 330
24 70 37 54 -4 11 0 0.00 M M 4.0 14 310 M M 0 1 18 60
25 82 45 64 5 1 0 T M M 11.9 25 210 M M 3 33 190
26 84 60 72 13 0 7 0.07 M M 14.8 30 210 M M 4 39 220
27 64 40 52 -7 13 0 0.00 M M 9.0 17 320 M M 4 24 310
28 54 32 43 -17 22 0 0.00 M M 3.1 9 90 M M 0 12 10
29 64 29 47 -13 18 0 0.00 M M 6.9 22 40 M M 0 27 30
30 64 32 48 -12 17 0 T M M 6.8 16 100 M M 4 21 100
31 73 42 58 -3 7 0 0.00 M M 4.1 16 240 M M 4 21 250
================================================================================
SM 2092 1329 327 30 0.59 M 229.5 M 117
================================================================================
AV 67.5 42.9 7.4 FASTST M M 4 MAX(MPH)
MISC ----> 30 210 39 220
================================================================================
NOTES:
# LAST OF SEVERAL OCCURRENCES
COLUMN 17 PEAK WIND IN M.P.H.
PRELIMINARY LOCAL CLIMATOLOGICAL DATA (WS FORM: F-6) , PAGE 2
STATION: MASSENA NY
MONTH: MAY
YEAR: 2021
LATITUDE: 44 55 N
LONGITUDE: 74 51 W
[TEMPERATURE DATA] [PRECIPITATION DATA] SYMBOLS USED IN COLUMN 16
AVERAGE MONTHLY: 55.2 TOTAL FOR MONTH: 0.59 1 = FOG OR MIST
DPTR FM NORMAL: -0.7 DPTR FM NORMAL: -2.55 2 = FOG REDUCING VISIBILITY
HIGHEST: 88 ON 21 GRTST 24HR 0.56 ON 30- 1 TO 1/4 MILE OR LESS
LOWEST: 29 ON 29 3 = THUNDER
SNOW, ICE PELLETS, HAIL 4 = ICE PELLETS
TOTAL MONTH: M 5 = HAIL
GRTST 24HR M ON M 6 = FREEZING RAIN OR DRIZZLE
GRTST DEPTH: M ON M 7 = DUSTSTORM OR SANDSTORM:
VSBY 1/2 MILE OR LESS
8 = SMOKE OR HAZE
[NO. OF DAYS WITH] [WEATHER - DAYS WITH] 9 = BLOWING SNOW
X = TORNADO
MAX 32 OR BELOW: 0 0.01 INCH OR MORE: 8
MAX 90 OR ABOVE: 0 0.10 INCH OR MORE: 1
MIN 32 OR BELOW: 3 0.50 INCH OR MORE: 0
MIN 0 OR BELOW: 0 1.00 INCH OR MORE: 0
[HDD (BASE 65) ]
TOTAL THIS MO. 327 CLEAR (SCALE 0-3) 16
DPTR FM NORMAL 27 PTCLDY (SCALE 4-7) 10
TOTAL FM JUL 1 6948 CLOUDY (SCALE 8-10) 5
DPTR FM NORMAL -957
[CDD (BASE 65) ]
TOTAL THIS MO. 30
DPTR FM NORMAL 13 [PRESSURE DATA]
TOTAL FM JAN 1 30 HIGHEST SLP M ON M
DPTR FM NORMAL 12 LOWEST SLP 29.58 ON 2
[REMARKS]
#FINAL-05-21#