000
CXUS54 KLIX 010810
CF6MSY
PRELIMINARY LOCAL CLIMATOLOGICAL DATA (WS FORM: F-6)
STATION: NEW ORLEANS
MONTH: JUNE
YEAR: 2023
LATITUDE: 29 58 N
LONGITUDE: 90 15 W
TEMPERATURE IN F: :PCPN: SNOW: WIND :SUNSHINE: SKY :PK WND
================================================================================
1 2 3 4 5 6A 6B 7 8 9 10 11 12 13 14 15 16 17 18
12Z AVG MX 2MIN
DY MAX MIN AVG DEP HDD CDD WTR SNW DPTH SPD SPD DIR MIN PSBL S-S WX SPD DR
================================================================================
1 88 70 79 -1 0 14 T 0.0 M 5.5 15 60 M M 4 25 40
2 91 76 84 3 0 19 0.00 0.0 M 8.0 15 60 M M 2 22 20
3 93 73 83 2 0 18 0.00 0.0 M 6.6 14 360 M M 4 20 130
4 94 72 83 2 0 18 0.03 0.0 M 7.0 20 50 M M 6 3 30 40
5 87 72 80 -1 0 15 0.01 0.0 M 6.4 22 130 M M 8 3 27 140
6 84 71 78 -3 0 13 0.01 0.0 M 3.6 20 140 M M 8 3 25 140
7 92 70 81 -1 0 16 0.00 0.0 M 3.8 17 210 M M 5 3 28 190
8 94 71 83 1 0 18 0.87 0.0 M 4.8 29 130 M M 5 13 39 150
9 93 71 82 0 0 17 T 0.0 M 4.5 10 220 M M 5 16 200
10 93 74 84 2 0 19 0.35 0.0 M 5.6 28 250 M M 6 138 37 250
11 93 76 85 3 0 20 T 0.0 M 8.1 14 240 M M 5 21 270
12 94 77 86 4 0 21 0.00 0.0 M 6.6 15 230 M M 6 20 250
13 94 76 85 3 0 20 0.00 0.0 M 8.1 16 250 M M 6 3 24 190
14 94 81 88 6 0 23 0.00 0.0 M 11.3 21 190 M M 5 31 240
15 95 81 88 6 0 23 0.01 0.0 M 10.4 22 240 M M 5 13 30 230
16 94 80 87 4 0 22 0.00 0.0 M 9.3 20 160 M M 6 1 29 170
17 96 80 88 5 0 23 0.00 0.0 M 8.8 28 190 M M 5 3 43 180
18 96 80 88 5 0 23 0.00 0.0 M 9.3 20 240 M M 4 3 29 200
19 96 74 85 2 0 20 0.01 0.0 M 12.6 35 120 M M 5 35 45 110
20 91 73 82 -1 0 17 0.02 0.0 M 8.9 36 160 M M 9 3 48 170
21 93 74 84 1 0 19 0.00 0.0 M 6.6 18 170 M M 5 24 180
22 95 75 85 2 0 20 T 0.0 M 6.2 21 220 M M 5 3 30 220
23 92 76 84 1 0 19 0.00 0.0 M 5.5 14 170 M M 4 3 20 210
24 94 77 86 3 0 21 T 0.0 M 5.3 20 250 M M 5 3 28 250
25 98 79 89 6 0 24 0.00 0.0 M 7.1 14 220 M M 3 21 210
26 93 77 85 2 0 20 0.23 0.0 M 5.8 33 300 M M 7 13 47 300
27 97 79 88 5 0 23 0.00 0.0 M 6.7 15 270 M M 3 24 210
28 98 81 90 7 0 25 0.00 0.0 M 6.0 14 340 M M 3 18 320
29 100 81 91 7 0 26 0.00 0.0 M 6.2 15 120 M M 3 3 22 120
30 98 81 90 6 0 25 0.00 0.0 M 5.2 15 30 M M 2 21 50
================================================================================
SM 2810 2278 0 601 1.54 0.0 209.8 M 149
================================================================================
AV 93.7 75.9 7.0 FASTST M M 5 MAX(MPH)
MISC ----> 36 160 48 170
================================================================================
NOTES:
# LAST OF SEVERAL OCCURRENCES
COLUMN 17 PEAK WIND IN M.P.H.
PRELIMINARY LOCAL CLIMATOLOGICAL DATA (WS FORM: F-6) , PAGE 2
STATION: NEW ORLEANS
MONTH: JUNE
YEAR: 2023
LATITUDE: 29 58 N
LONGITUDE: 90 15 W
[TEMPERATURE DATA] [PRECIPITATION DATA] SYMBOLS USED IN COLUMN 16
AVERAGE MONTHLY: 84.8 TOTAL FOR MONTH: 1.54 1 = FOG OR MIST
DPTR FM NORMAL: 2.4 DPTR FM NORMAL: -6.08 2 = FOG REDUCING VISIBILITY
HIGHEST: 100 ON 29 GRTST 24HR 0.87 ON 8- 8 TO 1/4 MILE OR LESS
LOWEST: 70 ON 7, 1 3 = THUNDER
SNOW, ICE PELLETS, HAIL 4 = ICE PELLETS
TOTAL MONTH: 0.0 INCH 5 = HAIL
GRTST 24HR 0.0 6 = FREEZING RAIN OR DRIZZLE
GRTST DEPTH: M ON M 7 = DUSTSTORM OR SANDSTORM:
VSBY 1/2 MILE OR LESS
8 = SMOKE OR HAZE
[NO. OF DAYS WITH] [WEATHER - DAYS WITH] 9 = BLOWING SNOW
X = TORNADO
MAX 32 OR BELOW: 0 0.01 INCH OR MORE: 9
MAX 90 OR ABOVE: 27 0.10 INCH OR MORE: 3
MIN 32 OR BELOW: 0 0.50 INCH OR MORE: 1
MIN 0 OR BELOW: 0 1.00 INCH OR MORE: 0
[HDD (BASE 65) ]
TOTAL THIS MO. 0 CLEAR (SCALE 0-3) 4
DPTR FM NORMAL 0 PTCLDY (SCALE 4-7) 25
TOTAL FM JUL 1 826 CLOUDY (SCALE 8-10) 1
DPTR FM NORMAL -350
[CDD (BASE 65) ]
TOTAL THIS MO. 601
DPTR FM NORMAL 81 [PRESSURE DATA]
TOTAL FM JAN 1 1562 HIGHEST SLP M ON M
DPTR FM NORMAL 353 LOWEST SLP 29.71 ON 17
[REMARKS]
#FINAL-06-23#