256
CXUS55 KGJT 040948 CCA
CF6MTJ
PRELIMINARY LOCAL CLIMATOLOGICAL DATA (WS FORM: F-6)
CORR TO GREATEST 24 HR PRECIP
STATION: MONTROSE CO
MONTH: JANUARY
YEAR: 2021
LATITUDE: 38 30 N
LONGITUDE: 107 53 W
TEMPERATURE IN F: :PCPN: SNOW: WIND :SUNSHINE: SKY :PK WND
================================================================================
1 2 3 4 5 6A 6B 7 8 9 10 11 12 13 14 15 16 17 18
12Z AVG MX 2MIN
DY MAX MIN AVG DEP HDD CDD WTR SNW DPTH SPD SPD DIR MIN PSBL S-S WX SPD DR
================================================================================
1 34 9 22 -3 43 0 0.00 M M 5.0 12 160 M M 0 14 160
2 33 8 21 -4 44 0 0.00 M M 5.5 13 330 M M 1 15 330
3 34 10 22 -3 43 0 0.00 M M 4.5 12 160 M M 5 14 160
4 41 16 29 4 36 0 0.00 M M 2.6 10 140 M M 5 12 140
5 39 19 29 4 36 0 T M M 6.4 20 310 M M 4 25 300
6 37 12 25 0 40 0 0.00 M M 5.9 12 160 M M 0 14 150
7 39 15 27 2 38 0 0.00 M M 5.3 13 140 M M 0 15 150
8 37 12 25 0 40 0 0.00 M M 4.2 12 160 M M 1 14 150
9 37 18 28 3 37 0 0.00 M M 3.8 15 50 M M 4 19 50
10 34 12 23 -3 42 0 0.00 M M 5.8 12 150 M M 0 13 160
11 35 10 23 -3 42 0 0.00 M M 5.8 13 150 M M 0 15 150
12 34 8 21 -5 44 0 0.00 M M 5.0 15 130 M M 0 20 150
13 38 12 25 -1 40 0 0.00 M M 4.2 12 150 M M 2 13 280
14 40 17 29 3 36 0 0.00 M M 5.5 14 130 M M 1 17 130
15 42 11 27 1 38 0 0.00 M M 5.4 13 150 M M 0 14 160
16 44 23 34 8 31 0 0.00 M M 4.2 13 140 M M 3 15 150
17 47 24 36 10 29 0 0.00 M M 3.2 9 150 M M 3 10 150
18 41 24 33 7 32 0 0.00 M M 4.0 15 310 M M 4 19 320
19 38 23 31 4 34 0 T M M 3.9 12 160 M M 4 1 13 150
20 46 20 33 6 32 0 0.00 M M 5.7 12 320 M M 4 16 340
21 44 21 33 6 32 0 0.00 M M 3.5 9 160 M M 4 11 160
22 43 22 33 6 32 0 T M M 4.0 14 200 M M 6 18 210
23 42 26 34 7 31 0 0.06 M M 7.9 23 200 M M 4 1 36 190
24 35 24 30 3 35 0 0.07 M M 3.8 16 270 M M 7 12 20 270
25 36 18 27 -1 38 0 0.05 M M 4.0 12 160 M M 6 12 15 220
26 28 10 19 -9 46 0 0.05 M M 4.6 21 90 M M 8 12 28 90
27 32 5 19 -9 46 0 0.00 M M 5.7 14 140 M M 5 16 140
28 45 24 35 7 30 0 0.00 M M 4.5 17 70 M M 3 23 70
29 54 27 41 13 24 0 0.00 M M 9.1 30 150 M M 4 39 140
30 41 28 35 6 30 0 0.03 M M 5.1 16 290 M M 8 1 21 280
31 42 22 32 3 33 0 0.00 M M 5.7 13 160 M M 0 16 140
================================================================================
SM 1212 530 1134 0 0.26 M 153.8 M 96
================================================================================
AV 39.1 17.1 5.0 FASTST M M 3 MAX(MPH)
MISC ----> 30 150 39 140
================================================================================
NOTES:
# LAST OF SEVERAL OCCURRENCES
COLUMN 17 PEAK WIND IN M.P.H.
PRELIMINARY LOCAL CLIMATOLOGICAL DATA (WS FORM: F-6) , PAGE 2
STATION: MONTROSE CO
MONTH: JANUARY
YEAR: 2021
LATITUDE: 38 30 N
LONGITUDE: 107 53 W
[TEMPERATURE DATA] [PRECIPITATION DATA] SYMBOLS USED IN COLUMN 16
AVERAGE MONTHLY: 28.1 TOTAL FOR MONTH: 0.26 1 = FOG OR MIST
DPTR FM NORMAL: 1.7 DPTR FM NORMAL: -0.39 2 = FOG REDUCING VISIBILITY
HIGHEST: 54 ON 29 GRTST 24HR 0.12 ON 24-25 TO 1/4 MILE OR LESS
LOWEST: 5 ON 27 3 = THUNDER
SNOW, ICE PELLETS, HAIL 4 = ICE PELLETS
TOTAL MONTH: M 5 = HAIL
GRTST 24HR M ON M 6 = FREEZING RAIN OR DRIZZLE
GRTST DEPTH: M ON M 7 = DUSTSTORM OR SANDSTORM:
VSBY 1/2 MILE OR LESS
8 = SMOKE OR HAZE
[NO. OF DAYS WITH] [WEATHER - DAYS WITH] 9 = BLOWING SNOW
X = TORNADO
MAX 32 OR BELOW: 2 0.01 INCH OR MORE: 5
MAX 90 OR ABOVE: 0 0.10 INCH OR MORE: 0
MIN 32 OR BELOW: 31 0.50 INCH OR MORE: 0
MIN 0 OR BELOW: 0 1.00 INCH OR MORE: 0
[HDD (BASE 65) ]
TOTAL THIS MO. 1134 CLEAR (SCALE 0-3) 14
DPTR FM NORMAL -63 PTCLDY (SCALE 4-7) 17
TOTAL FM JUL 1 3637 CLOUDY (SCALE 8-10) 0
DPTR FM NORMAL -168
[CDD (BASE 65) ]
TOTAL THIS MO. 0
DPTR FM NORMAL 0 [PRESSURE DATA]
TOTAL FM JAN 1 0 HIGHEST SLP 30.65 ON 12
DPTR FM NORMAL 0 LOWEST SLP 29.56 ON 26
[REMARKS]
#FINAL-01-21#