000
CXUS51 KBTV 010700
CF6MVL
PRELIMINARY LOCAL CLIMATOLOGICAL DATA (WS FORM: F-6)
STATION: MORRISVILLE VT
MONTH: SEPTEMBER
YEAR: 2020
LATITUDE: 44 31 N
LONGITUDE: 72 37 W
TEMPERATURE IN F: :PCPN: SNOW: WIND :SUNSHINE: SKY :PK WND
================================================================================
1 2 3 4 5 6A 6B 7 8 9 10 11 12 13 14 15 16 17 18
12Z AVG MX 2MIN
DY MAX MIN AVG DEP HDD CDD WTR SNW DPTH SPD SPD DIR MIN PSBL S-S WX SPD DR
================================================================================
1 74 45 60 -3 5 0 0.00 M M 7.2 20 180 M M 8 26 170
2 70 61 66 4 0 1 0.07 M M 10.6 24 170 M M 9 1 32 170
3 76 53 65 3 0 0 0.00 M M 2.7 10 30 M M 4 12 11 40
4 73 53 63 1 2 0 0.02 M M 4.5 15 220 M M 4 22 310
5 71 49 60 -2 5 0 0.07 M M 3.7 16 350 M M 3 12 23 210
6 71 44 58 -3 7 0 0.00 M M 1.6 13 350 M M 5 12 18 310
7 77 43 60 -1 5 0 0.00 M M 7.9 25 160 M M 4 35 190
8 82 55 69 8 0 4 0.00 M M 2.5 13 20 M M 4 15 360
9 84 55 70 10 0 5 0.00 M M 3.3 14 10 M M 1 1 16 10
10 84 56 70 10 0 5 T M M 6.6 18 360 M M 8 12 25 350
11 63 38 51 -9 14 0 0.00 M M 5.7 12 330 M M 6 1 18 330
12 70 38 54 -5 11 0 0.00 M M 2.8 14 170 M M 4 12 16 170
13 72 46 59 0 6 0 0.16 M M 5.9 21 170 M M 3 1 28 170
14 65 37 51 -8 14 0 T M M 7.5 21 340 M M 5 28 350
15 62 33 48 -10 17 0 0.00 M M 1.7 10 10 M M 3 12 14 10
16 77 38 58 0 7 0 0.00 M M 6.9 20 210 M M 0 1 27 220
17 63 42 53 -4 12 0 T M M 4.2 13 10 M M 7 1 16 20
18 59 30 45 -12 20 0 0.00 M M 3.8 17 340 M M 3 12 26 300
19 56 26 41 -15 24 0 0.00 M M 2.6 16 20 M M 0 20 350
20 59 27 43 -13 22 0 0.00 M M 2.2 16 10 M M 1 22 20
21 65 27 46 -10 19 0 0.00 M M 0.9 8 360 M M 2 12 11 10
22 65 29 47 -8 18 0 0.00 M M 3.6 16 340 M M 3 12 22 340
23 72 36 54 -1 11 0 0.00 M M 4.3 14 310 M M 4 25 320
24 76 45 61 7 4 0 0.00 M M 2.5 13 340 M M 4 1 19 320
25 73 48 61 7 4 0 0.01 M M 1.1 7 30 M M 6 12 9 30
26 82 50 66 12 0 1 0.00 M M 3.7 15 170 M M 4 12 19 150
27 80 57 69 16 0 4 0.00 M M 6.4 18 200 M M 6 24 190
28 73 58 66 13 0 1 0.03 M M 4.3 17 170 M M 7 1 24 170
29 79 55 67 15 0 2 0.29 M M 6.3 18 190 M M 7 1 25 160
30 62 46 54 2 11 0 2.23 M M 5.0 14 200 M M 8 1 24 200
================================================================================
SM 2135 1320 238 23 2.88 M 132.0 M 133
================================================================================
AV 71.2 44.0 4.4 FASTST M M 4 MAX(MPH)
MISC ----> 25 160 35 190
================================================================================
NOTES:
# LAST OF SEVERAL OCCURRENCES
COLUMN 17 PEAK WIND IN M.P.H.
PRELIMINARY LOCAL CLIMATOLOGICAL DATA (WS FORM: F-6) , PAGE 2
STATION: MORRISVILLE VT
MONTH: SEPTEMBER
YEAR: 2020
LATITUDE: 44 31 N
LONGITUDE: 72 37 W
[TEMPERATURE DATA] [PRECIPITATION DATA] SYMBOLS USED IN COLUMN 16
AVERAGE MONTHLY: 57.6 TOTAL FOR MONTH: 2.88 1 = FOG OR MIST
DPTR FM NORMAL: -0.1 DPTR FM NORMAL: -0.49 2 = FOG REDUCING VISIBILITY
HIGHEST: 84 ON 10, 9 GRTST 24HR 2.52 ON 29-30 TO 1/4 MILE OR LESS
LOWEST: 26 ON 19 3 = THUNDER
SNOW, ICE PELLETS, HAIL 4 = ICE PELLETS
TOTAL MONTH: M 5 = HAIL
GRTST 24HR M ON M 6 = FREEZING RAIN OR DRIZZLE
GRTST DEPTH: M ON M 7 = DUSTSTORM OR SANDSTORM:
VSBY 1/2 MILE OR LESS
8 = SMOKE OR HAZE
[NO. OF DAYS WITH] [WEATHER - DAYS WITH] 9 = BLOWING SNOW
X = TORNADO
MAX 32 OR BELOW: 0 0.01 INCH OR MORE: 8
MAX 90 OR ABOVE: 0 0.10 INCH OR MORE: 3
MIN 32 OR BELOW: 5 0.50 INCH OR MORE: 1
MIN 0 OR BELOW: 0 1.00 INCH OR MORE: 1
[HDD (BASE 65) ]
TOTAL THIS MO. 238 CLEAR (SCALE 0-3) 8
DPTR FM NORMAL 1 PTCLDY (SCALE 4-7) 20
TOTAL FM JUL 1 286 CLOUDY (SCALE 8-10) 2
DPTR FM NORMAL -47
[CDD (BASE 65) ]
TOTAL THIS MO. 23
DPTR FM NORMAL 5 [PRESSURE DATA]
TOTAL FM JAN 1 455 HIGHEST SLP M ON M
DPTR FM NORMAL 190 LOWEST SLP 29.37 ON 30
[REMARKS]
#FINAL-09-20#