000
CXUS54 KFWD 010830
CF6MWL
PRELIMINARY LOCAL CLIMATOLOGICAL DATA (WS FORM: F-6)
STATION: MINERAL WELLS
MONTH: FEBRUARY
YEAR: 2022
LATITUDE: 32 46 N
LONGITUDE: 98 4 W
TEMPERATURE IN F: :PCPN: SNOW: WIND :SUNSHINE: SKY :PK WND
================================================================================
1 2 3 4 5 6A 6B 7 8 9 10 11 12 13 14 15 16 17 18
12Z AVG MX 2MIN
DY MAX MIN AVG DEP HDD CDD WTR SNW DPTH SPD SPD DIR MIN PSBL S-S WX SPD DR
================================================================================
1 71 52 62 15 3 0 0.00 M M 9.4 20 170 M M 5 26 140
2 56 24 40 -7 25 0 1.03 M M 14.7 28 340 M M 8 16 36 340
3 24 17 21 -26 44 0 0.06 M M 16.1 24 340 M M 10 18 34 340
4 34 18 26 -22 39 0 0.00 M M 9.7 21 340 M M 5 26 330
5 49 15 32 -16 33 0 0.00 M M 5.6 16 160 M M 0 1 21 170
6 58 25 42 -6 23 0 0.00 M M 5.3 12 140 M M 0 15 140
7 59 29 44 -4 21 0 0.00 M M 5.9 16 350 M M 0 22 360
8 69 26 48 0 17 0 0.00 M M 8.2 22 200 M M 0 29 210
9 72 30 51 3 14 0 0.00 M M 3.5 10 330 M M 0 17 340
10 72 29 51 2 14 0 0.00 M M 3.2 13 210 M M 0 16 190
11 77 35 56 7 9 0 0.00 M M 8.3 21 30 M M 0 32 30
12 55 24 40 -9 25 0 0.00 M M 13.6 30 10 M M 5 43 10
13 67 25 46 -3 19 0 0.00 M M 3.9 17 290 M M 0 23 280
14 75 30 53 4 12 0 0.00 M M 7.2 21 200 M M 0 30 200
15 74 40 57 7 8 0 0.00 M M 15.6 28 170 M M 0 40 170
16 76 60 68 18 0 3 0.00 M M 16.8 29 180 M M 6 43 190
17 68 26 47 -3 18 0 0.26 M M 16.1 33 260 M M 9 13 47 260
18 55 20 38 -12 27 0 0.00 M M 3.4 9 340 M M 0 13 340
19 67 27 47 -4 18 0 0.00 M M 5.1 14 150 M M 0 20 170
20 72 36 54 3 11 0 0.00 M M 11.9 23 190 M M 0 30 220
21 82 49 66 15 0 1 0.36 M M 10.0 38 270 M M 3 138 57 280
22 63 29 46 -5 19 0 0.37 M M 13.8 25 330 M M 3 13 35 190
23 29 21 25 -27 40 0 0.03 M M 13.4 23 350 M M 9 168 32 350
24 31 21 26 -26 39 0 T M M 10.2 17 320 M M 10 1 22 320
25 41 19 30 -22 35 0 0.00 M M 9.1 17 360 M M 5 27 40
26 38 33 36 -16 29 0 T M M 7.2 13 340 M M 10 18 16 350
27 60 25 43 -10 22 0 0.00 M M 7.0 17 350 M M 0 23 330
28 68 23 46 -7 19 0 0.00 M M 3.6 13 150 M M 0 16 150
================================================================================
SM 1662 808 583 4 2.11 M 257.8 M 88
================================================================================
AV 59.4 28.9 9.2 FASTST M M 3 MAX(MPH)
MISC ----> 38 270 57 280
================================================================================
NOTES:
# LAST OF SEVERAL OCCURRENCES
COLUMN 17 PEAK WIND IN M.P.H.
PRELIMINARY LOCAL CLIMATOLOGICAL DATA (WS FORM: F-6) , PAGE 2
STATION: MINERAL WELLS
MONTH: FEBRUARY
YEAR: 2022
LATITUDE: 32 46 N
LONGITUDE: 98 4 W
[TEMPERATURE DATA] [PRECIPITATION DATA] SYMBOLS USED IN COLUMN 16
AVERAGE MONTHLY: 44.1 TOTAL FOR MONTH: 2.11 1 = FOG OR MIST
DPTR FM NORMAL: -5.6 DPTR FM NORMAL: -0.08 2 = FOG REDUCING VISIBILITY
HIGHEST: 82 ON 21 GRTST 24HR 1.09 ON 2- 3 TO 1/4 MILE OR LESS
LOWEST: 15 ON 5 3 = THUNDER
SNOW, ICE PELLETS, HAIL 4 = ICE PELLETS
TOTAL MONTH: M 5 = HAIL
GRTST 24HR M ON M 6 = FREEZING RAIN OR DRIZZLE
GRTST DEPTH: M ON M 7 = DUSTSTORM OR SANDSTORM:
VSBY 1/2 MILE OR LESS
8 = SMOKE OR HAZE
[NO. OF DAYS WITH] [WEATHER - DAYS WITH] 9 = BLOWING SNOW
X = TORNADO
MAX 32 OR BELOW: 3 0.01 INCH OR MORE: 6
MAX 90 OR ABOVE: 0 0.10 INCH OR MORE: 4
MIN 32 OR BELOW: 21 0.50 INCH OR MORE: 1
MIN 0 OR BELOW: 0 1.00 INCH OR MORE: 1
[HDD (BASE 65) ]
TOTAL THIS MO. 583 CLEAR (SCALE 0-3) 17
DPTR FM NORMAL 148 PTCLDY (SCALE 4-7) 6
TOTAL FM JUL 1 1757 CLOUDY (SCALE 8-10) 5
DPTR FM NORMAL -279
[CDD (BASE 65) ]
TOTAL THIS MO. 4
DPTR FM NORMAL -3 [PRESSURE DATA]
TOTAL FM JAN 1 4 HIGHEST SLP 30.66 ON 4
DPTR FM NORMAL 2 LOWEST SLP 29.58 ON 21
[REMARKS]
#FINAL-02-22#