000
CXUS54 KFWD 010831
CF6MWL
PRELIMINARY LOCAL CLIMATOLOGICAL DATA (WS FORM: F-6)
STATION: MINERAL WELLS
MONTH: NOVEMBER
YEAR: 2021
LATITUDE: 32 46 N
LONGITUDE: 98 4 W
TEMPERATURE IN F: :PCPN: SNOW: WIND :SUNSHINE: SKY :PK WND
================================================================================
1 2 3 4 5 6A 6B 7 8 9 10 11 12 13 14 15 16 17 18
12Z AVG MX 2MIN
DY MAX MIN AVG DEP HDD CDD WTR SNW DPTH SPD SPD DIR MIN PSBL S-S WX SPD DR
================================================================================
1 80 50 65 5 0 0 0.00 M M 5.7 15 170 M M 4 8 20 160
2 58 50 54 -6 11 0 0.45 M M 7.5 15 10 M M 9 13 20 30
3 50 47 49 -10 16 0 0.44 M M 7.4 14 360 M M 10 13 19 40
4 55 42 49 -10 16 0 0.00 M M 1.8 8 70 M M 8 1 11 70
5 62 37 50 -9 15 0 0.00 M M 5.2 13 100 M M 0 1 20 110
6 70 39 55 -3 10 0 0.00 M M 6.5 13 160 M M 0 17 170
7 78 44 61 3 4 0 0.00 M M 8.2 16 180 M M 0 22 170
8 78 47 63 5 2 0 0.00 M M 9.5 16 170 M M 1 1 23 180
9 78 56 67 10 0 2 0.00 M M 8.9 16 210 M M 3 24 210
10 77 60 69 12 0 4 T M M 11.0 21 180 M M 6 31 170
11 70 41 56 0 9 0 0.00 M M 6.4 18 360 M M 0 8 27 350
12 69 39 54 -2 11 0 T M M 7.6 24 350 M M 0 34 350
13 71 33 52 -4 13 0 0.00 M M 6.2 15 200 M M 0 21 180
14 73 41 57 1 8 0 0.00 M M 5.0 13 40 M M 0 18 60
15 83 42 63 8 2 0 0.00 M M 5.3 12 140 M M 0 16 170
16 85 57 71 16 0 6 0.00 M M 12.7 23 200 M M 0 33 190
17 82 51 67 13 0 2 0.00 M M 13.3 23 340 M M 0 30 330
18 62 39 51 -3 14 0 0.00 M M 9.7 20 40 M M 1 28 50
19 64 31 48 -6 17 0 0.00 M M 9.2 17 160 M M 1 23 150
20 78 45 62 9 3 0 0.00 M M 10.9 20 190 M M 0 30 170
21 62 45 54 1 11 0 T M M 10.8 23 340 M M 3 32 340
22 68 36 52 -1 13 0 0.00 M M 3.1 9 180 M M 0 8 12 250
23 74 35 55 3 10 0 0.00 M M 9.9 21 160 M M 0 29 170
24 78 51 65 13 0 0 T M M 11.9 23 180 M M 3 33 180
25 60 38 49 -3 16 0 T M M 13.9 28 350 M M 0 38 340
26 58 29 44 -7 21 0 0.00 M M 6.4 14 180 M M 0 20 180
27 54 40 47 -4 18 0 0.45 M M 4.2 10 130 M M 8 12 13 130
28 67 41 54 3 11 0 0.01 M M 5.4 15 340 M M 1 20 350
29 76 34 55 5 10 0 0.00 M M 6.2 15 240 M M 0 19 220
30 79 42 61 11 4 0 0.00 M M 8.6 17 200 M M 0 24 180
================================================================================
SM 2099 1282 265 14 1.35 M 238.4 M 58
================================================================================
AV 70.0 42.7 7.9 FASTST M M 2 MAX(MPH)
MISC ----> 28 350 38 340
================================================================================
NOTES:
# LAST OF SEVERAL OCCURRENCES
COLUMN 17 PEAK WIND IN M.P.H.
PRELIMINARY LOCAL CLIMATOLOGICAL DATA (WS FORM: F-6) , PAGE 2
STATION: MINERAL WELLS
MONTH: NOVEMBER
YEAR: 2021
LATITUDE: 32 46 N
LONGITUDE: 98 4 W
[TEMPERATURE DATA] [PRECIPITATION DATA] SYMBOLS USED IN COLUMN 16
AVERAGE MONTHLY: 56.4 TOTAL FOR MONTH: 1.35 1 = FOG OR MIST
DPTR FM NORMAL: 1.3 DPTR FM NORMAL: -1.06 2 = FOG REDUCING VISIBILITY
HIGHEST: 85 ON 16 GRTST 24HR 0.89 ON 2- 3 TO 1/4 MILE OR LESS
LOWEST: 29 ON 26 3 = THUNDER
SNOW, ICE PELLETS, HAIL 4 = ICE PELLETS
TOTAL MONTH: M 5 = HAIL
GRTST 24HR M ON M 6 = FREEZING RAIN OR DRIZZLE
GRTST DEPTH: M ON M 7 = DUSTSTORM OR SANDSTORM:
VSBY 1/2 MILE OR LESS
8 = SMOKE OR HAZE
[NO. OF DAYS WITH] [WEATHER - DAYS WITH] 9 = BLOWING SNOW
X = TORNADO
MAX 32 OR BELOW: 0 0.01 INCH OR MORE: 4
MAX 90 OR ABOVE: 0 0.10 INCH OR MORE: 3
MIN 32 OR BELOW: 2 0.50 INCH OR MORE: 0
MIN 0 OR BELOW: 0 1.00 INCH OR MORE: 0
[HDD (BASE 65) ]
TOTAL THIS MO. 265 CLEAR (SCALE 0-3) 24
DPTR FM NORMAL -54 PTCLDY (SCALE 4-7) 2
TOTAL FM JUL 1 301 CLOUDY (SCALE 8-10) 4
DPTR FM NORMAL -115
[CDD (BASE 65) ]
TOTAL THIS MO. 14
DPTR FM NORMAL -5 [PRESSURE DATA]
TOTAL FM JAN 1 2333 HIGHEST SLP 30.51 ON 18
DPTR FM NORMAL -153 LOWEST SLP 29.71 ON 10
[REMARKS]
#FINAL-11-21#