000
CXUS54 KLZK 011330
CF6MWT
PRELIMINARY LOCAL CLIMATOLOGICAL DATA (WS FORM: F-6)
STATION: MOUNT IDA
MONTH: FEBRUARY
YEAR: 2023
LATITUDE: 34 32 N
LONGITUDE: 93 35 W
TEMPERATURE IN F: :PCPN: SNOW: WIND :SUNSHINE: SKY :PK WND
================================================================================
1 2 3 4 5 6A 6B 7 8 9 10 11 12 13 14 15 16 17 18
12Z AVG MX 2MIN
DY MAX MIN AVG DEP HDD CDD WTR SNW DPTH SPD SPD DIR MIN PSBL S-S WX SPD DR
================================================================================
1 32 28 30 -13 35 0 0.10 M M 1.2 6 110 M M 10 1 10 10
2 38 31 35 -8 30 0 0.17 0.0 0 1.1 7 320 M M 10 1 11 320
3 51 27 39 -4 26 0 0.00 0.0 M 1.2 7 120 M M 0 1 9 120
4 54 25 40 -3 25 0 0.00 0.0 M 2.2 12 150 M M 0 20 130
5 71 42 57 13 8 0 0.00 0.0 M 2.9 10 290 M M 0 16 230
6 67 35 51 7 14 0 0.00 M M 2.1 12 160 M M 4 1 21 130
7 63 51 57 13 8 0 0.87 0.0 M 1.7 12 190 M M 10 1 18 200
8 57 45 51 7 14 0 4.15 M M 4.6 16 220 M M 10 1 26 210
9 61 38 50 6 15 0 0.00 0.0 M 2.7 12 260 M M 2 22 240
10 44 37 41 -3 24 0 0.37 0.0 0 1.1 6 10 M M 9 1 10 20
11 55 31 43 -1 22 0 0.03 M M 1.2 9 310 M M 4 13 290
12 66 26 46 1 19 0 0.00 0.0 M 1.3 8 200 M M 0 14 200
13 72 35 54 9 11 0 0.00 0.0 M 1.7 8 150 M M 0 13 140
14 64 51 58 13 7 0 0.72 0.0 M 7.3 20 130 M M 4 1 35 120
15 75 39 57 12 8 0 T 0.0 0 4.6 16 130 M M 2 26 180
16 73 31 52 6 13 0 0.11 0.0 0 8.7 16 200 M M 8 1 28 200
17 52 28 40 -6 25 0 0.00 0.0 M 4.3 14 310 M M 3 22 320
18 56 22 39 -7 26 0 0.00 0.0 M 2.2 13 110 M M 1 8 18 130
19 65 45 55 9 10 0 0.00 0.0 M 4.2 14 220 M M 0 22 210
20 76 52 64 18 1 0 0.00 0.0 0 4.4 12 220 M M 1 8 23 220
21 77 47 62 15 3 0 0.00 0.0 0 3.0 16 170 M M 3 27 180
22 73 57 65 18 0 0 0.12 0.0 M 5.1 18 170 M M 5 1 32 140
23 67 45 56 9 9 0 0.01 M M 4.6 13 280 M M 6 1 20 300
24 47 39 43 -5 22 0 1.33 M M 2.5 8 60 M M 10 1 14 40
25 48 41 45 -3 20 0 0.25 M M 0.8 6 110 M M 10 1 8 290
26 67 47 57 9 8 0 0.09 M M 2.0 16 160 M M 9 1 30 180
27 78 50 64 16 1 0 0.02 M M 5.7 18 170 M M 2 1 34 130
28 81 39 60 11 5 0 0.00 0.0 M 1.8 12 140 M M 0 18 230
================================================================================
SM 1730 1084 409 0 8.34 0.0 86.2 M 123
================================================================================
AV 61.8 38.7 3.1 FASTST M M 4 MAX(MPH)
MISC ----> 20 130 35 120
================================================================================
NOTES:
# LAST OF SEVERAL OCCURRENCES
COLUMN 17 PEAK WIND IN M.P.H.
PRELIMINARY LOCAL CLIMATOLOGICAL DATA (WS FORM: F-6) , PAGE 2
STATION: MOUNT IDA
MONTH: FEBRUARY
YEAR: 2023
LATITUDE: 34 32 N
LONGITUDE: 93 35 W
[TEMPERATURE DATA] [PRECIPITATION DATA] SYMBOLS USED IN COLUMN 16
AVERAGE MONTHLY: 50.3 TOTAL FOR MONTH: 8.34 1 = FOG OR MIST
DPTR FM NORMAL: 4.8 DPTR FM NORMAL: 4.30 2 = FOG REDUCING VISIBILITY
HIGHEST: 81 ON 28 GRTST 24HR 4.91 ON 7- 8 TO 1/4 MILE OR LESS
LOWEST: 22 ON 18 3 = THUNDER
SNOW, ICE PELLETS, HAIL 4 = ICE PELLETS
TOTAL MONTH: 0.0 INCH 5 = HAIL
GRTST 24HR 0.0 6 = FREEZING RAIN OR DRIZZLE
GRTST DEPTH: 0 7 = DUSTSTORM OR SANDSTORM:
VSBY 1/2 MILE OR LESS
8 = SMOKE OR HAZE
[NO. OF DAYS WITH] [WEATHER - DAYS WITH] 9 = BLOWING SNOW
X = TORNADO
MAX 32 OR BELOW: 1 0.01 INCH OR MORE: 14
MAX 90 OR ABOVE: 0 0.10 INCH OR MORE: 10
MIN 32 OR BELOW: 9 0.50 INCH OR MORE: 4
MIN 0 OR BELOW: 0 1.00 INCH OR MORE: 2
[HDD (BASE 65) ]
TOTAL THIS MO. 409 CLEAR (SCALE 0-3) 14
DPTR FM NORMAL -141 PTCLDY (SCALE 4-7) 6
TOTAL FM JUL 1 2182 CLOUDY (SCALE 8-10) 8
DPTR FM NORMAL -334
[CDD (BASE 65) ]
TOTAL THIS MO. 0
DPTR FM NORMAL -3 [PRESSURE DATA]
TOTAL FM JAN 1 4 HIGHEST SLP 30.59 ON 3
DPTR FM NORMAL 3 LOWEST SLP 29.49 ON 27
[REMARKS]
#FINAL-02-23#