000
CXUS56 KSTO 011401
CF6MYV
PRELIMINARY LOCAL CLIMATOLOGICAL DATA (WS FORM: F-6)
STATION: MARYSVILLE
MONTH: DECEMBER
YEAR: 2023
LATITUDE: 39 6 N
LONGITUDE: 121-34 E
TEMPERATURE IN F: :PCPN: SNOW: WIND :SUNSHINE: SKY :PK WND
================================================================================
1 2 3 4 5 6A 6B 7 8 9 10 11 12 13 14 15 16 17 18
12Z AVG MX 2MIN
DY MAX MIN AVG DEP HDD CDD WTR SNW DPTH SPD SPD DIR MIN PSBL S-S WX SPD DR
================================================================================
1 61 34 48 0 17 0 T M M 5.0 8 140 M M 4 1 10 130
2 58 51 55 7 10 0 0.03 M M 11.0 17 150 M M 10 18 20 160
3 65 46 56 8 9 0 T M M 8.1 17 150 M M 3 22 140
4 67 40 54 6 11 0 0.00 M M 1.2 9 320 M M 2 12 11 210
5 67 41 54 7 11 0 0.00 0.0 M 1.3 7 290 M M 0 128 9 250
6 58 40 49 2 16 0 0.10 0.0 M 8.1 21 170 M M 4 1 25 140
7 56 43 50 3 15 0 0.06 0.0 M 8.9 20 130 M M 4 1 24 120
8 58 40 49 2 16 0 0.00 M M 9.8 22 330 M M 2 1 27 330
9 59 31 45 -2 20 0 0.00 M M 1.7 7 360 M M 0 18 10 10
10 58 31 45 -2 20 0 0.00 M M 1.4 8 290 M M 0 18 9 290
11 61 30 46 -1 19 0 0.00 M M 0.8 7 80 M M 0 1 7 70
12 68 32 50 4 15 0 0.00 M M 3.7 16 330 M M 0 18 21 320
13 62 32 47 1 18 0 0.00 M M 2.0 7 90 M M 0 18 9 150
14 60 33 47 1 18 0 0.00 M M 2.1 8 290 M M 0 18 10 280
15 63 37 50 4 15 0 0.00 M M 3.6 8 310 M M 0 10 360
16 69 31 50 4 15 0 0.00 M M 2.3 9 310 M M 0 18 11 320
17 61 37 49 3 16 0 0.14 M M 4.7 25 60 M M 3 32 60
18 58 48 53 7 12 0 0.87 M M 7.5 24 150 M M 10 13 30 140
19 65 57 61 15 4 0 0.42 M M 12.7 23 170 M M 9 13 27 180
20 64 50 57 11 8 0 0.01 M M 4.3 10 200 M M 8 1 14 200
21 63 46 55 9 10 0 0.00 M M 3.5 13 310 M M 3 128 14 300
22 68 42 55 9 10 0 0.00 M M 3.2 10 330 M M 4 12 13 330
23 60 41 51 5 14 0 0.00 M M 3.4 9 350 M M 1 12 12 360
24 57 35 46 0 19 0 0.00 M M 2.1 10 330 M M 0 1 13 330
25 59 38 49 3 16 0 0.00 M M 2.8 7 90 M M 2 128 9 290
26 57 39 48 2 17 0 0.00 M M 1.4 8 260 M M 1 12 9 270
27 58 42 50 4 15 0 0.73 M M 7.9 23 150 M M 7 18 28 140
28 64 50 57 11 8 0 T M M 3.0 8 280 M M 8 1 12 230
29 63 48 56 10 9 0 0.74 M M 5.4 17 240 M M 7 12 21 240
30 60 47 54 8 11 0 0.34 M M 3.9 12 150 M M 8 18 12 150
31 57 49 53 7 12 0 0.04 M M 3.0 9 330 M M 7 1 12 330
================================================================================
SM 1904 1261 426 0 3.48 0.0 139.8 M 107
================================================================================
AV 61.4 40.7 4.5 FASTST M M 3 MAX(MPH)
MISC ----> 25 60 32 60
================================================================================
NOTES:
# LAST OF SEVERAL OCCURRENCES
COLUMN 17 PEAK WIND IN M.P.H.
PRELIMINARY LOCAL CLIMATOLOGICAL DATA (WS FORM: F-6) , PAGE 2
STATION: MARYSVILLE
MONTH: DECEMBER
YEAR: 2023
LATITUDE: 39 6 N
LONGITUDE: 121-34 E
[TEMPERATURE DATA] [PRECIPITATION DATA] SYMBOLS USED IN COLUMN 16
AVERAGE MONTHLY: 51.0 TOTAL FOR MONTH: 3.48 1 = FOG OR MIST
DPTR FM NORMAL: 4.4 DPTR FM NORMAL: -0.20 2 = FOG REDUCING VISIBILITY
HIGHEST: 69 ON 16 GRTST 24HR 1.08 ON 29-30 TO 1/4 MILE OR LESS
LOWEST: 30 ON 11 3 = THUNDER
SNOW, ICE PELLETS, HAIL 4 = ICE PELLETS
TOTAL MONTH: 0.0 INCH 5 = HAIL
GRTST 24HR 0.0 6 = FREEZING RAIN OR DRIZZLE
GRTST DEPTH: M ON M 7 = DUSTSTORM OR SANDSTORM:
VSBY 1/2 MILE OR LESS
8 = SMOKE OR HAZE
[NO. OF DAYS WITH] [WEATHER - DAYS WITH] 9 = BLOWING SNOW
X = TORNADO
MAX 32 OR BELOW: 0 0.01 INCH OR MORE: 11
MAX 90 OR ABOVE: 0 0.10 INCH OR MORE: 7
MIN 32 OR BELOW: 6 0.50 INCH OR MORE: 3
MIN 0 OR BELOW: 0 1.00 INCH OR MORE: 0
[HDD (BASE 65) ]
TOTAL THIS MO. 426 CLEAR (SCALE 0-3) 16
DPTR FM NORMAL -146 PTCLDY (SCALE 4-7) 12
TOTAL FM JUL 1 777 CLOUDY (SCALE 8-10) 3
DPTR FM NORMAL -257
[CDD (BASE 65) ]
TOTAL THIS MO. 0
DPTR FM NORMAL 0 [PRESSURE DATA]
TOTAL FM JAN 1 1598 HIGHEST SLP 30.41 ON 9
DPTR FM NORMAL 99 LOWEST SLP 29.71 ON 19
[REMARKS]
#FINAL-12-23#