197
CXUS56 KMTR 011000
CF6NUQ
PRELIMINARY LOCAL CLIMATOLOGICAL DATA (WS FORM: F-6)
STATION: MOFFETT FIELD
MONTH: JULY
YEAR: 2019
LATITUDE: 37 25 N
LONGITUDE: 122 3 W
TEMPERATURE IN F: :PCPN: SNOW: WIND :SUNSHINE: SKY :PK WND
================================================================================
1 2 3 4 5 6A 6B 7 8 9 10 11 12 13 14 15 16 17 18
12Z AVG MX 2MIN
DY MAX MIN AVG DEP HDD CDD WTR SNW DPTH SPD SPD DIR MIN PSBL S-S WX SPD DR
================================================================================
1 76 57 67 -1 0 2 0.00 0.0 0 7.7 21 350 M M 2 24 350
2 77 57 67 -1 0 2 0.00 0.0 0 7.7 24 350 M M 0 8 29 350
3 77 56 67 -1 0 2 0.00 0.0 0 8.6 22 340 M M 0 26 340
4 75 56 66 -2 0 1 0.00 0.0 0 8.0 18 340 M M 0 22 340
5 79 58 69 1 0 4 T 0.0 0 7.0 18 340 M M 3 22 350
6 78 57 68 0 0 3 0.00 0.0 0 7.0 21 360 M M 0 25 350
7 75 58 67 -1 0 2 0.00 0.0 0 7.1 20 350 M M 0 23 350
8 74 57 66 -2 0 1 0.00 0.0 0 8.7 22 350 M M 2 28 350
9 75 57 66 -2 0 1 0.00 0.0 0 7.4 23 340 M M 4 27 350
10 76 64 70 2 0 5 0.00 0.0 0 9.6 21 350 M M 5 23 340
11 M M M M M M 0.00 0.0 0 2.4 7 360 M M 3 M M
12 77 60 69 1 0 4 0.00 0.0 M 8.1 20 340 M M 0 25 340
13 75 60 68 0 0 3 0.00 0.0 0 6.6 16 350 M M 3 20 350
14 74 59 67 -1 0 2 0.00 0.0 0 6.1 16 350 M M 0 21 350
15 85 61 73 5 0 8 0.00 0.0 0 8.2 22 360 M M 0 27 340
16 87 60 74 6 0 9 0.00 0.0 0 7.5 16 280 M M 1 25 280
17 83 58 71 3 0 6 0.00 0.0 0 7.1 18 350 M M 0 22 350
18 79 61 70 2 0 5 0.00 0.0 0 8.8 23 10 M M 0 27 360
19 84 60 72 4 0 7 0.00 0.0 0 7.8 18 340 M M 0 21 350
20 77 61 69 1 0 4 0.00 0.0 0 7.1 18 340 M M 2 22 350
21 79 61 70 2 0 5 0.00 0.0 0 6.1 16 340 M M 3 20 340
22 83 62 73 5 0 8 0.00 0.0 0 6.3 14 340 M M 1 18 340
23 76 62 69 1 0 4 0.00 0.0 0 7.2 20 340 M M 0 24 340
24 89 60 75 7 0 10 0.00 0.0 0 5.6 15 320 M M 0 20 310
25 83 63 73 5 0 8 0.00 0.0 0 5.9 15 350 M M 0 18 350
26 77 61 69 1 0 4 0.00 0.0 0 7.4 15 340 M M 3 20 350
27 86 60 73 5 0 8 0.00 0.0 0 5.1 13 350 M M 2 16 340
28 85 64 75 7 0 10 0.00 0.0 0 7.5 16 340 M M 0 22 350
29 77 58 68 0 0 3 0.00 0.0 0 7.5 21 340 M M 0 24 320
30 75 58 67 -1 0 2 0.00 0.0 0 7.7 18 340 M M 1 22 350
31 80 58 69 1 0 4 0.00 0.0 0 6.1 15 340 M M 0 21 350
================================================================================
SM 2373 1784 0 137 T 0.0 220.9 M 35
================================================================================
AV 79.1 59.5 7.1 FASTST M M 1 MAX(MPH)
MISC ----> # 24 350 # 29 350
================================================================================
NOTES:
# LAST OF SEVERAL OCCURRENCES
COLUMN 17 PEAK WIND IN M.P.H.
PRELIMINARY LOCAL CLIMATOLOGICAL DATA (WS FORM: F-6) , PAGE 2
STATION: MOFFETT FIELD
MONTH: JULY
YEAR: 2019
LATITUDE: 37 25 N
LONGITUDE: 122 3 W
[TEMPERATURE DATA] [PRECIPITATION DATA] SYMBOLS USED IN COLUMN 16
AVERAGE MONTHLY: 69.3 TOTAL FOR MONTH: T 1 = FOG OR MIST
DPTR FM NORMAL: 1.2 DPTR FM NORMAL: -0.02 2 = FOG REDUCING VISIBILITY
HIGHEST: 89 ON 24 GRTST 24HR T ON 5- 5 TO 1/4 MILE OR LESS
LOWEST: 56 ON 4, 3 3 = THUNDER
SNOW, ICE PELLETS, HAIL 4 = ICE PELLETS
TOTAL MONTH: 0.0 INCH 5 = HAIL
GRTST 24HR 0.0 6 = FREEZING RAIN OR DRIZZLE
GRTST DEPTH: 0 7 = DUSTSTORM OR SANDSTORM:
VSBY 1/2 MILE OR LESS
8 = SMOKE OR HAZE
[NO. OF DAYS WITH] [WEATHER - DAYS WITH] 9 = BLOWING SNOW
X = TORNADO
MAX 32 OR BELOW: 0 0.01 INCH OR MORE: 0
MAX 90 OR ABOVE: 0 0.10 INCH OR MORE: 0
MIN 32 OR BELOW: 0 0.50 INCH OR MORE: 0
MIN 0 OR BELOW: 0 1.00 INCH OR MORE: 0
[HDD (BASE 65) ]
TOTAL THIS MO. 0 CLEAR (SCALE 0-3) 26
DPTR FM NORMAL -9 PTCLDY (SCALE 4-7) 5
TOTAL FM JUL 1 0 CLOUDY (SCALE 8-10) 0
DPTR FM NORMAL -9
[CDD (BASE 65) ]
TOTAL THIS MO. 137
DPTR FM NORMAL 32 [PRESSURE DATA]
TOTAL FM JAN 1 303 HIGHEST SLP M ON M
DPTR FM NORMAL 77 LOWEST SLP 29.86 ON 19
[REMARKS]
#FINAL-07-19#