000
CXUS55 KPSR 011005
CF6NYL
PRELIMINARY LOCAL CLIMATOLOGICAL DATA (WS FORM: F-6)
STATION: YUMA AZ
MONTH: FEBRUARY
YEAR: 2023
LATITUDE: 32 39 N
LONGITUDE: 114 37 W
TEMPERATURE IN F: :PCPN: SNOW: WIND :SUNSHINE: SKY :PK WND
================================================================================
1 2 3 4 5 6A 6B 7 8 9 10 11 12 13 14 15 16 17 18
12Z AVG MX 2MIN
DY MAX MIN AVG DEP HDD CDD WTR SNW DPTH SPD SPD DIR MIN PSBL S-S WX SPD DR
================================================================================
1 67 47 57 -3 8 0 0.02 M M 8.4 20 20 M M 5 25 20
2 70 44 57 -3 8 0 0.00 M M 6.7 14 70 M M 0 19 40
3 69 47 58 -2 7 0 0.00 M M 4.3 12 360 M M 4 16 10
4 75 43 59 -1 6 0 0.00 M M 2.7 9 20 M M 0 13 10
5 76 42 59 -2 6 0 0.00 M M 6.9 18 270 M M 0 26 260
6 71 47 59 -2 6 0 0.00 M M 10.6 24 330 M M 0 35 360
7 70 48 59 -2 6 0 0.00 M M 9.2 24 350 M M 0 35 350
8 73 43 58 -3 7 0 0.00 M M 4.7 14 40 M M 1 17 30
9 75 44 60 -1 5 0 0.00 M M 9.4 23 360 M M 0 33 10
10 74 48 61 0 4 0 0.00 M M 10.1 20 20 M M 2 25 20
11 74 51 63 2 2 0 0.00 M M 7.0 15 150 M M 0 22 150
12 66 49 58 -3 7 0 0.00 M M 7.4 21 210 M M 1 3 26 210
13 65 48 57 -5 8 0 0.05 0.0 0 6.1 15 190 M M 4 19 190
14 69 46 58 -4 7 0 T 0.0 0 14.0 30 310 M M 2 78 45 280
15 60 38 49 -13 16 0 T M M 5.2 17 350 M M 2 24 20
16 62 38 50 -12 15 0 0.00 M M 6.8 17 30 M M 1 23 20
17 65 42 54 -8 11 0 0.00 M M 7.8 15 350 M M 0 20 340
18 70 44 57 -5 8 0 0.00 0.0 0 4.4 15 150 M M 0 22 150
19 72 44 58 -4 7 0 0.00 0.0 0 3.0 10 190 M M 2 13 190
20 77 47 62 -1 3 0 0.00 M M 4.6 13 150 M M 4 14 140
21 75 53 64 1 1 0 0.02 M M 12.2 26 180 M M 4 35 200
22 62 47 55 -8 10 0 0.00 M M 18.3 38 280 M M 3 78 59 280
23 64 42 53 -10 12 0 0.00 M M 10.5 26 190 M M 4 8 37 200
24 68 46 57 -6 8 0 0.00 M M 8.8 20 170 M M 2 23 160
25 71 49 60 -4 5 0 0.05 M M 13.6 31 150 M M 4 78 38 150
26 63 43 53 -11 12 0 0.00 M M 8.5 17 250 M M 2 27 260
27 65 42 54 -10 11 0 0.00 M M 3.5 10 260 M M 0 14 270
28 69 44 57 -7 8 0 0.00 M M 10.1 21 270 M M 2 28 280
================================================================================
SM 1937 1266 214 0 0.14 0.0 224.8 M 49
================================================================================
AV 69.2 45.2 8.0 FASTST M M 2 MAX(MPH)
MISC ----> 38 280 59 280
================================================================================
NOTES:
# LAST OF SEVERAL OCCURRENCES
COLUMN 17 PEAK WIND IN M.P.H.
PRELIMINARY LOCAL CLIMATOLOGICAL DATA (WS FORM: F-6) , PAGE 2
STATION: YUMA AZ
MONTH: FEBRUARY
YEAR: 2023
LATITUDE: 32 39 N
LONGITUDE: 114 37 W
[TEMPERATURE DATA] [PRECIPITATION DATA] SYMBOLS USED IN COLUMN 16
AVERAGE MONTHLY: 57.2 TOTAL FOR MONTH: 0.14 1 = FOG OR MIST
DPTR FM NORMAL: -4.7 DPTR FM NORMAL: -0.24 2 = FOG REDUCING VISIBILITY
HIGHEST: 77 ON 20 GRTST 24HR 0.05 ON 13-13 TO 1/4 MILE OR LESS
LOWEST: 38 ON 16,15 3 = THUNDER
SNOW, ICE PELLETS, HAIL 4 = ICE PELLETS
TOTAL MONTH: 0.0 INCH 5 = HAIL
GRTST 24HR 0.0 6 = FREEZING RAIN OR DRIZZLE
GRTST DEPTH: 0 7 = DUSTSTORM OR SANDSTORM:
VSBY 1/2 MILE OR LESS
8 = SMOKE OR HAZE
[NO. OF DAYS WITH] [WEATHER - DAYS WITH] 9 = BLOWING SNOW
X = TORNADO
MAX 32 OR BELOW: 0 0.01 INCH OR MORE: 4
MAX 90 OR ABOVE: 0 0.10 INCH OR MORE: 0
MIN 32 OR BELOW: 0 0.50 INCH OR MORE: 0
MIN 0 OR BELOW: 0 1.00 INCH OR MORE: 0
[HDD (BASE 65) ]
TOTAL THIS MO. 214 CLEAR (SCALE 0-3) 20
DPTR FM NORMAL 96 PTCLDY (SCALE 4-7) 8
TOTAL FM JUL 1 825 CLOUDY (SCALE 8-10) 0
DPTR FM NORMAL 205
[CDD (BASE 65) ]
TOTAL THIS MO. 0
DPTR FM NORMAL -32 [PRESSURE DATA]
TOTAL FM JAN 1 0 HIGHEST SLP 30.37 ON 2
DPTR FM NORMAL -38 LOWEST SLP 29.53 ON 22
[REMARKS]
#FINAL-02-23#