000
CXUS55 KPSR 181005
CF6NYL
PRELIMINARY LOCAL CLIMATOLOGICAL DATA (WS FORM: F-6)
STATION: YUMA AZ
MONTH: APRIL
YEAR: 2024
LATITUDE: 32 39 N
LONGITUDE: 114 37 W
TEMPERATURE IN F: :PCPN: SNOW: WIND :SUNSHINE: SKY :PK WND
================================================================================
1 2 3 4 5 6A 6B 7 8 9 10 11 12 13 14 15 16 17 18
12Z AVG MX 2MIN
DY MAX MIN AVG DEP HDD CDD WTR SNW DPTH SPD SPD DIR MIN PSBL S-S WX SPD DR
================================================================================
1 67 53 60 -10 5 0 0.04 0.0 M 4.6 14 250 M M 6 38 17 260
2 79 53 66 -5 0 1 0.00 0.0 0 3.5 10 20 M M 0 15 60
3 84 54 69 -2 0 4 0.00 M M 2.2 10 220 M M 0 14 240
4 86 57 72 1 0 7 0.00 M M 8.4 25 300 M M 2 36 310
5 69 52 61 -10 4 0 T M M 17.4 29 270 M M 2 40 300
6 71 46 59 -12 6 0 0.00 M M 6.0 15 260 M M 0 22 290
7 76 48 62 -10 3 0 0.00 M M 3.3 9 210 M M 0 14 290
8 78 55 67 -5 0 2 0.00 M M 8.5 25 320 M M 2 8 35 330
9 85 60 73 1 0 8 0.00 M M 9.5 21 350 M M 0 30 350
10 89 53 71 -1 0 6 0.00 M M 3.5 10 220 M M 0 15 240
11 95 60 78 6 0 13 0.00 M M 4.3 12 140 M M 0 16 40
12 91 62 77 5 0 12 0.00 M M 13.8 28 140 M M 0 35 140
13 84 62 73 1 0 8 0.00 M M 12.3 21 160 M M 0 28 170
14 78 58 68 -5 0 3 0.00 M M 11.4 22 280 M M 0 31 280
15 79 54 67 -6 0 2 0.00 M M 6.4 16 300 M M 0 24 300
16 89 54 72 -1 0 7 0.00 M M 4.6 13 260 M M 0 18 330
17 93 59 76 3 0 11 0.00 M M 3.4 12 190 M M 0 16 200
================================================================================
SM 1393 940 18 84 0.04 0.0 123.1 M 12
================================================================================
AV 81.9 55.3 7.2 FASTST M M 1 MAX(MPH)
MISC ----> 29 270 40 300
================================================================================
NOTES:
# LAST OF SEVERAL OCCURRENCES
COLUMN 17 PEAK WIND IN M.P.H.
PRELIMINARY LOCAL CLIMATOLOGICAL DATA (WS FORM: F-6) , PAGE 2
STATION: YUMA AZ
MONTH: APRIL
YEAR: 2024
LATITUDE: 32 39 N
LONGITUDE: 114 37 W
[TEMPERATURE DATA] [PRECIPITATION DATA] SYMBOLS USED IN COLUMN 16
AVERAGE MONTHLY: 68.6 TOTAL FOR MONTH: 0.04 1 = FOG OR MIST
DPTR FM NORMAL: -3.2 DPTR FM NORMAL: -0.05 2 = FOG REDUCING VISIBILITY
HIGHEST: 95 ON 11 GRTST 24HR 0.16 ON 31- 1 TO 1/4 MILE OR LESS
LOWEST: 46 ON 6 3 = THUNDER
SNOW, ICE PELLETS, HAIL 4 = ICE PELLETS
TOTAL MONTH: 0.0 INCH 5 = HAIL
GRTST 24HR 0.0 6 = FREEZING RAIN OR DRIZZLE
GRTST DEPTH: 0 7 = DUSTSTORM OR SANDSTORM:
VSBY 1/2 MILE OR LESS
8 = SMOKE OR HAZE
[NO. OF DAYS WITH] [WEATHER - DAYS WITH] 9 = BLOWING SNOW
X = TORNADO
MAX 32 OR BELOW: 0 0.01 INCH OR MORE: 1
MAX 90 OR ABOVE: 3 0.10 INCH OR MORE: 0
MIN 32 OR BELOW: 0 0.50 INCH OR MORE: 0
MIN 0 OR BELOW: 0 1.00 INCH OR MORE: 0
[HDD (BASE 65) ]
TOTAL THIS MO. 18 CLEAR (SCALE 0-3) 16
DPTR FM NORMAL 13 PTCLDY (SCALE 4-7) 1
TOTAL FM JUL 1 570 CLOUDY (SCALE 8-10) 0
DPTR FM NORMAL -101
[CDD (BASE 65) ]
TOTAL THIS MO. 84
DPTR FM NORMAL -40 [PRESSURE DATA]
TOTAL FM JAN 1 147 HIGHEST SLP M ON M
DPTR FM NORMAL -140 LOWEST SLP 29.66 ON 4
[REMARKS]