000
CXUS56 KMTR 011100
CF6OAK
PRELIMINARY LOCAL CLIMATOLOGICAL DATA (WS FORM: F-6)
STATION: OAKLAND AIRPORT
MONTH: FEBRUARY
YEAR: 2022
LATITUDE: 37 43 N
LONGITUDE: 122 13 W
TEMPERATURE IN F: :PCPN: SNOW: WIND :SUNSHINE: SKY :PK WND
================================================================================
1 2 3 4 5 6A 6B 7 8 9 10 11 12 13 14 15 16 17 18
12Z AVG MX 2MIN
DY MAX MIN AVG DEP HDD CDD WTR SNW DPTH SPD SPD DIR MIN PSBL S-S WX SPD DR
================================================================================
1 63 39 51 0 14 0 0.00 M M 8.9 22 20 M M 0 1 27 30
2 64 43 54 3 11 0 0.00 M M 12.3 28 10 M M 1 41 20
3 60 37 49 -2 16 0 0.00 M M 3.9 12 290 M M 4 14 300
4 62 38 50 -1 15 0 0.00 M M 3.7 12 320 M M 1 1 16 310
5 63 39 51 0 14 0 0.00 M M 2.4 8 130 M M 3 18 10 220
6 65 36 51 -1 14 0 0.00 M M 4.8 12 280 M M 0 1 13 310
7 62 38 50 -2 15 0 0.00 M M 2.8 9 280 M M 1 128 12 280
8 69 39 54 2 11 0 0.00 M M 3.4 8 260 M M 0 11 270
9 76 44 60 8 5 0 0.00 M M 4.8 14 40 M M 2 22 60
10 73 49 61 9 4 0 0.00 M M 5.8 13 310 M M 1 17 310
11 73 46 60 8 5 0 0.00 M M 3.5 9 310 M M 2 1 11 270
12 70 46 58 6 7 0 0.00 M M 2.8 8 280 M M 3 1 10 270
13 69 45 57 5 8 0 0.00 M M 4.3 10 300 M M 1 128 12 300
14 55 50 53 1 12 0 0.00 M M 12.9 26 280 M M 9 128 33 270
15 61 45 53 1 12 0 0.00 M M 9.9 18 300 M M 1 26 330
16 67 41 54 1 11 0 0.00 M M 9.1 21 10 M M 0 30 350
17 67 46 57 4 8 0 0.00 M M 6.9 16 20 M M 0 20 30
18 65 41 53 0 12 0 0.00 M M 3.9 13 300 M M 4 14 280
19 69 43 56 3 9 0 0.00 M M 4.9 15 290 M M 1 17 290
20 57 47 52 -1 13 0 0.00 M M 11.7 30 280 M M 6 1 35 270
21 58 40 49 -4 16 0 T M M 13.6 30 280 M M 2 36 290
22 54 40 47 -6 18 0 T M M 14.9 28 280 M M 4 33 280
23 55 36 46 -7 19 0 0.00 M M 8.3 18 270 M M 1 28 250
24 56 33 45 -9 20 0 0.00 M M 6.7 15 280 M M 3 19 280
25 59 35 47 -7 18 0 0.00 M M 4.8 16 290 M M 2 18 280
26 59 35 47 -7 18 0 0.00 M M 4.3 10 290 M M 6 13 280
27 67 40 54 0 11 0 0.00 M M 5.2 13 310 M M 1 16 310
28 72 40 56 2 9 0 0.00 M M 3.5 13 310 M M 2 1 17 310
================================================================================
SM 1790 1151 345 0 T M 184.0 M 61
================================================================================
AV 63.9 41.1 6.6 FASTST M M 2 MAX(MPH)
MISC ----> # 30 280 41 20
================================================================================
NOTES:
# LAST OF SEVERAL OCCURRENCES
COLUMN 17 PEAK WIND IN M.P.H.
PRELIMINARY LOCAL CLIMATOLOGICAL DATA (WS FORM: F-6) , PAGE 2
STATION: OAKLAND AIRPORT
MONTH: FEBRUARY
YEAR: 2022
LATITUDE: 37 43 N
LONGITUDE: 122 13 W
[TEMPERATURE DATA] [PRECIPITATION DATA] SYMBOLS USED IN COLUMN 16
AVERAGE MONTHLY: 52.5 TOTAL FOR MONTH: T 1 = FOG OR MIST
DPTR FM NORMAL: 0.0 DPTR FM NORMAL: -3.51 2 = FOG REDUCING VISIBILITY
HIGHEST: 76 ON 9 GRTST 24HR T ON 21-21 TO 1/4 MILE OR LESS
LOWEST: 33 ON 24 3 = THUNDER
SNOW, ICE PELLETS, HAIL 4 = ICE PELLETS
TOTAL MONTH: M 5 = HAIL
GRTST 24HR M ON M 6 = FREEZING RAIN OR DRIZZLE
GRTST DEPTH: M ON M 7 = DUSTSTORM OR SANDSTORM:
VSBY 1/2 MILE OR LESS
8 = SMOKE OR HAZE
[NO. OF DAYS WITH] [WEATHER - DAYS WITH] 9 = BLOWING SNOW
X = TORNADO
MAX 32 OR BELOW: 0 0.01 INCH OR MORE: 0
MAX 90 OR ABOVE: 0 0.10 INCH OR MORE: 0
MIN 32 OR BELOW: 0 0.50 INCH OR MORE: 0
MIN 0 OR BELOW: 0 1.00 INCH OR MORE: 0
[HDD (BASE 65) ]
TOTAL THIS MO. 345 CLEAR (SCALE 0-3) 21
DPTR FM NORMAL -6 PTCLDY (SCALE 4-7) 6
TOTAL FM JUL 1 1675 CLOUDY (SCALE 8-10) 1
DPTR FM NORMAL -212
[CDD (BASE 65) ]
TOTAL THIS MO. 0
DPTR FM NORMAL 0 [PRESSURE DATA]
TOTAL FM JAN 1 0 HIGHEST SLP 30.45 ON 4
DPTR FM NORMAL 0 LOWEST SLP 29.89 ON 22
[REMARKS]
#FINAL-02-22#