000
CXUS53 KOAX 041739
CF6OAX
PRELIMINARY LOCAL CLIMATOLOGICAL DATA (WS FORM: F-6)
STATION: VALLEY NWS NE
MONTH: JANUARY
YEAR: 2021
LATITUDE: 41 19 N
LONGITUDE: 96 22 W
TEMPERATURE IN F: :PCPN: SNOW: WIND :SUNSHINE: SKY :PK WND
================================================================================
1 2 3 4 5 6A 6B 7 8 9 10 11 12 13 14 15 16 17 18
12Z AVG MX 2MIN
DY MAX MIN AVG DEP HDD CDD WTR SNW DPTH SPD SPD DIR MIN PSBL S-S WX SPD DR
================================================================================
1 29 12 21 -2 44 0 0.00 0.0 5 M M M M M M 128 16 M
2 26 8 17 -6 48 0 0.00 0.0 5 M M M M M M 128 8 M
3 31 14 23 0 42 0 0.00 0.0 5 M M M M M M 128 18 M
4 43 23 33 10 32 0 0.00 0.0 5 M M M M M M 1 18 M
5 43 21 32 9 33 0 0.03 0.0 4 M M M M M M 1 23 M
6 39 33 36 13 29 0 0.21 T 2 M M M M M M 1 23 M
7 35 27 31 8 34 0 0.01 0.1 1 M M M M M M 1 14 M
8 33 25 29 6 36 0 0.00 0.0 1 M M M M M M 1 10 M
9 29 25 27 4 38 0 0.00 0.0 1 M M M M M M 1 15 M
10 35 26 31 8 34 0 0.00 0.0 1 M M M M M M 14 M
11 43 26 35 12 30 0 0.00 0.0 T M M M M M M 21 M
12 49 24 37 14 28 0 0.00 0.0 T M M M M M M 15 M
13 49 31 40 17 25 0 T 0.0 T M M M M M M 13 M
14 43 32 38 15 27 0 0.07 T 0 M M M M M M 52 M
15 32 29 31 8 34 0 0.16 2.3 2 M M M M M M 9 49 M
16 32 21 27 4 38 0 0.00 0.0 1 M M M M M M 26 M
17 41 24 33 10 32 0 0.00 0.0 1 M M M M M M 26 M
18 38 25 32 9 33 0 T T T M M M M M M 13 M
19 41 23 32 9 33 0 0.00 0.0 0 M M M M M M 35 M
20 51 22 37 14 28 0 0.00 0.0 0 M M M M M M 31 M
21 47 24 36 13 29 0 0.00 0.0 0 M M M M M M 30 M
22 29 18 24 1 41 0 0.00 0.0 0 M M M M M M 18 M
23 30 19 25 2 40 0 0.11 1.1 0 M M M M M M 25 M
24 31 24 28 4 37 0 T T 1 M M M M M M 18 M
25 26 18 22 -2 43 0 0.81 11.0 1 M M M M M M 1 30 M
26 22 6 14 -10 51 0 0.02 0.3 11 M M M M M M 25 M
27 24 10 17 -7 48 0 0.02 0.3 10 M M M M M M 16 M
28 28 17 23 -1 42 0 T T 9 M M M M M M 25 M
29 38 22 30 6 35 0 0.00 0.0 7 M M M M M M 18 M
30 38 30 34 10 31 0 T 0.0 6 M M M M M M 1 32 M
31 30 28 29 5 36 0 0.00 0.0 4 M M M M M M 35 M
================================================================================
SM 1105 687 1111 0 1.44 15.1 M M M
================================================================================
AV 35.6 22.2 M FASTST M M M MAX(MPH)
MISC ----> M M 52 9999
================================================================================
NOTES:
# LAST OF SEVERAL OCCURRENCES
COLUMN 17 PEAK WIND IN M.P.H.
PRELIMINARY LOCAL CLIMATOLOGICAL DATA (WS FORM: F-6) , PAGE 2
STATION: VALLEY NWS NE
MONTH: JANUARY
YEAR: 2021
LATITUDE: 41 19 N
LONGITUDE: 96 22 W
[TEMPERATURE DATA] [PRECIPITATION DATA] SYMBOLS USED IN COLUMN 16
AVERAGE MONTHLY: 28.9 TOTAL FOR MONTH: 1.44 1 = FOG OR MIST
DPTR FM NORMAL: 5.6 DPTR FM NORMAL: 0.65 2 = FOG REDUCING VISIBILITY
HIGHEST: 51 ON 20 GRTST 24HR 0.81 ON 25-25 TO 1/4 MILE OR LESS
LOWEST: 6 ON 26 3 = THUNDER
SNOW, ICE PELLETS, HAIL 4 = ICE PELLETS
TOTAL MONTH: 15.1 INCHES 5 = HAIL
GRTST 24HR 11.0 ON 25-25 6 = FREEZING RAIN OR DRIZZLE
GRTST DEPTH: 11 ON 26 7 = DUSTSTORM OR SANDSTORM:
VSBY 1/2 MILE OR LESS
8 = SMOKE OR HAZE
[NO. OF DAYS WITH] [WEATHER - DAYS WITH] 9 = BLOWING SNOW
X = TORNADO
MAX 32 OR BELOW: 14 0.01 INCH OR MORE: 9
MAX 90 OR ABOVE: 0 0.10 INCH OR MORE: 4
MIN 32 OR BELOW: 30 0.50 INCH OR MORE: 1
MIN 0 OR BELOW: 0 1.00 INCH OR MORE: 0
[HDD (BASE 65) ]
TOTAL THIS MO. 1111 CLEAR (SCALE 0-3) 0
DPTR FM NORMAL -183 PTCLDY (SCALE 4-7) 0
TOTAL FM JUL 1 3353 CLOUDY (SCALE 8-10) 31
DPTR FM NORMAL -421
[CDD (BASE 65) ]
TOTAL THIS MO. 0
DPTR FM NORMAL 0 [PRESSURE DATA]
TOTAL FM JAN 1 0 HIGHEST SLP M ON M
DPTR FM NORMAL 0 LOWEST SLP M ON M
[REMARKS]
#FINAL-01-21#