000
CXUS53 KGID 011254
CLMODX
CLIMATE REPORT
NATIONAL WEATHER SERVICE HASTINGS NE
754 AM CDT SUN OCT 01 2023
...................................
...THE ORD NE CLIMATE SUMMARY FOR THE MONTH OF SEPTEMBER 2023...
CLIMATE NORMAL PERIOD 1991 TO 2020
CLIMATE RECORD PERIOD 1895 TO 2023
WEATHER OBSERVED NORMAL DEPART LAST YEAR`S
VALUE DATE(S) VALUE FROM VALUE DATE(S)
NORMAL
................................................................
TEMPERATURE (F)
HIGHEST 100 09/02 MM MM 98 09/02
09/03
09/20
LOWEST 43 09/12 MM MM 35 09/26
09/17
AVG. MAXIMUM 83.1 77.4 5.7 84.3
AVG. MINIMUM 52.5 49.3 3.2 49.6
MEAN 67.8 63.4 4.4 66.9
DAYS MAX >= 90 8 3.5 4.5 9
DAYS MAX <= 32 0 0.0 0.0 0
DAYS MIN <= 32 0 0.6 -0.6 0
DAYS MIN <= 0 0 0.0 0.0 0
PRECIPITATION (INCHES)
TOTALS 2.39 2.22 0.17 1.00
DAILY AVG. 0.08 0.07 0.01 0.03
DAYS >= .01 5 8.2 -3.2 6
DAYS >= .10 4 4.0 0.0 3
DAYS >= .50 1 1.2 -0.2 1
DAYS >= 1.00 1 0.4 0.6 0
GREATEST
24 HR. TOTAL 1.13 09/23 TO 09/23
DEGREE DAYS
HEATING TOTAL 33 128 -95 56
SINCE 7/1 37 143 -106 MM
COOLING TOTAL 125 78 47 124
SINCE 1/1 1023 833 190 MM
................................................................
WIND (MPH)
AVERAGE WIND SPEED 6.8
HIGHEST WIND SPEED/DIRECTION 35/300 DATE 09/05
35/340 09/07
HIGHEST GUST SPEED/DIRECTION 78/350 DATE 09/07
SKY COVER
POSSIBLE SUNSHINE (PERCENT) MM
AVERAGE SKY COVER 0.16
NUMBER OF DAYS FAIR 23
NUMBER OF DAYS PC 6
NUMBER OF DAYS CLOUDY 1
AVERAGE RH (PERCENT) 65
WEATHER CONDITIONS. NUMBER OF DAYS WITH
THUNDERSTORM 3 MIXED PRECIP 0
HEAVY RAIN 2 RAIN 5
LIGHT RAIN 7 FREEZING RAIN 0
LT FREEZING RAIN 0 HAIL 0
HEAVY SNOW 0 SNOW 0
LIGHT SNOW 0 SLEET 0
FOG 13 FOG W/VIS <= 1/4 MILE 0
HAZE 6
- INDICATES NEGATIVE NUMBERS.
R INDICATES RECORD WAS SET OR TIED.
MM INDICATES DATA IS MISSING.
T INDICATES TRACE AMOUNT.
$$