381
CXUS55 KCAE 011400
CF6OGB
PRELIMINARY LOCAL CLIMATOLOGICAL DATA (WS FORM: F-6)
STATION: ORANGEBURG AIRPORT SC
MONTH: SEPTEMBER
YEAR: 2020
LATITUDE: 33 27 N
LONGITUDE: 80 51 W
TEMPERATURE IN F: :PCPN: SNOW: WIND :SUNSHINE: SKY :PK WND
================================================================================
1 2 3 4 5 6A 6B 7 8 9 10 11 12 13 14 15 16 17 18
12Z AVG MX 2MIN
DY MAX MIN AVG DEP HDD CDD WTR SNW DPTH SPD SPD DIR MIN PSBL S-S WX SPD DR
================================================================================
1 95 74 85 7 0 20 0.00 M M 2.0 8 130 M M 1 1 13 220
2 95 76 86 8 0 21 0.00 M M 4.7 13 250 M M 1 1 17 260
3 95 75 85 7 0 20 0.00 M M 6.1 14 250 M M 0 1 18 270
4 97 73 85 7 0 20 0.00 M M 4.3 13 270 M M 1 18 340
5 88 73 81 3 0 16 0.00 M M 7.4 17 20 M M 2 23 10
6 87 69 78 1 0 13 0.00 M M 6.9 16 10 M M 5 20 20
7 88 67 78 1 0 13 0.00 M M 5.6 14 20 M M 2 18 20
8 84 64 74 -3 0 9 0.00 M M 6.3 14 30 M M 2 19 50
9 86 72 79 2 0 14 T M M 6.6 14 40 M M 7 1 20 40
10 91 76 84 8 0 19 0.00 M M 4.2 10 30 M M 6 16 30
11 90 73 82 6 0 17 T M M 3.5 21 150 M M 2 13 28 160
12 88 76 82 6 0 17 T M M 6.9 13 80 M M 7 1 19 70
13 89 71 80 4 0 15 0.00 M M 5.1 13 30 M M 5 16 30
14 92 70 81 5 0 16 0.00 M M 4.6 16 30 M M 2 18 22 20
15 84 69 77 2 0 12 0.00 M M 9.1 17 30 M M 5 23 20
16 76 64 70 -5 0 5 0.16 M M 8.4 15 40 M M 7 1 22 50
17 85 73 79 4 0 14 3.78 M M 6.2 23 220 M M 10 13 32 210
18 77 70 74 0 0 9 T M M 8.6 18 20 M M 9 1 24 20
19 71 60 66 -8 0 1 0.00 M M 10.4 20 40 M M 0 25 20
20 75 55 65 -9 0 0 0.00 M M 10.5 20 40 M M 1 25 30
21 74 54 64 -10 1 0 0.00 M M 9.4 18 30 M M 2 24 60
22 73 51 62 -11 3 0 0.00 M M 3.9 14 50 M M 0 12 18 40
23 78 51 65 -8 0 0 0.00 M M 1.5 10 190 M M 2 12 12 190
24 81 60 71 -2 0 6 T M M 3.0 8 50 M M 4 12 180
25 87 71 79 7 0 14 M M M 6.3 18 210 M M 7 13 22 210
26 74 63 69 -3 0 4 0.00 M M 4.3 9 20 M M 8 12 13 10
27 76 61 69 -3 0 4 T 0.0 0 1.3 8 140 M M 4 12 9 140
28 76 67 72 1 0 7 M M M 3.3 8 120 M M 10 1 14 90
29 85 60 73 2 0 8 M M M 7.4 23 320 M M 9 13 31 330
30 75 54 65 -6 0 0 0.00 M M 4.8 14 230 M M 0 17 260
================================================================================
SM 2512 1992 4 314 3.94 0.0 172.6 M 121
================================================================================
AV 83.7 66.4 5.8 FASTST M M 4 MAX(MPH)
MISC ----> # 23 220 # 32 210
================================================================================
NOTES:
# LAST OF SEVERAL OCCURRENCES
COLUMN 17 PEAK WIND IN M.P.H.
PRELIMINARY LOCAL CLIMATOLOGICAL DATA (WS FORM: F-6) , PAGE 2
STATION: ORANGEBURG AIRPORT SC
MONTH: SEPTEMBER
YEAR: 2020
LATITUDE: 33 27 N
LONGITUDE: 80 51 W
[TEMPERATURE DATA] [PRECIPITATION DATA] SYMBOLS USED IN COLUMN 16
AVERAGE MONTHLY: 75.1 TOTAL FOR MONTH: 3.94 1 = FOG OR MIST
DPTR FM NORMAL: 0.2 DPTR FM NORMAL: 0.15 2 = FOG REDUCING VISIBILITY
HIGHEST: 97 ON 4 GRTST 24HR 3.78 ON 17-17 TO 1/4 MILE OR LESS
LOWEST: 51 ON 23,22 3 = THUNDER
SNOW, ICE PELLETS, HAIL 4 = ICE PELLETS
TOTAL MONTH: 0.0 INCH 5 = HAIL
GRTST 24HR 0.0 6 = FREEZING RAIN OR DRIZZLE
GRTST DEPTH: 0 7 = DUSTSTORM OR SANDSTORM:
VSBY 1/2 MILE OR LESS
8 = SMOKE OR HAZE
[NO. OF DAYS WITH] [WEATHER - DAYS WITH] 9 = BLOWING SNOW
X = TORNADO
MAX 32 OR BELOW: 0 0.01 INCH OR MORE: 2
MAX 90 OR ABOVE: 7 0.10 INCH OR MORE: 2
MIN 32 OR BELOW: 0 0.50 INCH OR MORE: 1
MIN 0 OR BELOW: 0 1.00 INCH OR MORE: 1
[HDD (BASE 65) ]
TOTAL THIS MO. 4 CLEAR (SCALE 0-3) 15
DPTR FM NORMAL 0 PTCLDY (SCALE 4-7) 10
TOTAL FM JUL 1 4 CLOUDY (SCALE 8-10) 5
DPTR FM NORMAL 0
[CDD (BASE 65) ]
TOTAL THIS MO. 314
DPTR FM NORMAL 13 [PRESSURE DATA]
TOTAL FM JAN 1 2130 HIGHEST SLP 30.38 ON 21
DPTR FM NORMAL 136 LOWEST SLP 29.66 ON 17
[REMARKS]
#FINAL-09-20#