000
CXHW52 PHFO 011250
CF6OGG
PRELIMINARY LOCAL CLIMATOLOGICAL DATA (WS FORM: F-6)
STATION: KAHULUI HI
MONTH: DECEMBER
YEAR: 2021
LATITUDE: 20 53 N
LONGITUDE: 156 26 W
TEMPERATURE IN F: :PCPN: SNOW: WIND :SUNSHINE: SKY :PK WND
================================================================================
1 2 3 4 5 6A 6B 7 8 9 10 11 12 13 14 15 16 17 18
12Z AVG MX 2MIN
DY MAX MIN AVG DEP HDD CDD WTR SNW DPTH SPD SPD DIR MIN PSBL S-S WX SPD DR
================================================================================
1 86 67 77 1 0 12 0.08 M M 10.3 25 70 M M 2 1 32 50
2 86 63 75 -1 0 10 0.00 M M 4.9 14 40 M M 1 20 360
3 82 71 77 1 0 12 0.89 M M 13.2 22 330 M M 8 18 30 330
4 79 65 72 -4 0 7 0.01 M M 10.8 22 200 M M 6 28 200
5 78 70 74 -2 0 9 2.40 M M 11.6 41 180 M M 7 18 52 180
6 83 70 77 2 0 12 0.99 M M 9.5 26 200 M M 6 18 35 210
7 78 70 74 -1 0 9 0.09 M M 9.3 26 350 M M 6 1 31 330
8 85 67 76 1 0 11 0.00 M M 10.1 23 90 M M 4 35 80
9 86 66 76 1 0 11 0.00 M M 13.2 28 60 M M 2 40 70
10 83 65 74 -1 0 9 0.00 M M 15.0 29 70 M M 2 39 60
11 83 72 78 3 0 13 0.00 M M 18.6 30 60 M M 1 38 70
12 82 71 77 2 0 12 T M M 16.3 28 40 M M 4 1 35 50
13 81 71 76 1 0 11 0.03 M M 16.3 28 40 M M 4 1 34 60
14 81 65 73 -2 0 8 0.01 M M 15.4 29 40 M M 4 1 36 40
15 86 63 75 0 0 10 0.00 M M 9.4 25 70 M M 1 36 70
16 83 62 73 -2 0 8 0.43 M M 10.0 22 80 M M 3 1 29 60
17 83 67 75 1 0 10 0.05 M M 6.1 21 40 M M 4 1 23 40
18 84 65 75 1 0 10 0.13 M M 11.8 25 40 M M 2 1 32 50
19 79 70 75 1 0 10 0.10 M M 13.7 23 60 M M 6 18 30 60
20 82 69 76 2 0 11 T M M 15.0 29 40 M M 3 34 40
21 75 68 72 -2 0 7 0.17 M M 14.4 22 50 M M 6 18 27 30
22 78 66 72 -2 0 7 1.91 M M 12.8 23 60 M M 8 18 31 70
23 80 69 75 1 0 10 0.00 M M 14.7 25 60 M M 2 35 80
24 80 68 74 0 0 9 0.00 M M 13.8 28 40 M M 3 32 40
25 80 67 74 0 0 9 0.00 M M 13.0 24 40 M M 4 31 50
26 82 61 72 -2 0 7 0.00 M M 9.9 23 60 M M 2 30 70
27 82 63 73 -1 0 8 0.00 M M 11.6 22 50 M M 2 32 50
28 81 62 72 -2 0 7 0.00 M M 13.9 28 70 M M 3 36 60
29 82 71 77 3 0 12 T M M 14.2 26 40 M M 4 34 60
30 82 70 76 2 0 11 0.05 M M 7.4 22 50 M M 5 1 28 50
31 81 69 75 2 0 10 0.11 M M 5.7 21 200 M M 5 18 26 200
================================================================================
SM 2533 2083 0 302 7.45 M 371.9 M 120
================================================================================
AV 81.7 67.2 12.0 FASTST M M 4 MAX(MPH)
MISC ----> 41 180 52 180
================================================================================
NOTES:
# LAST OF SEVERAL OCCURRENCES
COLUMN 17 PEAK WIND IN M.P.H.
PRELIMINARY LOCAL CLIMATOLOGICAL DATA (WS FORM: F-6) , PAGE 2
STATION: KAHULUI HI
MONTH: DECEMBER
YEAR: 2021
LATITUDE: 20 53 N
LONGITUDE: 156 26 W
[TEMPERATURE DATA] [PRECIPITATION DATA] SYMBOLS USED IN COLUMN 16
AVERAGE MONTHLY: 74.5 TOTAL FOR MONTH: 7.45 1 = FOG OR MIST
DPTR FM NORMAL: -0.1 DPTR FM NORMAL: 4.65 2 = FOG REDUCING VISIBILITY
HIGHEST: 86 ON 15, 9 GRTST 24HR 3.39 ON 5- 6 TO 1/4 MILE OR LESS
LOWEST: 61 ON 26 3 = THUNDER
SNOW, ICE PELLETS, HAIL 4 = ICE PELLETS
TOTAL MONTH: M 5 = HAIL
GRTST 24HR M ON M 6 = FREEZING RAIN OR DRIZZLE
GRTST DEPTH: M ON M 7 = DUSTSTORM OR SANDSTORM:
VSBY 1/2 MILE OR LESS
8 = SMOKE OR HAZE
[NO. OF DAYS WITH] [WEATHER - DAYS WITH] 9 = BLOWING SNOW
X = TORNADO
MAX 32 OR BELOW: 0 0.01 INCH OR MORE: 16
MAX 90 OR ABOVE: 0 0.10 INCH OR MORE: 9
MIN 32 OR BELOW: 0 0.50 INCH OR MORE: 4
MIN 0 OR BELOW: 0 1.00 INCH OR MORE: 2
[HDD (BASE 65) ]
TOTAL THIS MO. 0 CLEAR (SCALE 0-3) 12
DPTR FM NORMAL 0 PTCLDY (SCALE 4-7) 19
TOTAL FM JUL 1 0 CLOUDY (SCALE 8-10) 0
DPTR FM NORMAL 0
[CDD (BASE 65) ]
TOTAL THIS MO. 302
DPTR FM NORMAL 4 [PRESSURE DATA]
TOTAL FM JAN 1 4296 HIGHEST SLP 30.12 ON 24
DPTR FM NORMAL -126 LOWEST SLP 29.66 ON 4
[REMARKS]
#FINAL-12-21#