000
CXUS54 KOUN 010810
CF6OKC
PRELIMINARY LOCAL CLIMATOLOGICAL DATA (WS FORM: F-6)
STATION: OKLAHOMA CITY
MONTH: MAY
YEAR: 2022
LATITUDE: 35 24 N
LONGITUDE: 97 36 W
TEMPERATURE IN F: :PCPN: SNOW: WIND :SUNSHINE: SKY :PK WND
================================================================================
1 2 3 4 5 6A 6B 7 8 9 10 11 12 13 14 15 16 17 18
12Z AVG MX 2MIN
DY MAX MIN AVG DEP HDD CDD WTR SNW DPTH SPD SPD DIR MIN PSBL S-S WX SPD DR
================================================================================
1 77 52 65 2 0 0 0.01 0.0 0 10.4 18 120 M M 6 3 23 130
2 80 48 64 0 1 0 1.73 0.0 0 17.5 33 310 M M 9 13 49 310
3 61 45 53 -11 12 0 0.00 0.0 0 13.0 31 340 M M 8 37 340
4 70 51 61 -3 4 0 1.32 0.0 0 11.0 32 340 M M 10 13 37 340
5 64 49 57 -8 8 0 0.64 0.0 0 12.4 25 330 M M 7 13 31 320
6 76 46 61 -4 4 0 0.00 0.0 0 6.7 14 350 M M 2 16 330
7 82 54 68 3 0 3 0.00 0.0 0 15.9 28 160 M M 4 36 150
8 92 72 82 16 0 17 0.00 0.0 0 21.8 33 170 M M 7 1 43 190
9 89 73 81 15 0 16 0.00 0.0 0 20.7 28 160 M M 1 8 37 170
10 88 74 81 15 0 16 0.00 0.0 M 16.9 25 200 M M 5 33 200
11 88 66 77 10 0 12 T 0.0 M 14.5 33 290 M M 6 3 42 280
12 89 68 79 12 0 14 0.00 0.0 0 16.6 25 170 M M 2 33 180
13 85 71 78 11 0 13 0.00 0.0 0 11.1 18 140 M M 6 24 150
14 89 63 76 8 0 11 T 0.0 0 5.9 22 310 M M 5 3 27 300
15 93 68 81 13 0 16 0.00 0.0 0 13.7 30 30 M M 4 37 30
16 83 63 73 5 0 8 0.00 0.0 0 8.8 15 130 M M 3 19 50
17 90 67 79 10 0 14 T 0.0 0 15.7 28 250 M M 8 3 35 250
18 90 71 81 12 0 16 0.00 0.0 0 10.1 22 30 M M 5 27 160
19 92 65 79 10 0 14 T 0.0 0 14.3 35 320 M M 6 46 320
20 83 69 76 6 0 11 0.00 0.0 0 15.5 28 180 M M 7 36 180
21 69 54 62 -8 3 0 T 0.0 0 19.6 30 330 M M 8 3 36 320
22 69 49 59 -11 6 0 0.00 0.0 0 14.2 25 20 M M 5 32 20
23 57 52 55 -16 10 0 1.03 0.0 0 9.8 20 80 M M 10 13 24 70
24 64 57 61 -10 4 0 2.07 0.0 0 9.6 24 120 M M 10 13 30 140
25 59 52 56 -15 9 0 0.55 0.0 M 12.3 20 330 M M 10 1 23 320
26 76 52 64 -8 1 0 0.00 0.0 0 14.3 28 340 M M 4 35 350
27 85 51 68 -4 0 3 0.00 0.0 0 6.0 14 190 M M 1 20 200
28 88 62 75 3 0 10 0.00 0.0 0 18.5 31 180 M M 5 42 180
29 88 74 81 9 0 16 T 0.0 0 20.9 41 190 M M 8 59 190
30 87 70 79 6 0 14 0.00 0.0 0 20.3 30 180 M M 5 38 180
31 85 73 79 6 0 14 T 0.0 0 14.5 31 200 M M 6 3 38 200
================================================================================
SM 2488 1881 62 238 7.35 0.0 432.5 M 183
================================================================================
AV 80.3 60.7 14.0 FASTST M M 6 MAX(MPH)
MISC ----> 41 190 59 190
================================================================================
NOTES:
# LAST OF SEVERAL OCCURRENCES
COLUMN 17 PEAK WIND IN M.P.H.
PRELIMINARY LOCAL CLIMATOLOGICAL DATA (WS FORM: F-6) , PAGE 2
STATION: OKLAHOMA CITY
MONTH: MAY
YEAR: 2022
LATITUDE: 35 24 N
LONGITUDE: 97 36 W
[TEMPERATURE DATA] [PRECIPITATION DATA] SYMBOLS USED IN COLUMN 16
AVERAGE MONTHLY: 70.5 TOTAL FOR MONTH: 7.35 1 = FOG OR MIST
DPTR FM NORMAL: 2.3 DPTR FM NORMAL: 2.04 2 = FOG REDUCING VISIBILITY
HIGHEST: 93 ON 15 GRTST 24HR 2.93 ON 23-24 TO 1/4 MILE OR LESS
LOWEST: 45 ON 3 3 = THUNDER
SNOW, ICE PELLETS, HAIL 4 = ICE PELLETS
TOTAL MONTH: 0.0 INCH 5 = HAIL
GRTST 24HR 0.0 6 = FREEZING RAIN OR DRIZZLE
GRTST DEPTH: 0 7 = DUSTSTORM OR SANDSTORM:
VSBY 1/2 MILE OR LESS
8 = SMOKE OR HAZE
[NO. OF DAYS WITH] [WEATHER - DAYS WITH] 9 = BLOWING SNOW
X = TORNADO
MAX 32 OR BELOW: 0 0.01 INCH OR MORE: 7
MAX 90 OR ABOVE: 5 0.10 INCH OR MORE: 6
MIN 32 OR BELOW: 0 0.50 INCH OR MORE: 6
MIN 0 OR BELOW: 0 1.00 INCH OR MORE: 4
[HDD (BASE 65) ]
TOTAL THIS MO. 62 CLEAR (SCALE 0-3) 4
DPTR FM NORMAL 12 PTCLDY (SCALE 4-7) 21
TOTAL FM JUL 1 3182 CLOUDY (SCALE 8-10) 6
DPTR FM NORMAL -432
[CDD (BASE 65) ]
TOTAL THIS MO. 238
DPTR FM NORMAL 87 [PRESSURE DATA]
TOTAL FM JAN 1 315 HIGHEST SLP M ON M
DPTR FM NORMAL 119 LOWEST SLP 29.35 ON 20
[REMARKS]
#FINAL-05-22#