000
CXUS55 KGGW 010810
CF6OLF
PRELIMINARY LOCAL CLIMATOLOGICAL DATA (WS FORM: F-6)
STATION: WOLF POINT MT
MONTH: MAY
YEAR: 2022
LATITUDE: 48 5 N
LONGITUDE: 105 35 W
TEMPERATURE IN F: :PCPN: SNOW: WIND :SUNSHINE: SKY :PK WND
================================================================================
1 2 3 4 5 6A 6B 7 8 9 10 11 12 13 14 15 16 17 18
12Z AVG MX 2MIN
DY MAX MIN AVG DEP HDD CDD WTR SNW DPTH SPD SPD DIR MIN PSBL S-S WX SPD DR
================================================================================
1 63 30 47 -2 18 0 0.00 M M 5.0 14 110 M M 2 20 90
2 64 27 46 -4 19 0 0.00 M M 9.6 20 170 M M 5 34 180
3 65 41 53 3 12 0 0.00 M M 11.2 23 100 M M 4 30 100
4 73 38 56 6 9 0 0.00 M M 2.3 8 120 M M 2 8 16 360
5 80 38 59 8 6 0 0.00 M M 6.9 16 200 M M 0 27 170
6 79 50 65 14 0 0 0.01 M M 9.4 24 230 M M 3 37 260
7 72 38 55 3 10 0 T M M 13.3 32 270 M M 3 42 260
8 63 30 47 -5 18 0 T M M 5.5 16 260 M M 2 22 270
9 56 29 43 -9 22 0 0.01 M M 10.3 28 290 M M 4 36 290
10 67 26 47 -6 18 0 0.00 M M 9.5 26 250 M M 0 36 260
11 61 37 49 -4 16 0 0.00 M M 7.3 17 90 M M 5 25 110
12 59 47 53 0 12 0 1.62 M M 16.6 30 340 M M 10 1 47 70
13 57 41 49 -5 16 0 0.51 M M 25.2 39 340 M M 9 1 54 330
14 66 41 54 0 11 0 0.00 M M 15.0 26 290 M M 3 36 260
15 72 38 55 0 10 0 0.00 M M 9.1 22 270 M M 1 28 270
16 75 40 58 3 7 0 0.01 M M 7.6 17 90 M M 2 25 90
17 76 45 61 6 4 0 0.00 M M 10.7 26 280 M M 1 44 290
18 70 44 57 1 8 0 T M M 11.2 29 320 M M 2 36 290
19 60 38 49 -7 16 0 0.08 M M 19.6 39 10 M M 7 1 58 360
20 45 36 41 -15 24 0 0.01 M M 16.8 38 10 M M 10 1 55 350
21 52 31 42 -15 23 0 T M M 7.6 20 360 M M 8 27 360
22 61 24 43 -14 22 0 0.00 M M 5.0 17 240 M M 2 28 230
23 71 34 53 -4 12 0 0.00 M M 5.9 14 230 M M 4 37 280
24 72 33 53 -5 12 0 0.00 M M 4.0 10 110 M M 2 16 90
25 76 43 60 2 5 0 0.00 M M 8.5 22 270 M M 3 31 280
26 80 46 63 5 2 0 0.00 M M 9.9 22 270 M M 0 8 29 290
27 75 43 59 0 6 0 T M M 7.2 23 270 M M 3 33 300
28 70 40 55 -4 10 0 0.04 M M 3.7 21 300 M M 4 1 26 300
29 76 45 61 2 4 0 0.00 M M 7.8 23 20 M M 5 1 29 20
30 68 44 56 -4 9 0 0.00 M M 17.5 33 360 M M 8 45 360
31 69 37 53 -7 12 0 0.00 M M 16.3 30 350 M M 2 53 350
================================================================================
SM 2093 1174 373 0 2.29 M 315.5 M 116
================================================================================
AV 67.5 37.9 10.2 FASTST M M 4 MAX(MPH)
MISC ----> # 39 340 58 360
================================================================================
NOTES:
# LAST OF SEVERAL OCCURRENCES
COLUMN 17 PEAK WIND IN M.P.H.
PRELIMINARY LOCAL CLIMATOLOGICAL DATA (WS FORM: F-6) , PAGE 2
STATION: WOLF POINT MT
MONTH: MAY
YEAR: 2022
LATITUDE: 48 5 N
LONGITUDE: 105 35 W
[TEMPERATURE DATA] [PRECIPITATION DATA] SYMBOLS USED IN COLUMN 16
AVERAGE MONTHLY: 52.7 TOTAL FOR MONTH: 2.29 1 = FOG OR MIST
DPTR FM NORMAL: -2.2 DPTR FM NORMAL: 0.27 2 = FOG REDUCING VISIBILITY
HIGHEST: 80 ON 26, 5 GRTST 24HR 2.10 ON 12-13 TO 1/4 MILE OR LESS
LOWEST: 24 ON 22 3 = THUNDER
SNOW, ICE PELLETS, HAIL 4 = ICE PELLETS
TOTAL MONTH: M 5 = HAIL
GRTST 24HR M ON M 6 = FREEZING RAIN OR DRIZZLE
GRTST DEPTH: M ON M 7 = DUSTSTORM OR SANDSTORM:
VSBY 1/2 MILE OR LESS
8 = SMOKE OR HAZE
[NO. OF DAYS WITH] [WEATHER - DAYS WITH] 9 = BLOWING SNOW
X = TORNADO
MAX 32 OR BELOW: 0 0.01 INCH OR MORE: 8
MAX 90 OR ABOVE: 0 0.10 INCH OR MORE: 2
MIN 32 OR BELOW: 7 0.50 INCH OR MORE: 2
MIN 0 OR BELOW: 0 1.00 INCH OR MORE: 1
[HDD (BASE 65) ]
TOTAL THIS MO. 373 CLEAR (SCALE 0-3) 17
DPTR FM NORMAL 46 PTCLDY (SCALE 4-7) 11
TOTAL FM JUL 1 8424 CLOUDY (SCALE 8-10) 3
DPTR FM NORMAL 19
[CDD (BASE 65) ]
TOTAL THIS MO. 0
DPTR FM NORMAL -12 [PRESSURE DATA]
TOTAL FM JAN 1 0 HIGHEST SLP M ON M
DPTR FM NORMAL -12 LOWEST SLP 29.29 ON 19
[REMARKS]
#FINAL-05-22#