000
CXUS53 KARX 010900
CF6OLZ
PRELIMINARY LOCAL CLIMATOLOGICAL DATA (WS FORM: F-6)
STATION: OELWEIN IA
MONTH: OCTOBER
YEAR: 2022
LATITUDE: 42 40 N
LONGITUDE: 91 58 W
TEMPERATURE IN F: :PCPN: SNOW: WIND :SUNSHINE: SKY :PK WND
================================================================================
1 2 3 4 5 6A 6B 7 8 9 10 11 12 13 14 15 16 17 18
12Z AVG MX 2MIN
DY MAX MIN AVG DEP HDD CDD WTR SNW DPTH SPD SPD DIR MIN PSBL S-S WX SPD DR
================================================================================
1 70 48 59 M 6 0 0.00 0.0 0 5.8 10 110 M M 6 15 110
2 73 46 60 M 5 0 0.00 0.0 0 5.7 9 130 M M 3 8 17 160
3 72 48 60 M 5 0 0.00 0.0 0 7.6 9 150 M M 1 14 150
4 73 45 59 M 6 0 0.00 0.0 0 7.9 13 170 M M 0 18 170
5 64 46 55 M 10 0 0.22 0.0 0 4.9 16 190 M M 7 128 17 190
6 63 39 51 M 14 0 0.00 0.0 0 9.7 22 350 M M 4 12 29 350
7 52 36 44 M 21 0 0.00 0.0 0 7.0 13 20 M M 5 21 10
8 59 27 43 M 22 0 0.00 0.0 0 8.0 18 260 M M 0 1 23 270
9 72 32 52 M 13 0 0.00 0.0 0 7.6 20 300 M M 1 1 24 250
10 73 39 56 M 9 0 0.00 0.0 0 7.8 15 180 M M 0 8 17 150
11 73 50 62 M 3 0 0.00 0.0 0 14.9 25 200 M M 5 32 200
12 64 39 52 M 13 0 0.06 0.0 0 14.3 25 280 M M 4 37 290
13 45 30 38 M 27 0 0.00 0.0 0 12.1 21 300 M M 6 29 300
14 48 27 38 M 27 0 0.00 0.0 0 10.4 21 310 M M 4 28 310
15 59 27 43 M 22 0 0.00 0.0 0 9.9 22 230 M M 0 32 230
16 50 32 41 M 24 0 0.00 0.0 0 13.5 24 300 M M 6 33 300
17 41 27 34 M 31 0 0.00 0.0 0 17.1 23 330 M M 4 33 330
18 45 21 33 M 32 0 0.00 0.0 0 14.6 23 320 M M 0 29 320
19 46 16 31 M 34 0 0.00 0.0 0 9.4 17 320 M M 1 22 310
20 63 25 44 M 21 0 0.00 0.0 0 6.3 13 300 M M 1 18 310
21 75 36 56 M 9 0 0.00 0.0 0 8.5 15 210 M M 0 8 17 190
22 81 46 64 M 1 0 0.00 0.0 0 13.9 21 170 M M 0 31 170
23 77 57 67 M 0 2 0.02 0.0 0 21.3 31 160 M M 3 37 150
24 66 43 55 M 10 0 1.45 0.0 0 13.8 22 150 M M 8 1 29 150
25 43 32 38 M 27 0 0.00 0.0 0 8.6 17 330 M M 2 22 330
26 52 28 40 M 25 0 0.00 0.0 0 6.0 12 310 M M 1 1 17 320
27 55 36 46 M 19 0 0.00 0.0 0 10.9 18 130 M M 5 27 130
28 59 32 46 M 19 0 0.00 0.0 0 6.7 10 150 M M 0 1 M M
29 63 34 49 M 16 0 0.00 0.0 0 6.8 10 180 M M 1 14 190
30 63 39 51 M 14 0 0.00 0.0 0 4.2 8 130 M M 4 M M
31 64 34 49 M 16 0 0.00 0.0 0 5.0 8 260 M M 0 18 15 260
================================================================================
SM 1903 1117 501 2 1.75 0.0 300.2 M 82
================================================================================
AV 61.4 36.0 9.7 FASTST M M 3 MAX(MPH)
MISC ----> 31 160 # 37 290
================================================================================
NOTES:
# LAST OF SEVERAL OCCURRENCES
COLUMN 17 PEAK WIND IN M.P.H.
PRELIMINARY LOCAL CLIMATOLOGICAL DATA (WS FORM: F-6) , PAGE 2
STATION: OELWEIN IA
MONTH: OCTOBER
YEAR: 2022
LATITUDE: 42 40 N
LONGITUDE: 91 58 W
[TEMPERATURE DATA] [PRECIPITATION DATA] SYMBOLS USED IN COLUMN 16
AVERAGE MONTHLY: 48.7 TOTAL FOR MONTH: 1.75 1 = FOG OR MIST
DPTR FM NORMAL: 0.0 DPTR FM NORMAL: M 2 = FOG REDUCING VISIBILITY
HIGHEST: 81 ON 22 GRTST 24HR 1.45 ON 24-24 TO 1/4 MILE OR LESS
LOWEST: 16 ON 19 3 = THUNDER
SNOW, ICE PELLETS, HAIL 4 = ICE PELLETS
TOTAL MONTH: 0.0 INCH 5 = HAIL
GRTST 24HR 0.0 6 = FREEZING RAIN OR DRIZZLE
GRTST DEPTH: 0 7 = DUSTSTORM OR SANDSTORM:
VSBY 1/2 MILE OR LESS
8 = SMOKE OR HAZE
[NO. OF DAYS WITH] [WEATHER - DAYS WITH] 9 = BLOWING SNOW
X = TORNADO
MAX 32 OR BELOW: 0 0.01 INCH OR MORE: 4
MAX 90 OR ABOVE: 0 0.10 INCH OR MORE: 2
MIN 32 OR BELOW: 13 0.50 INCH OR MORE: 1
MIN 0 OR BELOW: 0 1.00 INCH OR MORE: 1
[HDD (BASE 65) ]
TOTAL THIS MO. 501 CLEAR (SCALE 0-3) 18
DPTR FM NORMAL M PTCLDY (SCALE 4-7) 13
TOTAL FM JUL 1 624 CLOUDY (SCALE 8-10) 0
DPTR FM NORMAL M
[CDD (BASE 65) ]
TOTAL THIS MO. 2
DPTR FM NORMAL M [PRESSURE DATA]
TOTAL FM JAN 1 726 HIGHEST SLP M ON M
DPTR FM NORMAL M LOWEST SLP M ON M
[REMARKS]
#FINAL-10-22#